000
CXUS55 KBOI 011002
CF6MUO
PRELIMINARY LOCAL CLIMATOLOGICAL DATA (WS FORM: F-6)

                                          STATION:   MOUNTAIN HOME AFB
                                          MONTH:     FEBRUARY
                                          YEAR:      2015
                                          LATITUDE:   43  2 N
                                          LONGITUDE: 115 52 W

  TEMPERATURE IN F:       :PCPN:    SNOW:  WIND      :SUNSHINE: SKY     :PK WND
================================================================================
1   2   3   4   5  6A  6B    7    8   9   10  11  12  13   14  15   16   17  18
                                     12Z  AVG MX 2MIN
DY MAX MIN AVG DEP HDD CDD  WTR  SNW DPTH SPD SPD DIR MIN PSBL S-S WX    SPD DR
================================================================================

 1  40  27  34   2  31   0 0.05    M    M 11.8 22 100   M    M   6        25 100
 2  45  34  40   8  25   0 0.03    M    M  8.1 15 100   M    M   8         M  M
 3  49  33  41   8  24   0 0.19    M    M  5.0  8 170   M    M   9 12      M  M
 4  48  35  42   9  23   0 0.05    M    M  5.8 14 100   M    M   9 12      M  M
 5  50  42  46  13  19   0 0.00    M    M 15.5 22 110   M    M   9         M  M
 6  60  46  53  20  12   0    T    M    M 14.9 22 100   M    M   9        41 210
 7  64  40  52  19  13   0 0.00    M    M 11.5 31 200   M    M   5        55 170
 8  63  35  49  16  16   0    T    M    M 13.7 23 100   M    M   3        31 100
 9  59  38  49  15  16   0 0.10    M    M 10.1 18 250   M    M   7 1      22 250
10  52  35  44  10  21   0    T    M    M  7.3 21 330   M    M   6        25 330
11  56  30  43   9  22   0    T    M    M  9.3 17 130   M    M   3         M  M
12  55  32  44  10  21   0 0.00    M    M  3.9  7 150   M    M   6         M  M
13  57  30  44  10  21   0 0.00    M    M  6.2 15 120   M    M   1         M  M
14  57  34  46  11  19   0 0.00    M    M  6.5 14 300   M    M   2 1       M  M
15  54  32  43   8  22   0 0.00    M    M 17.2 28 320   M    M   0        36 320
16  50  28  39   4  26   0 0.00    M    M  8.5 15 300   M    M   0         M  M
17  51  23  37   2  28   0 0.00    M    M  7.4 15 110   M    M   0         M  M
18  54  23  39   3  26   0 0.00    M    M  4.4  9 120   M    M   0         M  M
19  59  25  42   6  23   0 0.00    M    M  4.7 12 350   M    M   1         M  M
20  53  33  43   7  22   0 0.00    M    M 14.9 25 320   M    M   2        32 320
21  49  28  39   3  26   0 0.00    M    M 14.3 25 100   M    M   4        37 100
22  38  26  32  -5  33   0 0.00    M    M  7.0 20 110   M    M   4        25 110
23  42  12  27 -10  38   0 0.00    M    M  5.8 12 290   M    M   0         M  M
24  53  18  36  -1  29   0 0.00    M    M  6.1 14 310   M    M   1         M  M
25  54  33  44   6  21   0 0.00    M    M 16.8 31 310   M    M   1        37 310
26  49  35  42   4  23   0    T    M    M 12.9 21 300   M    M   9        23 300
27  51  33  42   4  23   0 0.00    M    M 13.2 25 100   M    M   8        35 110
28  47  34  41   3  24   0    T    M    M 11.3 22 110   M    M   9        30 100
================================================================================
SM 1459  874       647   0  0.42    M    274.1          M      122
================================================================================
AV 52.1 31.2                               9.8 FASTST   M    M   4    MAX(MPH)
                                 MISC ---->    31   M                 55    M
================================================================================
NOTES:
# LAST OF SEVERAL OCCURRENCES

COLUMN 17 PEAK WIND IN M.P.H.

PRELIMINARY LOCAL CLIMATOLOGICAL DATA (WS FORM: F-6) , PAGE 2

                                          STATION:  MOUNTAIN HOME AFB
                                          MONTH:    FEBRUARY
                                          YEAR:     2015
                                          LATITUDE:   43  2 N
                                          LONGITUDE: 115 52 W

[TEMPERATURE DATA]      [PRECIPITATION DATA]       SYMBOLS USED IN COLUMN 16

AVERAGE MONTHLY: 41.7   TOTAL FOR MONTH:   0.42    1 = FOG OR MIST
DPTR FM NORMAL:   6.7   DPTR FM NORMAL:       M    2 = FOG REDUCING VISIBILITY
HIGHEST:    64 ON  7    GRTST 24HR  0.19 ON  3- 3      TO 1/4 MILE OR LESS
LOWEST:     12 ON 23                               3 = THUNDER
                        SNOW, ICE PELLETS, HAIL    4 = ICE PELLETS
                        TOTAL MONTH:    M          5 = HAIL
                        GRTST 24HR    M  ON   M    6 = FREEZING RAIN OR DRIZZLE
                        GRTST DEPTH:  M  ON   M    7 = DUSTSTORM OR SANDSTORM:
                                                       VSBY 1/2 MILE OR LESS
                                                   8 = SMOKE OR HAZE
[NO. OF DAYS WITH]      [WEATHER - DAYS WITH]      9 = BLOWING SNOW
                                                   X = TORNADO
MAX 32 OR BELOW:   0    0.01 INCH OR MORE:   5
MAX 90 OR ABOVE:   0    0.10 INCH OR MORE:   2
MIN 32 OR BELOW:  13    0.50 INCH OR MORE:   0
MIN  0 OR BELOW:   0    1.00 INCH OR MORE:   0

[HDD (BASE 65) ]
TOTAL THIS MO.   647    CLEAR  (SCALE 0-3)  12
DPTR FM NORMAL  -195    PTCLDY (SCALE 4-7)   8
TOTAL FM JUL 1  3438    CLOUDY (SCALE 8-10)  8
DPTR FM NORMAL  -898

[CDD (BASE 65) ]
TOTAL THIS MO.     0
DPTR FM NORMAL     0    [PRESSURE DATA]
TOTAL FM JAN 1     0    HIGHEST SLP M ON M
DPTR FM NORMAL     0    LOWEST  SLP M ON M

[REMARKS]
#FINAL-02-15#
