000
CXUS56 KMFR 201000
CF6SIY
PRELIMINARY LOCAL CLIMATOLOGICAL DATA (WS FORM: F-6)

                                          STATION:   MONTAGUE CA
                                          MONTH:     OCTOBER
                                          YEAR:      2014
                                          LATITUDE:   41 46 N
                                          LONGITUDE: 122 28 W

  TEMPERATURE IN F:       :PCPN:    SNOW:  WIND      :SUNSHINE: SKY     :PK WND
================================================================================
1   2   3   4   5  6A  6B    7    8   9   10  11  12  13   14  15   16   17  18
                                     12Z  AVG MX 2MIN
DY MAX MIN AVG DEP HDD CDD  WTR  SNW DPTH SPD SPD DIR MIN PSBL S-S WX    SPD DR
================================================================================

 1  71  37  54  -3  11   0 0.00    M    M  4.0 12 360   M    M   0        15  10
 2  78  36  57   0   8   0 0.00    M    M  2.2  8  20   M    M   0         9 220
 3  83  39  61   4   4   0 0.00    M    M  1.0  7 110   M    M   0         7 120
 4  86  39  63   7   2   0 0.00    M    M  1.2  8 130   M    M   0         9 150
 5  85  39  62   6   3   0 0.00    M    M  1.4  7 230   M    M   0         8 160
 6  85  41  63   7   2   0 0.00    M    M  1.6  7 190   M    M   0         9 200
 7  86  41  64   9   1   0 0.00    M    M  2.2 10 260   M    M   0        12 260
 8  81  39  60   5   5   0 0.00    M    M  4.5 14 290   M    M   0        31 150
 9  78  39  59   4   6   0 0.00    M    M  1.7  9  30   M    M   0        10  30
10  78  38  58   4   7   0 0.00    M    M  2.8 15  20   M    M   0        18 360
11  75  41  58   4   7   0 0.00    M    M  7.6 28  30   M    M   0        33  40
12  71  37  54   0  11   0 0.00    M    M  2.8 13 220   M    M   0 8      14 220
13  85  32  59   6   6   0 0.00    M    M  6.4 26 170   M    M   0        31 170
14  68  49  59   6   6   0 0.22    M    M 11.7 35 170   M    M   3 1      41 170
15  60  42  51  -1  14   0 0.22    M    M  8.3 21 240   M    M   5 1      26 240
16  67  44  56   4   9   0 0.00    M    M  4.5 18 160   M    M   3        22 160
17  64  52  58   6   7   0 0.01    M    M 14.7 29 170   M    M   6        35 170
18  72  45  59   8   6   0 0.00    M    M  2.9  8  40   M    M   4         9 280
19  73  42  58   7   7   0 0.00    M    M 11.8 26 160   M    M   0        34 170
================================================================================
SM 1446  772       122   0  0.45    M     93.3          M       21
================================================================================
AV 76.1 40.6                               4.9 FASTST   M    M   1    MAX(MPH)
                                 MISC ---->  # 35 170               # 41  170
================================================================================
NOTES:
# LAST OF SEVERAL OCCURRENCES

COLUMN 17 PEAK WIND IN M.P.H.

PRELIMINARY LOCAL CLIMATOLOGICAL DATA (WS FORM: F-6) , PAGE 2

                                          STATION:  MONTAGUE CA
                                          MONTH:    OCTOBER
                                          YEAR:     2014
                                          LATITUDE:   41 46 N
                                          LONGITUDE: 122 28 W

[TEMPERATURE DATA]      [PRECIPITATION DATA]       SYMBOLS USED IN COLUMN 16

AVERAGE MONTHLY: 58.4   TOTAL FOR MONTH:   0.45    1 = FOG OR MIST
DPTR FM NORMAL:   4.2   DPTR FM NORMAL:   -0.05    2 = FOG REDUCING VISIBILITY
HIGHEST:    86 ON  7, 4 GRTST 24HR  0.44 ON 14-15      TO 1/4 MILE OR LESS
LOWEST:     32 ON 13                               3 = THUNDER
                        SNOW, ICE PELLETS, HAIL    4 = ICE PELLETS
                        TOTAL MONTH:    M          5 = HAIL
                        GRTST 24HR    M  ON   M    6 = FREEZING RAIN OR DRIZZLE
                        GRTST DEPTH:  M  ON   M    7 = DUSTSTORM OR SANDSTORM:
                                                       VSBY 1/2 MILE OR LESS
                                                   8 = SMOKE OR HAZE
[NO. OF DAYS WITH]      [WEATHER - DAYS WITH]      9 = BLOWING SNOW
                                                   X = TORNADO
MAX 32 OR BELOW:   0    0.01 INCH OR MORE:   3
MAX 90 OR ABOVE:   0    0.10 INCH OR MORE:   2
MIN 32 OR BELOW:   1    0.50 INCH OR MORE:   0
MIN  0 OR BELOW:   0    1.00 INCH OR MORE:   0

[HDD (BASE 65) ]
TOTAL THIS MO.   122    CLEAR  (SCALE 0-3)  15
DPTR FM NORMAL   -86    PTCLDY (SCALE 4-7)   4
TOTAL FM JUL 1   168    CLOUDY (SCALE 8-10)  0
DPTR FM NORMAL  -182

[CDD (BASE 65) ]
TOTAL THIS MO.     0
DPTR FM NORMAL     0    [PRESSURE DATA]
TOTAL FM JAN 1   913    HIGHEST SLP M ON M
DPTR FM NORMAL   371    LOWEST  SLP 29.65 ON 14

[REMARKS]
