000
CXUS52 KAKQ 011219
CLMECG


CLIMATE REPORT
NATIONAL WEATHER SERVICE WAKEFIELD, VA
812 AM EDT SUN OCT 1 2017

...................................

...THE ELIZABETH CITY NC CLIMATE SUMMARY FOR THE MONTH OF SEPTEMBER 2017...

CLIMATE NORMAL PERIOD 1981 TO 2010
CLIMATE RECORD PERIOD 1934 TO 2017

WEATHER         OBSERVED          NORMAL  DEPART  LAST YEAR`S
                 VALUE   DATE(S)  VALUE   FROM    VALUE  DATE(S)
                                          NORMAL
................................................................
TEMPERATURE (F)
RECORD
 HIGH              98   09/08/1985
                        09/06/1954
                        09/04/1944
 LOW               40   09/27/1943
HIGHEST            89   09/28        85       4       90  09/01
                        09/21
                        09/05
LOWEST             55   09/08        59      -4       58  09/26
AVG. MAXIMUM     81.9              81.2     0.7     83.1
AVG. MINIMUM     65.8              63.1     2.7     68.2
MEAN             73.8              72.2     1.6     75.7
DAYS MAX >= 90      0               1.6    -1.6        1
DAYS MAX <= 32      0               0.0     0.0        0
DAYS MIN <= 32      0               0.0     0.0        0
DAYS MIN <= 0       0               0.0     0.0        0

PRECIPITATION (INCHES)
RECORD
 MAXIMUM           MM   MM
 MINIMUM           MM   MM
TOTALS           2.42              3.93   -1.51    12.03
DAILY AVG.       0.08              0.13   -0.05     0.40
DAYS >= .01         8              11.4    -3.4       12
DAYS >= .10         5               5.9    -0.9        9
DAYS >= .50         1               2.5    -1.5        6
DAYS >= 1.00        1               1.4    -0.4        5
GREATEST
 24 HR. TOTAL    1.29   09/06 TO 09/06

DEGREE_DAYS
HEATING TOTAL       0                12     -12        0
 SINCE 7/1          0                12     -12        0
COOLING TOTAL     271               226      45      328
 SINCE 1/1       1817              1522     295     1835
.................................................................

WIND (MPH)
AVERAGE WIND SPEED              9.9
HIGHEST WIND SPEED/DIRECTION    33/340    DATE  09/27
HIGHEST GUST SPEED/DIRECTION    42/030    DATE  09/26

SKY COVER
POSSIBLE SUNSHINE (PERCENT)   MM
AVERAGE SKY COVER           0.40

AVERAGE RH (PERCENT)     79

WEATHER CONDITIONS. NUMBER OF DAYS WITH
THUNDERSTORM              0     MIXED PRECIP               0
HEAVY RAIN                3     RAIN                       3
LIGHT RAIN               10     FREEZING RAIN              0
LT FREEZING RAIN          0     HAIL                       0
HEAVY SNOW                0     SNOW                       0
LIGHT SNOW                0     SLEET                      0
FOG                      19     FOG W/VIS <= 1/4 MILE      5
HAZE                      1

-  INDICATES NEGATIVE NUMBERS.
R  INDICATES RECORD WAS SET OR TIED.
MM INDICATES DATA IS MISSING.
T  INDICATES TRACE AMOUNT.

$$
