146
CXUS53 KEAX 010821
CLSIRK

CLIMATE REPORT
NATIONAL WEATHER SERVICE KANSAS CITY/PLEASANT HILL MO
214 AM CST TUE MAR 1 2016

...................................

...THE KIRKSVILLE CLIMATE SUMMARY FOR THE SEASON, FROM
12/1/2015 TO 2/29/2016...

CLIMATE NORMAL PERIOD 1981 TO 2010
CLIMATE RECORD PERIOD 9999 TO 9999

WEATHER         OBSERVED          NORMAL  DEPART  LAST YEAR`S
                 VALUE   DATE(S)  VALUE   FROM    VALUE  DATE(S)
                                          NORMAL
................................................................
TEMPERATURE (F)
HIGHEST            70   02/20        63       7       60  12/14
LOWEST             -5   01/18        -5       0      -16  02/05
AVG. MAXIMUM     41.9              37.1     4.8     36.3
AVG. MINIMUM     24.5              19.3     5.2     18.2
MEAN             33.2              28.2     5.0     27.2
DAYS MAX >= 90      0               0.0     0.0        0
DAYS MAX <= 32     21              33.3   -12.3       26
DAYS MIN <= 32     68              78.6   -10.6       77
DAYS MIN <= 0       3               8.1    -5.1       11

PRECIPITATION (INCHES)
TOTALS           6.95              4.55    2.40     2.95
DAILY AVG.       0.08              0.05    0.03     0.03
DAYS >= .01        21              20.3     0.7       24
DAYS >= .10        12               9.9     2.1        8
DAYS >= .50         3               2.6     0.4        1
DAYS >= 1.00        2               0.9     1.1        1
GREATEST
 24 HR. TOTAL    2.26   MM

DEGREE_DAYS
HEATING TOTAL    2825              3312    -487     3358
COOLING TOTAL       0                 0       0        0
.................................................................

WIND (MPH)
AVERAGE WIND SPEED              9.6
HIGHEST WIND SPEED/DIRECTION    32/280    DATE  02/19
HIGHEST GUST SPEED/DIRECTION    47/280    DATE  12/23

SKY COVER
POSSIBLE SUNSHINE (PERCENT)   MM
AVERAGE SKY COVER           0.50
NUMBER OF DAYS FAIR           40
NUMBER OF DAYS PC             26
NUMBER OF DAYS CLOUDY         23

AVERAGE RH (PERCENT)     72

WEATHER CONDITIONS. NUMBER OF DAYS WITH
THUNDERSTORM              3     MIXED PRECIP               0
HEAVY RAIN                2     RAIN                       8
LIGHT RAIN               17     FREEZING RAIN              2
LT FREEZING RAIN          2     HAIL                       0
HEAVY SNOW                1     SNOW                       4
LIGHT SNOW               21     SLEET                      0
FOG                      29     FOG W/VIS <= 1/4 MILE      7
HAZE                     13

-  INDICATES NEGATIVE NUMBERS.
R  INDICATES RECORD WAS SET OR TIED.
MM INDICATES DATA IS MISSING.
T  INDICATES TRACE AMOUNT.

$$
