000
CXUS53 KEAX 031535
CLSIRK

CLIMATE REPORT
NATIONAL WEATHER SERVICE KANSAS CITY/PLEASANT HILL MO
1030 AM CDT FRI JUN 3 2016

...................................

...THE KIRKSVILLE CLIMATE SUMMARY FOR THE SEASON, FROM
3/1/2016 TO 5/31/2016...

CLIMATE NORMAL PERIOD 1981 TO 2010
CLIMATE RECORD PERIOD 9999 TO 9999

WEATHER         OBSERVED          NORMAL  DEPART  LAST YEAR`S
                 VALUE   DATE(S)  VALUE   FROM    VALUE  DATE(S)
                                          NORMAL
................................................................
TEMPERATURE (F)
HIGHEST            85   05/30        85       0       82  05/27
                                                          05/03
LOWEST             14   03/02        11       3        9  03/05
AVG. MAXIMUM     65.5              62.0     3.5     65.1
AVG. MINIMUM     43.1              41.0     2.1     42.3
MEAN             54.3              51.5     2.8     53.7
DAYS MAX >= 90      0               0.1    -0.1        0
DAYS MAX <= 32      0               2.3    -2.3        3
DAYS MIN <= 32     18              24.4    -6.4       21
DAYS MIN <= 0       0               0.2    -0.2        0

PRECIPITATION (INCHES)
TOTALS           9.70             11.35   -1.65     8.71
DAILY AVG.       0.10              0.12   -0.02     0.09
DAYS >= .01        35              32.7     2.3       36
DAYS >= .10        24              20.5     3.5       22
DAYS >= .50         5               7.3    -2.3        6
DAYS >= 1.00        1               2.7    -1.7        1
GREATEST
 24 HR. TOTAL    1.26   MM

DEGREE_DAYS
HEATING TOTAL    1031              1307    -276     1086
COOLING TOTAL      72                63       9       68
.................................................................

WIND (MPH)
AVERAGE WIND SPEED              9.1
HIGHEST WIND SPEED/DIRECTION    43/100    DATE  04/26
HIGHEST GUST SPEED/DIRECTION    55/100    DATE  04/26

SKY COVER
POSSIBLE SUNSHINE (PERCENT)   MM
AVERAGE SKY COVER           0.40
NUMBER OF DAYS FAIR           42
NUMBER OF DAYS PC             33
NUMBER OF DAYS CLOUDY         17

AVERAGE RH (PERCENT)     69

WEATHER CONDITIONS. NUMBER OF DAYS WITH
THUNDERSTORM             18     MIXED PRECIP               0
HEAVY RAIN               15     RAIN                      21
LIGHT RAIN               41     FREEZING RAIN              0
LT FREEZING RAIN          0     HAIL                       0
HEAVY SNOW                0     SNOW                       0
LIGHT SNOW                4     SLEET                      0
FOG                      47     FOG W/VIS <= 1/4 MILE     10
HAZE                     12

-  INDICATES NEGATIVE NUMBERS.
R  INDICATES RECORD WAS SET OR TIED.
MM INDICATES DATA IS MISSING.
T  INDICATES TRACE AMOUNT.

$$
