000
CXUS53 KGRR 010910
CF6BTL
PRELIMINARY LOCAL CLIMATOLOGICAL DATA (WS FORM: F-6)
STATION: BATTLE CREEK
MONTH: JUNE
YEAR: 2021
LATITUDE: 42 17 N
LONGITUDE: 85 14 W
TEMPERATURE IN F: :PCPN: SNOW: WIND :SUNSHINE: SKY :PK WND
================================================================================
1 2 3 4 5 6A 6B 7 8 9 10 11 12 13 14 15 16 17 18
12Z AVG MX 2MIN
DY MAX MIN AVG DEP HDD CDD WTR SNW DPTH SPD SPD DIR MIN PSBL S-S WX SPD DR
================================================================================
1 76 48 62 -3 3 0 0.00 M M 3.9 10 160 M M 2 15 200
2 76 52 64 -1 1 0 T M M 5.1 16 130 M M 5 22 140
3 83 58 71 5 0 6 T M M 5.6 15 330 M M 5 128 24 330
4 90 66 78 12 0 13 T M M 11.4 26 260 M M 3 39 260
5 90 65 78 12 0 13 0.00 M M 12.0 23 250 M M 0 34 230
6 91 67 79 12 0 14 0.00 M M 10.8 20 190 M M 2 30 210
7 78 71 75 8 0 10 0.22 M M 5.5 16 190 M M 4 18 22 200
8 82 69 76 9 0 11 0.09 M M 4.1 13 210 M M 5 138 17 220
9 90 66 78 11 0 13 0.16 M M 3.4 14 290 M M 3 138 17 290
10 86 69 78 10 0 13 0.02 M M 4.2 13 170 M M 3 18 16 110
11 91 66 79 11 0 14 0.00 M M 4.2 17 50 M M 1 24 80
12 91 65 78 10 0 13 0.00 M M 4.4 10 330 M M 4 1238 13 350
13 85 64 75 7 0 10 0.00 M M 8.4 18 310 M M 0 25 290
14 81 59 70 1 0 5 0.23 M M 8.1 18 330 M M 4 3 30 320
15 80 55 68 -1 0 3 0.00 M M 7.2 17 330 M M 2 23 350
16 78 50 64 -5 1 0 0.00 M M 2.2 12 360 M M 0 18 30
17 86 50 68 -2 0 3 0.00 M M 4.9 13 190 M M 0 19 190
18 83 65 74 4 0 9 1.08 M M 8.4 26 240 M M 5 13 38 250
19 80 63 72 2 0 7 M M M 5.3 18 250 M M 5 13 32 310
20 84 64 74 4 0 9 0.35 M M 3.5 30 240 M M 5 123 37 230
21 71 51 61 -9 4 0 M M M 13.0 30 280 M M 8 13 44 340
22 70 44 57 -14 8 0 T M M 4.9 21 290 M M 2 26 290
23 75 55 65 -6 0 0 0.05 M M 10.6 22 200 M M 8 29 190
24 78 62 70 -1 0 5 0.22 M M 11.2 21 200 M M 3 1 28 200
25 76 68 72 1 0 7 2.12 M M 11.3 22 220 M M 8 1 32 190
26 82 71 77 6 0 12 1.85 M M 11.5 29 210 M M 8 13 45 190
27 86 70 78 7 0 13 0.04 M M 13.6 24 240 M M 7 32 240
28 86 67 77 5 0 12 0.17 M M 4.3 16 200 M M 7 38 23 210
29 86 71 79 7 0 14 0.64 M M 6.5 29 280 M M 3 13 38 280
30 83 68 76 4 0 11 0.02 M M 6.6 14 280 M M 3 18 290
================================================================================
SM 2474 1859 17 240 7.26 M 216.1 M 115
================================================================================
AV 82.5 62.0 7.2 FASTST M M 4 MAX(MPH)
MISC ----> # 30 240 45 190
================================================================================
NOTES:
# LAST OF SEVERAL OCCURRENCES
COLUMN 17 PEAK WIND IN M.P.H.
PRELIMINARY LOCAL CLIMATOLOGICAL DATA (WS FORM: F-6) , PAGE 2
STATION: BATTLE CREEK
MONTH: JUNE
YEAR: 2021
LATITUDE: 42 17 N
LONGITUDE: 85 14 W
[TEMPERATURE DATA] [PRECIPITATION DATA] SYMBOLS USED IN COLUMN 16
AVERAGE MONTHLY: 72.2 TOTAL FOR MONTH: 7.26 1 = FOG OR MIST
DPTR FM NORMAL: 3.3 DPTR FM NORMAL: 3.85 2 = FOG REDUCING VISIBILITY
HIGHEST: 91 ON 12,11 GRTST 24HR 2.56 ON 25-26 TO 1/4 MILE OR LESS
LOWEST: 44 ON 22 3 = THUNDER
SNOW, ICE PELLETS, HAIL 4 = ICE PELLETS
TOTAL MONTH: M 5 = HAIL
GRTST 24HR M ON M 6 = FREEZING RAIN OR DRIZZLE
GRTST DEPTH: M ON M 7 = DUSTSTORM OR SANDSTORM:
VSBY 1/2 MILE OR LESS
8 = SMOKE OR HAZE
[NO. OF DAYS WITH] [WEATHER - DAYS WITH] 9 = BLOWING SNOW
X = TORNADO
MAX 32 OR BELOW: 0 0.01 INCH OR MORE: 15
MAX 90 OR ABOVE: 6 0.10 INCH OR MORE: 10
MIN 32 OR BELOW: 0 0.50 INCH OR MORE: 4
MIN 0 OR BELOW: 0 1.00 INCH OR MORE: 3
[HDD (BASE 65) ]
TOTAL THIS MO. 17 CLEAR (SCALE 0-3) 12
DPTR FM NORMAL -21 PTCLDY (SCALE 4-7) 16
TOTAL FM JUL 1 6022 CLOUDY (SCALE 8-10) 2
DPTR FM NORMAL -386
[CDD (BASE 65) ]
TOTAL THIS MO. 240
DPTR FM NORMAL 85 [PRESSURE DATA]
TOTAL FM JAN 1 320 HIGHEST SLP 30.25 ON 1
DPTR FM NORMAL 116 LOWEST SLP 29.44 ON 21
[REMARKS]
#FINAL-06-21#