000
CXUS54 KTSA 010850
CF6FSM
PRELIMINARY LOCAL CLIMATOLOGICAL DATA (WS FORM: F-6)
STATION: FORT SMITH ARKANSAS
MONTH: OCTOBER
YEAR: 2023
LATITUDE: 35 19 N
LONGITUDE: 94 22 W
TEMPERATURE IN F: :PCPN: SNOW: WIND :SUNSHINE: SKY :PK WND
================================================================================
1 2 3 4 5 6A 6B 7 8 9 10 11 12 13 14 15 16 17 18
12Z AVG MX 2MIN
DY MAX MIN AVG DEP HDD CDD WTR SNW DPTH SPD SPD DIR MIN PSBL S-S WX SPD DR
================================================================================
1 92 66 79 10 0 14 0.00 0.0 0 4.1 13 60 M M 1 18 80
2 91 69 80 11 0 15 0.00 0.0 0 4.1 13 60 M M 4 20 110
3 88 65 77 9 0 12 0.00 0.0 0 6.1 15 150 M M 0 23 170
4 81 67 74 6 0 9 0.37 0.0 0 6.5 16 110 M M 7 13 25 110
5 85 62 74 6 0 9 0.01 0.0 0 6.8 25 110 M M 5 36 110
6 83 53 68 1 0 3 0.00 0.0 0 7.8 23 350 M M 3 18 29 340
7 71 45 58 -9 7 0 0.00 0.0 0 5.9 15 300 M M 0 25 310
8 77 44 61 -6 4 0 0.00 0.0 0 3.7 15 240 M M 0 12 22 260
9 85 50 68 2 0 3 0.00 0.0 0 3.1 10 270 M M 0 13 300
10 84 55 70 4 0 5 0.00 0.0 0 5.7 14 70 M M 0 17 80
11 83 60 72 7 0 7 0.00 0.0 0 6.5 23 170 M M 1 31 150
12 75 57 66 1 0 1 0.00 0.0 0 10.0 18 110 M M 5 27 140
13 74 55 65 0 0 0 0.05 0.0 0 9.2 23 270 M M 6 1 30 300
14 67 47 57 -7 8 0 0.00 0.0 0 10.7 20 330 M M 6 25 330
15 67 55 61 -3 4 0 T 0.0 0 11.0 22 350 M M 9 29 340
16 70 47 59 -5 6 0 0.00 0.0 0 7.3 16 320 M M 1 23 320
17 74 40 57 -6 8 0 0.00 0.0 0 2.4 12 230 M M 0 1 18 270
18 81 47 64 1 1 0 T 0.0 0 5.2 14 210 M M 0 3 20 200
19 81 49 65 3 0 0 0.00 0.0 0 6.8 20 270 M M 0 1 26 260
20 88 49 69 7 0 4 0.00 0.0 0 3.8 16 330 M M 0 23 350
21 89 48 69 7 0 4 0.00 0.0 0 3.7 13 250 M M 0 17 260
22 81 59 70 9 0 5 0.00 0.0 0 7.9 15 80 M M 0 19 90
23 83 58 71 10 0 6 0.16 0.0 0 6.2 21 200 M M 3 13 28 210
24 86 66 76 16 0 11 0.08 0.0 0 6.2 20 150 M M 3 27 160
25 84 67 76 16 0 11 0.49 0.0 0 7.3 21 260 M M 5 1 28 150
26 80 65 73 13 0 8 0.83 0.0 0 5.5 13 190 M M 6 1 18 90
27 86 57 72 13 0 7 0.04 0.0 0 7.4 21 290 M M 9 1 27 290
28 61 52 57 -2 8 0 1.05 0.0 0 5.9 15 260 M M 10 13 19 260
29 52 41 47 -11 18 0 2.76 0.0 0 10.2 20 340 M M 10 13 26 340
30 51 33 42 -16 23 0 0.01 0.0 0 10.0 20 360 M M 2 27 360
31 55 29 42 -16 23 0 0.00 0.0 0 5.9 14 270 M M 0 18 270
================================================================================
SM 2405 1657 110 134 5.85 0.0 202.9 M 96
================================================================================
AV 77.6 53.5 6.5 FASTST M M 3 MAX(MPH)
MISC ----> 25 110 36 110
================================================================================
NOTES:
# LAST OF SEVERAL OCCURRENCES
COLUMN 17 PEAK WIND IN M.P.H.
PRELIMINARY LOCAL CLIMATOLOGICAL DATA (WS FORM: F-6) , PAGE 2
STATION: FORT SMITH ARKANSAS
MONTH: OCTOBER
YEAR: 2023
LATITUDE: 35 19 N
LONGITUDE: 94 22 W
[TEMPERATURE DATA] [PRECIPITATION DATA] SYMBOLS USED IN COLUMN 16
AVERAGE MONTHLY: 65.5 TOTAL FOR MONTH: 5.85 1 = FOG OR MIST
DPTR FM NORMAL: 2.0 DPTR FM NORMAL: 1.43 2 = FOG REDUCING VISIBILITY
HIGHEST: 92 ON 1 GRTST 24HR 3.33 ON 28-29 TO 1/4 MILE OR LESS
LOWEST: 29 ON 31 3 = THUNDER
SNOW, ICE PELLETS, HAIL 4 = ICE PELLETS
TOTAL MONTH: 0.0 INCH 5 = HAIL
GRTST 24HR 0.0 6 = FREEZING RAIN OR DRIZZLE
GRTST DEPTH: 0 7 = DUSTSTORM OR SANDSTORM:
VSBY 1/2 MILE OR LESS
8 = SMOKE OR HAZE
[NO. OF DAYS WITH] [WEATHER - DAYS WITH] 9 = BLOWING SNOW
X = TORNADO
MAX 32 OR BELOW: 0 0.01 INCH OR MORE: 11
MAX 90 OR ABOVE: 2 0.10 INCH OR MORE: 6
MIN 32 OR BELOW: 1 0.50 INCH OR MORE: 3
MIN 0 OR BELOW: 0 1.00 INCH OR MORE: 2
[HDD (BASE 65) ]
TOTAL THIS MO. 110 CLEAR (SCALE 0-3) 19
DPTR FM NORMAL -19 PTCLDY (SCALE 4-7) 8
TOTAL FM JUL 1 110 CLOUDY (SCALE 8-10) 4
DPTR FM NORMAL -28
[CDD (BASE 65) ]
TOTAL THIS MO. 134
DPTR FM NORMAL 53 [PRESSURE DATA]
TOTAL FM JAN 1 2575 HIGHEST SLP 30.50 ON 31
DPTR FM NORMAL 409 LOWEST SLP 29.63 ON 12
[REMARKS]
#FINAL-10-23#