921
CXUS52 KMFL 011000
CF6HWO
PRELIMINARY LOCAL CLIMATOLOGICAL DATA (WS FORM: F-6)
STATION: NORTH PERRY ARPT
MONTH: JULY
YEAR: 2020
LATITUDE: 26 0 N
LONGITUDE: 80 14 W
TEMPERATURE IN F: :PCPN: SNOW: WIND :SUNSHINE: SKY :PK WND
================================================================================
1 2 3 4 5 6A 6B 7 8 9 10 11 12 13 14 15 16 17 18
12Z AVG MX 2MIN
DY MAX MIN AVG DEP HDD CDD WTR SNW DPTH SPD SPD DIR MIN PSBL S-S WX SPD DR
================================================================================
1 M M M M M M 0.78 M 0 4.7 13 160 M M 2 3 M M
2 84 78 81 -2 0 16 0.01 0.0 0 3.8 14 210 M M 2 3 M M
3 92 79 86 3 0 21 T 0.0 0 5.0 12 110 M M 1 3 17 130
4 M M M M M M T M 0 3.2 6 290 M M 1 3 M M
5 M M M M M M 0.31 M 0 3.3 10 230 M M 2 3 32 230
6 M M M M M M 0.15 M 0 3.1 12 210 M M 2 3 M M
7 M M M M M M 0.17 M 0 4.1 14 210 M M 1 3 18 210
8 M M M M M M 0.39 M 0 3.0 10 140 M M 3 3 M M
9 84 84 84 1 0 19 T 0.0 0 6.0 9 150 M M 1 M M
10 87 81 84 1 0 19 T 0.0 0 7.4 17 300 M M 2 3 27 300
11 M M M M M M 0.13 M 0 6.1 17 350 M M 3 3 33 300
12 M M M M M M T M 0 7.6 16 240 M M 0 M M
13 M M M M M M T M 0 5.8 13 220 M M 1 3 17 290
14 M M M M M M T M 0 4.8 12 10 M M 1 3 M M
15 M M M M M M 0.00 0.0 0 4.6 14 70 M M 2 3 17 50
16 M M M M M M 0.04 M 0 9.1 16 80 M M 2 3 22 70
17 M M M M M M 0.53 M 0 7.7 16 90 M M 3 3 M M
18 86 72 79 -5 0 14 2.48 0.0 0 7.8 22 90 M M 6 3 25 90
19 90 76 83 -1 0 18 0.49 0.0 0 9.9 18 90 M M 3 25 130
20 90 76 83 -1 0 18 0.18 0.0 0 10.2 24 100 M M 2 3 31 100
21 89 74 82 -2 0 17 0.20 0.0 0 9.3 25 140 M M 3 3 34 150
22 86 74 80 -4 0 15 0.98 0.0 0 4.1 23 160 M M 4 3 29 150
23 85 74 80 -4 0 15 0.32 0.0 0 7.9 22 90 M M 2 3 31 90
24 90 74 82 -2 0 17 0.10 0.0 0 10.5 22 90 M M 3 26 90
25 90 77 84 0 0 19 0.09 0.0 0 9.8 23 120 M M 2 3 31 120
26 92 74 83 -1 0 18 T 0.0 0 6.8 21 180 M M 1 3 32 190
27 92 77 85 1 0 20 0.00 0.0 0 6.6 16 100 M M 1 20 110
28 92 76 84 0 0 19 0.00 0.0 0 6.4 16 120 M M 2 23 130
29 92 79 86 2 0 21 0.00 0.0 0 7.3 16 110 M M 2 23 100
30 93 80 87 3 0 22 0.00 0.0 0 8.9 16 110 M M 2 21 100
31 93 83 88 4 0 23 0.00 0.0 0 11.6 22 80 M M 3 28 60
================================================================================
SM 1607 1388 0 331 7.35 0.0 206.4 M 65
================================================================================
AV 89.3 77.1 6.7 FASTST M M 2 MAX(MPH)
MISC ----> # 25 140 # 34 150
================================================================================
NOTES:
# LAST OF SEVERAL OCCURRENCES
COLUMN 17 PEAK WIND IN M.P.H.
PRELIMINARY LOCAL CLIMATOLOGICAL DATA (WS FORM: F-6) , PAGE 2
STATION: NORTH PERRY ARPT
MONTH: JULY
YEAR: 2020
LATITUDE: 26 0 N
LONGITUDE: 80 14 W
[TEMPERATURE DATA] [PRECIPITATION DATA] SYMBOLS USED IN COLUMN 16
AVERAGE MONTHLY: 83.2 TOTAL FOR MONTH: 7.35 1 = FOG OR MIST
DPTR FM NORMAL: -0.3 DPTR FM NORMAL: 0.57 2 = FOG REDUCING VISIBILITY
HIGHEST: 93 ON 31,30 GRTST 24HR 2.48 ON 18-18 TO 1/4 MILE OR LESS
LOWEST: 72 ON 18 3 = THUNDER
SNOW, ICE PELLETS, HAIL 4 = ICE PELLETS
TOTAL MONTH: 0.0 INCH 5 = HAIL
GRTST 24HR 0.0 6 = FREEZING RAIN OR DRIZZLE
GRTST DEPTH: 0 7 = DUSTSTORM OR SANDSTORM:
VSBY 1/2 MILE OR LESS
8 = SMOKE OR HAZE
[NO. OF DAYS WITH] [WEATHER - DAYS WITH] 9 = BLOWING SNOW
X = TORNADO
MAX 32 OR BELOW: 0 0.01 INCH OR MORE: 17
MAX 90 OR ABOVE: 11 0.10 INCH OR MORE: 14
MIN 32 OR BELOW: 0 0.50 INCH OR MORE: 4
MIN 0 OR BELOW: 0 1.00 INCH OR MORE: 1
[HDD (BASE 65) ]
TOTAL THIS MO. 0 CLEAR (SCALE 0-3) 28
DPTR FM NORMAL 0 PTCLDY (SCALE 4-7) 3
TOTAL FM JUL 1 0 CLOUDY (SCALE 8-10) 0
DPTR FM NORMAL 0
[CDD (BASE 65) ]
TOTAL THIS MO. 331
DPTR FM NORMAL -242 [PRESSURE DATA]
TOTAL FM JAN 1 2079 HIGHEST SLP 30.15 ON 26
DPTR FM NORMAL -271 LOWEST SLP 29.91 ON 4
[REMARKS]
#FINAL-07-20#