000
CXUS53 KARX 011326
CF6PDC
PRELIMINARY LOCAL CLIMATOLOGICAL DATA (WS FORM: F-6)
STATION: PRAIRIE_DU_CHIEN_MUN
MONTH: JANUARY
YEAR: 2023
LATITUDE: 43 1 N
LONGITUDE: 91 7 W
TEMPERATURE IN F: :PCPN: SNOW: WIND :SUNSHINE: SKY :PK WND
================================================================================
1 2 3 4 5 6A 6B 7 8 9 10 11 12 13 14 15 16 17 18
12Z AVG MX 2MIN
DY MAX MIN AVG DEP HDD CDD WTR SNW DPTH SPD SPD DIR MIN PSBL S-S WX SPD DR
================================================================================
1 35 25 30 M 35 0 0.00 0.0 0 0.2 5 300 M M 7 1 M M
2 35 28 32 M 33 0 0.00 0.0 0 0.0 M M M M 3 1 M M
3 37 32 35 M 30 0 0.13 0.0 0 5.2 9 80 M M 10 1 18 80
4 36 31 34 M 31 0 M M 0 0.9 10 210 M M 10 1 M M
5 34 26 30 M 35 0 M M M 3.6 10 260 M M 9 1 16 290
6 26 12 19 M 46 0 0.00 0.0 M 3.9 10 280 M M 6 1 M M
7 27 12 20 M 45 0 0.00 0.0 0 0.3 5 10 M M 4 1 M M
8 25 15 20 M 45 0 0.00 0.0 0 2.4 7 270 M M 7 1 M M
9 40 13 27 M 38 0 0.00 0.0 0 2.1 7 100 M M 1 1 M M
10 34 24 29 M 36 0 0.00 0.0 0 2.2 8 290 M M 2 1 M M
11 42 27 35 M 30 0 0.00 0.0 0 0.5 7 330 M M 5 1 M M
12 35 28 32 M 33 0 0.00 0.0 0 6.8 13 320 M M 10 18 21 330
13 28 24 26 M 39 0 0.00 0.0 0 5.9 12 330 M M 10 16 330
14 32 22 27 M 38 0 0.00 0.0 0 5.0 10 120 M M 5 20 120
15 42 29 36 M 29 0 0.00 0.0 0 7.0 12 110 M M 1 17 140
16 42 37 40 M 25 0 0.81 0.0 0 5.2 8 210 M M 10 1 25 210
17 38 33 36 M 29 0 0.03 0.0 0 9.2 15 280 M M 10 1 21 270
18 36 31 34 M 31 0 M M M 3.9 15 70 M M 10 22 60
19 35 31 33 M 32 0 M M M 6.2 15 300 M M 10 1 20 300
20 31 22 27 M 38 0 0.00 0.0 M 9.6 16 290 M M 10 22 290
21 28 17 23 M 42 0 0.00 0.0 M 2.2 9 270 M M 10 1 M M
22 28 22 25 M 40 0 0.00 0.0 M 3.4 8 300 M M 10 1 M M
23 30 17 24 M 41 0 0.00 0.0 M 5.7 10 230 M M 9 1 17 230
24 33 25 29 M 36 0 0.00 0.0 M 2.8 10 280 M M 7 1 M M
25 33 27 30 M 35 0 M M M 1.2 7 280 M M 10 1 M M
26 28 8 18 M 47 0 M M M 6.9 12 300 M M 6 16 300
27 35 13 24 M 41 0 M M M 8.7 22 270 M M 6 1 35 280
28 18 11 15 M 50 0 M M M 2.9 10 280 M M 8 M M
29 14 4 9 M 56 0 M M M 7.7 13 320 M M 6 M M
30 8 -7 1 M 64 0 0.00 0.0 M 6.6 12 290 M M 4 18 310
31 11 -17 -3 M 68 0 0.00 0.0 M 1.9 9 220 M M 0 M M
================================================================================
SM 956 622 1218 0 0.97 0.0 130.1 M 216
================================================================================
AV 30.8 20.1 4.2 FASTST M M 7 MAX(MPH)
MISC ----> 22 270 35 280
================================================================================
NOTES:
# LAST OF SEVERAL OCCURRENCES
COLUMN 17 PEAK WIND IN M.P.H.
PRELIMINARY LOCAL CLIMATOLOGICAL DATA (WS FORM: F-6) , PAGE 2
STATION: PRAIRIE_DU_CHIEN_MUN
MONTH: JANUARY
YEAR: 2023
LATITUDE: 43 1 N
LONGITUDE: 91 7 W
[TEMPERATURE DATA] [PRECIPITATION DATA] SYMBOLS USED IN COLUMN 16
AVERAGE MONTHLY: 25.5 TOTAL FOR MONTH: 0.97 1 = FOG OR MIST
DPTR FM NORMAL: 0.0 DPTR FM NORMAL: M 2 = FOG REDUCING VISIBILITY
HIGHEST: 42 ON 16,15 GRTST 24HR 0.96 ON 2- 3 TO 1/4 MILE OR LESS
LOWEST: -17 ON 31 3 = THUNDER
SNOW, ICE PELLETS, HAIL 4 = ICE PELLETS
TOTAL MONTH: 0.0 INCH 5 = HAIL
GRTST 24HR 0.0 6 = FREEZING RAIN OR DRIZZLE
GRTST DEPTH: 0 7 = DUSTSTORM OR SANDSTORM:
VSBY 1/2 MILE OR LESS
8 = SMOKE OR HAZE
[NO. OF DAYS WITH] [WEATHER - DAYS WITH] 9 = BLOWING SNOW
X = TORNADO
MAX 32 OR BELOW: 14 0.01 INCH OR MORE: 3
MAX 90 OR ABOVE: 0 0.10 INCH OR MORE: 2
MIN 32 OR BELOW: 29 0.50 INCH OR MORE: 1
MIN 0 OR BELOW: 2 1.00 INCH OR MORE: 0
[HDD (BASE 65) ]
TOTAL THIS MO. 1218 CLEAR (SCALE 0-3) 4
DPTR FM NORMAL M PTCLDY (SCALE 4-7) 12
TOTAL FM JUL 1 3860 CLOUDY (SCALE 8-10) 15
DPTR FM NORMAL M
[CDD (BASE 65) ]
TOTAL THIS MO. 0
DPTR FM NORMAL M [PRESSURE DATA]
TOTAL FM JAN 1 0 HIGHEST SLP M ON M
DPTR FM NORMAL M LOWEST SLP M ON M
[REMARKS]
#FINAL-01-23#