000
CXUS55 KPUB 051734 RRA
CLSPUB
CLIMATE REPORT
NATIONAL WEATHER SERVICE
1034 AM MST SAT MAR 05 2022
...................................
...THE PUEBLO CO CLIMATE SUMMARY FOR THE SEASON, FROM
12/1/2021 TO 2/28/2022...
CLIMATE NORMAL PERIOD 1991 TO 2020
CLIMATE RECORD PERIOD 1888 TO 2022
WEATHER OBSERVED NORMAL DEPART LAST YEAR`S
VALUE DATE(S) VALUE FROM VALUE DATE(S)
NORMAL
................................................................
TEMPERATURE (F)
RECORD
HIGH 82 12/17/1980
LOW -31 02/01/1951
HIGHEST 74 12/02 74 02/23
LOWEST -12 01/02 -20 02/15
AVG. MAXIMUM 51.9 49.0 2.9 45.9
AVG. MINIMUM 15.7 16.8 -1.1 15.6
MEAN 33.8 32.9 0.9 30.8
DAYS MAX >= 90 0
DAYS MAX <= 32 8
DAYS MIN <= 32 88
DAYS MIN <= 0 6
PRECIPITATION (INCHES)
RECORD
MAXIMUM 3.09 1939
MINIMUM 0.18 1950
TOTALS 1.23 0.90 0.33 1.21
DAILY AVG. 0.01 0.01 0.00
DAYS >= .01 15
DAYS >= .10 5
DAYS >= .50 0
DAYS >= 1.00 0
GREATEST
24 HR. TOTAL 0.24 02/11 TO 02/11
SNOWFALL (INCHES)
RECORDS
MAXIMUM 38.6 1988
MINIMUM 2.7 1921
TOTALS 13.7 14.2 -0.5 17.6
SINCE 7/1 13.7 20.4 -6.7 29.5
SNOWDEPTH AVG. T
DAYS >= TRACE 22 11.2 10.8
DAYS >= 1.0 5 4.8 0.2
GREATEST
SNOW DEPTH 3 02/02 3
02/03
02/11
24 HR TOTAL 3.4 02/02 TO 02/02 2.9
DEGREE DAYS
HEATING TOTAL 2771 2897 -126 3046
SINCE 7/1 3680 4091 -411 4184
COOLING TOTAL 0 0 0 0
SINCE 1/1 0 0 0 0
................................................................
WIND (MPH)
AVERAGE WIND SPEED 7.5
HIGHEST WIND SPEED/DIRECTION 60/280 DATE 12/15
HIGHEST GUST SPEED/DIRECTION 89/280 DATE 12/15
SKY COVER
POSSIBLE SUNSHINE (PERCENT) MM
AVERAGE SKY COVER 0.15
NUMBER OF DAYS FAIR 74
NUMBER OF DAYS PC 12
NUMBER OF DAYS CLOUDY 4
AVERAGE RH (PERCENT) 50
WEATHER CONDITIONS. NUMBER OF DAYS WITH
THUNDERSTORM 0 MIXED PRECIP 1
HEAVY RAIN 0 RAIN 0
LIGHT RAIN 5 FREEZING RAIN 0
LT FREEZING RAIN 0 HAIL 0
HEAVY SNOW 3 SNOW 5
LIGHT SNOW 23 SLEET 0
FOG 16 FOG W/VIS <= 1/4 MILE 7
HAZE 12
- INDICATES NEGATIVE NUMBERS.
R INDICATES RECORD WAS SET OR TIED.
MM INDICATES DATA IS MISSING.
T INDICATES TRACE AMOUNT.
$$