000
CXUS54 KSJT 011100
CF6SJT
PRELIMINARY LOCAL CLIMATOLOGICAL DATA (WS FORM: F-6)
STATION: SAN ANGELO
MONTH: FEBRUARY
YEAR: 2023
LATITUDE: 31 21 N
LONGITUDE: 100 30 W
TEMPERATURE IN F: :PCPN: SNOW: WIND :SUNSHINE: SKY :PK WND
================================================================================
1 2 3 4 5 6A 6B 7 8 9 10 11 12 13 14 15 16 17 18
12Z AVG MX 2MIN
DY MAX MIN AVG DEP HDD CDD WTR SNW DPTH SPD SPD DIR MIN PSBL S-S WX SPD DR
================================================================================
1 31 27 29 -20 36 0 0.19 T 0 5.7 13 40 M M 10 146 15 60
2 43 28 36 -13 29 0 0.05 0.0 0 4.2 13 340 M M 8 126 17 320
3 54 29 42 -7 23 0 0.00 0.0 0 5.1 7 80 M M 0 12 9 260
4 60 30 45 -4 20 0 0.00 0.0 0 14.0 22 220 M M 1 1 28 220
5 79 37 58 8 7 0 0.00 0.0 0 8.4 10 170 M M 0 1 10 170
6 79 48 64 14 1 0 0.00 0.0 0 14.8 26 200 M M 0 37 200
7 61 41 51 1 14 0 0.04 0.0 0 10.4 20 360 M M 9 1 24 360
8 60 36 48 -2 17 0 0.30 0.0 0 12.7 26 270 M M 5 1 35 290
9 68 32 50 0 15 0 0.00 0.0 0 9.9 23 360 M M 0 29 350
10 50 29 40 -10 25 0 0.00 0.0 0 13.3 26 330 M M 4 33 320
11 58 26 42 -9 23 0 0.00 0.0 0 4.3 10 60 M M 0 14 50
12 69 29 49 -2 16 0 0.00 0.0 0 8.5 24 200 M M 0 33 210
13 67 40 54 3 11 0 0.00 0.0 0 9.0 24 160 M M 1 40 150
14 72 43 58 7 7 0 0.25 0.0 0 15.4 33 250 M M 3 1 48 250
15 84 42 63 12 2 0 0.00 0.0 0 14.6 31 240 M M 1 8 40 190
16 49 33 41 -11 24 0 0.00 0.0 0 12.9 20 330 M M 0 32 340
17 50 23 37 -15 28 0 0.00 0.0 0 5.4 14 10 M M 0 20 350
18 53 26 40 -12 25 0 0.00 0.0 0 8.1 22 190 M M 0 28 200
19 75 40 58 6 7 0 0.00 0.0 0 7.9 15 230 M M 0 21 220
20 83 45 64 11 1 0 0.00 0.0 0 12.2 25 230 M M 0 34 230
21 89 48 69 16 0 4 0.00 0.0 0 10.7 26 210 M M 0 35 210
22 81 53 67 14 0 2 0.07 0.0 0 13.4 31 240 M M 2 40 220
23 70 40 55 2 10 0 0.00 0.0 0 11.5 22 70 M M 0 31 50
24 45 40 43 -11 22 0 0.00 0.0 0 9.8 17 30 M M 9 23 40
25 52 37 45 -9 20 0 0.01 0.0 0 6.1 16 70 M M 8 18 22 80
26 82 44 63 9 2 0 0.00 0.0 0 13.2 31 290 M M 6 8 48 170
27 80 41 61 7 4 0 0.00 0.0 0 10.2 26 280 M M 1 37 290
28 84 40 62 7 3 0 0.00 0.0 0 5.0 15 200 M M 0 21 180
================================================================================
SM 1828 1027 392 6 0.91 T 276.7 M 68
================================================================================
AV 65.3 36.7 9.9 FASTST M M 2 MAX(MPH)
MISC ----> 33 250 # 48 250
================================================================================
NOTES:
# LAST OF SEVERAL OCCURRENCES
COLUMN 17 PEAK WIND IN M.P.H.
PRELIMINARY LOCAL CLIMATOLOGICAL DATA (WS FORM: F-6) , PAGE 2
STATION: SAN ANGELO
MONTH: FEBRUARY
YEAR: 2023
LATITUDE: 31 21 N
LONGITUDE: 100 30 W
[TEMPERATURE DATA] [PRECIPITATION DATA] SYMBOLS USED IN COLUMN 16
AVERAGE MONTHLY: 51.0 TOTAL FOR MONTH: 0.91 1 = FOG OR MIST
DPTR FM NORMAL: -0.5 DPTR FM NORMAL: -0.29 2 = FOG REDUCING VISIBILITY
HIGHEST: 89 ON 21 GRTST 24HR 0.32 ON 7- 8 TO 1/4 MILE OR LESS
LOWEST: 23 ON 17 3 = THUNDER
SNOW, ICE PELLETS, HAIL 4 = ICE PELLETS
TOTAL MONTH: T 5 = HAIL
GRTST 24HR T ON 1- 1 6 = FREEZING RAIN OR DRIZZLE
GRTST DEPTH: 0 7 = DUSTSTORM OR SANDSTORM:
VSBY 1/2 MILE OR LESS
8 = SMOKE OR HAZE
[NO. OF DAYS WITH] [WEATHER - DAYS WITH] 9 = BLOWING SNOW
X = TORNADO
MAX 32 OR BELOW: 1 0.01 INCH OR MORE: 7
MAX 90 OR ABOVE: 0 0.10 INCH OR MORE: 3
MIN 32 OR BELOW: 10 0.50 INCH OR MORE: 0
MIN 0 OR BELOW: 0 1.00 INCH OR MORE: 0
[HDD (BASE 65) ]
TOTAL THIS MO. 392 CLEAR (SCALE 0-3) 20
DPTR FM NORMAL 6 PTCLDY (SCALE 4-7) 4
TOTAL FM JUL 1 1732 CLOUDY (SCALE 8-10) 4
DPTR FM NORMAL -92
[CDD (BASE 65) ]
TOTAL THIS MO. 6
DPTR FM NORMAL -2 [PRESSURE DATA]
TOTAL FM JAN 1 6 HIGHEST SLP 30.63 ON 3
DPTR FM NORMAL 1 LOWEST SLP 29.41 ON 22
[REMARKS]
#FINAL-02-23#