000
CXUS54 KSJT 042258
CF6SJT
PRELIMINARY LOCAL CLIMATOLOGICAL DATA (WS FORM: F-6)
STATION: SAN ANGELO
MONTH: OCTOBER
YEAR: 2020
LATITUDE: 31 21 N
LONGITUDE: 100 30 W
TEMPERATURE IN F: :PCPN: SNOW: WIND :SUNSHINE: SKY :PK WND
================================================================================
1 2 3 4 5 6A 6B 7 8 9 10 11 12 13 14 15 16 17 18
12Z AVG MX 2MIN
DY MAX MIN AVG DEP HDD CDD WTR SNW DPTH SPD SPD DIR MIN PSBL S-S WX SPD DR
================================================================================
1 86 46 66 -5 0 1 0.00 0.0 0 7.2 16 80 M M 0 23 40
2 85 45 65 -5 0 0 0.00 0.0 0 7.2 17 180 M M 0 28 170
3 87 60 74 4 0 9 0.00 0.0 0 11.1 23 190 M M 0 32 210
4 85 52 69 -1 0 4 0.00 0.0 0 4.4 10 80 M M 0 14 80
5 90 52 71 1 0 6 0.00 0.0 0 7.7 18 190 M M 0 28 210
6 93 55 74 5 0 9 0.00 0.0 0 7.0 14 180 M M 0 22 180
7 91 52 72 3 0 7 0.00 0.0 0 4.8 13 160 M M 0 19 170
8 89 54 72 3 0 7 0.00 0.0 0 4.9 14 140 M M 0 22 160
9 91 52 72 4 0 7 0.00 0.0 0 3.2 10 80 M M 0 16 80
10 101 51 76 8 0 11 0.00 0.0 0 5.2 14 210 M M 0 20 200
11 101 53 77 9 0 12 0.00 0.0 0 6.3 16 250 M M 0 22 220
12 83 51 67 0 0 2 0.00 0.0 0 8.7 23 360 M M 1 8 31 350
13 89 49 69 2 0 4 0.00 0.0 0 4.7 12 170 M M 0 19 220
14 96 57 77 10 0 12 0.00 0.0 0 10.4 22 210 M M 0 29 220
15 79 59 69 2 0 4 0.00 0.0 0 14.0 25 10 M M 0 34 10
16 74 51 63 -3 2 0 0.00 0.0 0 10.2 17 70 M M 0 24 70
17 85 51 68 2 0 3 0.00 0.0 0 12.9 24 200 M M 0 35 210
18 92 54 73 7 0 8 0.00 0.0 0 10.9 21 220 M M 0 29 210
19 75 49 62 -3 3 0 0.00 0.0 0 6.9 12 60 M M 4 16 30
20 86 56 71 6 0 6 0.00 0.0 0 8.9 22 180 M M 4 31 170
21 85 61 73 8 0 8 0.00 0.0 0 9.1 18 160 M M 1 27 160
22 85 68 77 13 0 12 0.00 0.0 0 10.8 24 180 M M 3 33 170
23 73 48 61 -3 4 0 T 0.0 0 11.7 22 30 M M 7 1 28 30
24 74 47 61 -3 4 0 0.00 0.0 0 6.2 14 20 M M 6 17 200
25 89 54 72 8 0 7 0.00 0.0 0 10.8 21 40 M M 1 30 210
26 54 31 43 -20 22 0 0.07 T 0 15.8 24 30 M M 10 16 29 30
27 34 30 32 -31 33 0 0.40 0.3 0 11.5 20 10 M M 10 16 26 10
28 55 32 44 -18 21 0 0.03 0.0 0 14.8 26 270 M M 5 1 36 280
29 65 39 52 -10 13 0 0.00 0.0 0 12.2 28 320 M M 5 37 300
30 71 33 52 -10 13 0 0.00 0.0 0 3.9 12 140 M M 0 18 16 110
31 81 37 59 -2 6 0 0.00 0.0 0 5.9 20 210 M M 0 26 210
================================================================================
SM 2524 1529 121 139 0.50 0.3 269.3 M 57
================================================================================
AV 81.4 49.3 8.7 FASTST M M 2 MAX(MPH)
MISC ----> 28 320 37 300
================================================================================
NOTES:
# LAST OF SEVERAL OCCURRENCES
COLUMN 17 PEAK WIND IN M.P.H.
PRELIMINARY LOCAL CLIMATOLOGICAL DATA (WS FORM: F-6) , PAGE 2
STATION: SAN ANGELO
MONTH: OCTOBER
YEAR: 2020
LATITUDE: 31 21 N
LONGITUDE: 100 30 W
[TEMPERATURE DATA] [PRECIPITATION DATA] SYMBOLS USED IN COLUMN 16
AVERAGE MONTHLY: 65.4 TOTAL FOR MONTH: 0.50 1 = FOG OR MIST
DPTR FM NORMAL: -0.8 DPTR FM NORMAL: -2.23 2 = FOG REDUCING VISIBILITY
HIGHEST: 101 ON 11,10 GRTST 24HR 0.41 ON 26-27 TO 1/4 MILE OR LESS
LOWEST: 30 ON 27 3 = THUNDER
SNOW, ICE PELLETS, HAIL 4 = ICE PELLETS
TOTAL MONTH: 0.3 INCH 5 = HAIL
GRTST 24HR 0.3 ON 27-27 6 = FREEZING RAIN OR DRIZZLE
GRTST DEPTH: 0 7 = DUSTSTORM OR SANDSTORM:
VSBY 1/2 MILE OR LESS
8 = SMOKE OR HAZE
[NO. OF DAYS WITH] [WEATHER - DAYS WITH] 9 = BLOWING SNOW
X = TORNADO
MAX 32 OR BELOW: 0 0.01 INCH OR MORE: 3
MAX 90 OR ABOVE: 8 0.10 INCH OR MORE: 1
MIN 32 OR BELOW: 3 0.50 INCH OR MORE: 0
MIN 0 OR BELOW: 0 1.00 INCH OR MORE: 0
[HDD (BASE 65) ]
TOTAL THIS MO. 121 CLEAR (SCALE 0-3) 23
DPTR FM NORMAL 39 PTCLDY (SCALE 4-7) 6
TOTAL FM JUL 1 148 CLOUDY (SCALE 8-10) 2
DPTR FM NORMAL 59
[CDD (BASE 65) ]
TOTAL THIS MO. 139
DPTR FM NORMAL 20 [PRESSURE DATA]
TOTAL FM JAN 1 2953 HIGHEST SLP 30.38 ON 16
DPTR FM NORMAL 469 LOWEST SLP 29.69 ON 15
[REMARKS]
#FINAL-10-20#