000
CXUS52 KJAX 040247
CF6SSI
PRELIMINARY LOCAL CLIMATOLOGICAL DATA (WS FORM: F-6)
STATION: ST SIMONS ISLAND
MONTH: MARCH
YEAR: 2022
LATITUDE: 31 9 N
LONGITUDE: 81 23 W
TEMPERATURE IN F: :PCPN: SNOW: WIND :SUNSHINE: SKY :PK WND
================================================================================
1 2 3 4 5 6A 6B 7 8 9 10 11 12 13 14 15 16 17 18
12Z AVG MX 2MIN
DY MAX MIN AVG DEP HDD CDD WTR SNW DPTH SPD SPD DIR MIN PSBL S-S WX SPD DR
================================================================================
1 72 47 60 1 5 0 0.00 0.0 0 6.6 15 80 M M 1 1 22 360
2 74 44 59 0 6 0 0.00 0.0 0 4.4 13 140 M M 1 1 17 130
3 80 50 65 6 0 0 0.00 0.0 0 6.6 12 150 M M 0 16 170
4 71 48 60 1 5 0 0.00 0.0 0 10.4 22 30 M M 5 18 32 30
5 74 60 67 7 0 2 0.00 0.0 0 8.2 13 40 M M 5 12 18 30
6 79 60 70 10 0 5 0.00 0.0 0 6.6 13 150 M M 1 19 150
7 76 65 71 11 0 6 0.00 0.0 0 8.1 16 150 M M 2 27 160
8 81 65 73 13 0 8 0.22 0.0 0 6.5 14 130 M M 5 1 17 130
9 83 65 74 14 0 9 0.06 0.0 0 9.4 23 270 M M 7 1 36 260
10 72 63 68 7 0 3 0.59 0.0 0 4.8 20 130 M M 7 1 27 130
11 67 63 65 4 0 0 0.62 0.0 0 7.3 14 60 M M 9 123 20 70
12 71 39 55 -6 10 0 0.84 0.0 0 15.7 32 290 M M 4 1 54 270
13 51 32 42 -19 23 0 0.00 0.0 0 7.5 15 80 M M 0 23 330
14 67 42 55 -6 10 0 0.00 0.0 0 9.5 20 50 M M 2 29 70
15 74 58 66 4 0 1 0.07 0.0 0 7.9 15 90 M M 3 24 70
16 81 63 72 10 0 7 1.06 0.0 0 8.3 15 220 M M 5 13 22 120
17 78 59 69 7 0 4 0.00 0.0 0 7.5 15 170 M M 1 23 160
18 75 55 65 3 0 0 0.22 0.0 0 6.2 31 330 M M 4 12 44 320
19 85 62 74 12 0 9 2.81 0.0 0 11.1 36 260 M M 4 13 52 290
20 74 52 63 1 2 0 0.01 0.0 0 7.8 17 300 M M 2 24 310
21 72 47 60 -3 5 0 0.00 0.0 0 7.3 17 60 M M 0 24 50
22 75 60 68 5 0 3 0.00 0.0 0 8.5 15 100 M M 3 22 130
23 72 68 70 7 0 5 0.92 0.0 0 7.9 23 320 M M 6 13 31 310
24 70 56 63 0 2 0 1.28 0.0 0 6.0 13 250 M M 9 13 23 240
25 75 56 66 3 0 1 0.01 0.0 0 10.2 22 240 M M 2 1 31 250
26 75 53 64 0 1 0 0.00 0.0 0 11.7 25 260 M M 0 40 260
27 76 51 64 0 1 0 0.00 0.0 0 9.0 20 290 M M 0 31 260
28 72 52 62 -2 3 0 0.00 0.0 0 4.8 13 180 M M 0 17 130
29 72 54 63 -1 2 0 0.00 0.0 0 8.9 17 70 M M 0 23 70
30 77 65 71 7 0 6 0.00 0.0 0 10.4 17 150 M M 1 1 30 150
31 83 67 75 11 0 10 0.00 0.0 0 13.8 30 220 M M 3 43 220
================================================================================
SM 2304 1721 75 79 8.71 0.0 258.9 M 92
================================================================================
AV 74.3 55.5 8.4 FASTST M M 3 MAX(MPH)
MISC ----> 36 260 54 270
================================================================================
NOTES:
# LAST OF SEVERAL OCCURRENCES
COLUMN 17 PEAK WIND IN M.P.H.
PRELIMINARY LOCAL CLIMATOLOGICAL DATA (WS FORM: F-6) , PAGE 2
STATION: ST SIMONS ISLAND
MONTH: MARCH
YEAR: 2022
LATITUDE: 31 9 N
LONGITUDE: 81 23 W
[TEMPERATURE DATA] [PRECIPITATION DATA] SYMBOLS USED IN COLUMN 16
AVERAGE MONTHLY: 64.9 TOTAL FOR MONTH: 8.71 1 = FOG OR MIST
DPTR FM NORMAL: 3.2 DPTR FM NORMAL: 5.44 2 = FOG REDUCING VISIBILITY
HIGHEST: 85 ON 19 GRTST 24HR 2.83 ON 18-19 TO 1/4 MILE OR LESS
LOWEST: 32 ON 13 3 = THUNDER
SNOW, ICE PELLETS, HAIL 4 = ICE PELLETS
TOTAL MONTH: 0.0 INCH 5 = HAIL
GRTST 24HR 0.0 6 = FREEZING RAIN OR DRIZZLE
GRTST DEPTH: 0 7 = DUSTSTORM OR SANDSTORM:
VSBY 1/2 MILE OR LESS
8 = SMOKE OR HAZE
[NO. OF DAYS WITH] [WEATHER - DAYS WITH] 9 = BLOWING SNOW
X = TORNADO
MAX 32 OR BELOW: 0 0.01 INCH OR MORE: 13
MAX 90 OR ABOVE: 0 0.10 INCH OR MORE: 9
MIN 32 OR BELOW: 1 0.50 INCH OR MORE: 7
MIN 0 OR BELOW: 0 1.00 INCH OR MORE: 3
[HDD (BASE 65) ]
TOTAL THIS MO. 75 CLEAR (SCALE 0-3) 19
DPTR FM NORMAL -77 PTCLDY (SCALE 4-7) 10
TOTAL FM JUL 1 960 CLOUDY (SCALE 8-10) 2
DPTR FM NORMAL -305
[CDD (BASE 65) ]
TOTAL THIS MO. 79
DPTR FM NORMAL 31 [PRESSURE DATA]
TOTAL FM JAN 1 118 HIGHEST SLP 30.50 ON 13
DPTR FM NORMAL 52 LOWEST SLP 29.61 ON 12
[REMARKS]
#FINAL-03-22#