000
CXUS55 KCAE 201400
CF6AGS
PRELIMINARY LOCAL CLIMATOLOGICAL DATA (WS FORM: F-6)

                                          STATION:   AUGUSTA BUSH FIELD GA
                                          MONTH:     APRIL
                                          YEAR:      2014
                                          LATITUDE:   33 22 N
                                          LONGITUDE:  81 58 W

  TEMPERATURE IN F:       :PCPN:    SNOW:  WIND      :SUNSHINE: SKY     :PK WND
================================================================================
1   2   3   4   5  6A  6B    7    8   9   10  11  12  13   14  15   16   17  18
                                     12Z  AVG MX 2MIN
DY MAX MIN AVG DEP HDD CDD  WTR  SNW DPTH SPD SPD DIR MIN PSBL S-S WX    SPD DR
================================================================================

 1  85  39  62   2   3   0 0.00  0.0    0  5.1 16 290   M    M   0 1      20 280
 2  87  44  66   6   0   1 0.00  0.0    0  5.0 17 240   M    M   0 18     22 240
 3  86  49  68   8   0   3 0.00  0.0    0  7.5 20 200   M    M   0 8      26 200
 4  83  51  67   7   0   2 0.00  0.0    0  9.9 26 260   M    M   1        34 280
 5  82  55  69   9   0   4 0.00  0.0    0  6.4 18 270   M    M   2        24 240
 6  63  55  59  -1   6   0 0.01  0.0    0  5.4 10 100   M    M   6        14 120
 7  65  53  59  -2   6   0 1.23  0.0    0  7.5 32 330   M    M  10 13     39 330
 8  69  51  60  -1   5   0    T  0.0    0  7.9 23 300   M    M   4 1      29 310
 9  73  43  58  -3   7   0 0.00  0.0    0  7.0 18 310   M    M   2        23 290
10  77  36  57  -4   8   0 0.00  0.0    0  3.2 14 210   M    M   0        21 240
11  79  45  62   0   3   0 0.00  0.0    0  5.8 20 180   M    M   1 1      28 220
12  83  46  65   3   0   0 0.00  0.0    0  4.1 15 210   M    M   1 1      18 210
13  83  49  66   4   0   1 0.00  0.0    0  5.6 15 130   M    M   2 1      19 140
14  84  60  72  10   0   7 0.59  0.0    0  7.1 17 280   M    M   4 13     22 280
15  72  45  59  -3   6   0 0.12  0.0    0 13.1 28 300   M    M   7 138    34 300
16  62  36  49 -14  16   0 0.00  0.0    0  7.9 20  70   M    M   0        25  80
17  70  36  53 -10  12   0 0.00  0.0    0  5.5 15  60   M    M   2        21  40
18  58  49  54  -9  11   0 1.76  0.0    0  9.8 23  30   M    M   6 1      29  30
19  59  52  56  -7   9   0 0.51  0.0    0 12.7 22  30   M    M  10 13     32  40
================================================================================
SM 1420  894        92  18  4.22     0.0 136.5          M       58
================================================================================
AV 74.7 47.1                               7.2 FASTST   M    M   3    MAX(MPH)
                                 MISC ---->  # 32 330               # 39  330
================================================================================
NOTES:
# LAST OF SEVERAL OCCURRENCES

COLUMN 17 PEAK WIND IN M.P.H.

PRELIMINARY LOCAL CLIMATOLOGICAL DATA (WS FORM: F-6) , PAGE 2

                                          STATION:  AUGUSTA BUSH FIELD GA
                                          MONTH:    APRIL
                                          YEAR:     2014
                                          LATITUDE:   33 22 N
                                          LONGITUDE:  81 58 W

[TEMPERATURE DATA]      [PRECIPITATION DATA]       SYMBOLS USED IN COLUMN 16

AVERAGE MONTHLY: 60.9   TOTAL FOR MONTH:   4.22    1 = FOG OR MIST
DPTR FM NORMAL:  -0.5   DPTR FM NORMAL:    2.31    2 = FOG REDUCING VISIBILITY
HIGHEST:    87 ON  2    GRTST 24HR  2.04 ON 18-19      TO 1/4 MILE OR LESS
LOWEST:     36 ON 17,16                            3 = THUNDER
                        SNOW, ICE PELLETS, HAIL    4 = ICE PELLETS
                        TOTAL MONTH:   0.0 INCH    5 = HAIL
                        GRTST 24HR     0.0         6 = FREEZING RAIN OR DRIZZLE
                        GRTST DEPTH:   0           7 = DUSTSTORM OR SANDSTORM:
                                                       VSBY 1/2 MILE OR LESS
                                                   8 = SMOKE OR HAZE
[NO. OF DAYS WITH]      [WEATHER - DAYS WITH]      9 = BLOWING SNOW
                                                   X = TORNADO
MAX 32 OR BELOW:   0    0.01 INCH OR MORE:   6
MAX 90 OR ABOVE:   0    0.10 INCH OR MORE:   5
MIN 32 OR BELOW:   0    0.50 INCH OR MORE:   4
MIN  0 OR BELOW:   0    1.00 INCH OR MORE:   2

[HDD (BASE 65) ]
TOTAL THIS MO.    92    CLEAR  (SCALE 0-3)  12
DPTR FM NORMAL    -3    PTCLDY (SCALE 4-7)   5
TOTAL FM JUL 1  2654    CLOUDY (SCALE 8-10)  2
DPTR FM NORMAL   231

[CDD (BASE 65) ]
TOTAL THIS MO.    18
DPTR FM NORMAL    -8    [PRESSURE DATA]
TOTAL FM JAN 1    20    HIGHEST SLP M ON M
DPTR FM NORMAL   -24    LOWEST  SLP 29.61 ON 15

[REMARKS]
