000
CXUS51 KRLX 301124
CF6BKW
PRELIMINARY LOCAL CLIMATOLOGICAL DATA (WS FORM: F-6)

                                          STATION:   BECKLEY WV
                                          MONTH:     MAY
                                          YEAR:      2015
                                          LATITUDE:   37 46 N
                                          LONGITUDE:  81  7 W

  TEMPERATURE IN F:       :PCPN:    SNOW:  WIND      :SUNSHINE: SKY     :PK WND
================================================================================
1   2   3   4   5  6A  6B    7    8   9   10  11  12  13   14  15   16   17  18
                                     12Z  AVG MX 2MIN
DY MAX MIN AVG DEP HDD CDD  WTR  SNW DPTH SPD SPD DIR MIN PSBL S-S WX    SPD DR
================================================================================

 1  55  42  49  -7  16   0 0.17  0.0    0  8.2 14 340   M    M   9 128    16 340
 2  67  39  53  -4  12   0 0.00  0.0    0  6.5 17  10   M    M   2 1      26  40
 3  74  40  57   0   8   0 0.00  0.0    0  2.2 13 140   M    M   0        17 150
 4  78  49  64   7   1   0 0.00  0.0    0  6.1 17 280   M    M   1        27 270
 5  77  54  66   9   0   1 0.00  0.0    0  4.6 14 330   M    M   4 38     17 330
 6  81  55  68  10   0   3 0.00  0.0    0  3.8 13  10   M    M   7        17 270
 7  78  57  68  10   0   3    T  0.0    0  3.3 15 360   M    M   3        19  30
 8  83  59  71  13   0   6 0.00  0.0    0  6.4 14 150   M    M   1 3      20 130
 9  81  60  71  13   0   6 0.00  0.0    0  6.8 16 130   M    M   2        23 150
10  80  61  71  13   0   6 0.00  0.0    0  7.7 14 120   M    M   1        22 130
11  85  60  73  14   0   8 0.23  0.0    0  6.5 18 280   M    M   2 38     28 250
12  76  57  67   8   0   2 0.07  0.0    0 10.7 24 260   M    M   3 1      33 260
13  64  46  55  -4  10   0 0.00  0.0    0  9.9 20 360   M    M   1        25 340
14  74  39  57  -2   8   0 0.00  0.0    0  5.3 15 170   M    M   0        20 130
15  75  56  66   6   0   1    T  0.0    0  7.4 18 260   M    M   2        23 260
16  76  58  67   7   0   2 0.00  0.0    0  4.8 12 250   M    M   6        16 310
17  79  63  71  11   0   6 0.01  0.0    0  5.4 15 260   M    M   6        20 260
18  78  63  71  11   0   6 0.18  0.0    0  4.0 17 300   M    M   4 1238   22 300
19  77  58  68   8   0   3 0.13  0.0    0  6.6 16 320   M    M   5 1      22 310
20  71  49  60  -1   5   0 0.00  0.0    M  6.9 15 320   M    M   1        20 310
21  60  46  53  -8  12   0 0.12  0.0    0  7.2 18 320   M    M  10 1      25 330
22  67  40  54  -7  11   0 0.00  0.0    0  7.7 16 330   M    M   3 12     24 300
23  74  45  60  -1   5   0 0.00  0.0    0  4.7 13 260   M    M   1        18 290
24  79  55  67   5   0   2 0.00  0.0    0  7.5 14 130   M    M   1        19 160
25  84  58  71   9   0   6 0.00  0.0    0  7.5 14 160   M    M   0        18 280
26  81  64  73  11   0   8    T  0.0    0  7.7 15 150   M    M   4 3      22 150
27  81  62  72  10   0   7 0.01  0.0    0  6.5 13 240   M    M   3        19 200
28  81  59  70   7   0   5 0.00  0.0    0  3.7 12 330   M    M   5        14 340
29  80  61  71   8   0   6 0.21  0.0    0  7.3 21 190   M    M   4 13     26 180
================================================================================
SM 2196 1555        88  87  1.13     0.0 182.9          M       91
================================================================================
AV 75.7 53.6                               6.3 FASTST   M    M   3    MAX(MPH)
                                 MISC ---->  # 24 260               # 33  260
================================================================================
NOTES:
# LAST OF SEVERAL OCCURRENCES

COLUMN 17 PEAK WIND IN M.P.H.

PRELIMINARY LOCAL CLIMATOLOGICAL DATA (WS FORM: F-6) , PAGE 2

                                          STATION:  BECKLEY WV
                                          MONTH:    MAY
                                          YEAR:     2015
                                          LATITUDE:   37 46 N
                                          LONGITUDE:  81  7 W

[TEMPERATURE DATA]      [PRECIPITATION DATA]       SYMBOLS USED IN COLUMN 16

AVERAGE MONTHLY: 64.7   TOTAL FOR MONTH:   1.13    1 = FOG OR MIST
DPTR FM NORMAL:   5.1   DPTR FM NORMAL:   -3.23    2 = FOG REDUCING VISIBILITY
HIGHEST:    85 ON 11    GRTST 24HR  0.40 ON 30- 1      TO 1/4 MILE OR LESS
LOWEST:     39 ON 14, 2                            3 = THUNDER
                        SNOW, ICE PELLETS, HAIL    4 = ICE PELLETS
                        TOTAL MONTH:   0.0 INCH    5 = HAIL
                        GRTST 24HR     0.0         6 = FREEZING RAIN OR DRIZZLE
                        GRTST DEPTH:   0           7 = DUSTSTORM OR SANDSTORM:
                                                       VSBY 1/2 MILE OR LESS
                                                   8 = SMOKE OR HAZE
[NO. OF DAYS WITH]      [WEATHER - DAYS WITH]      9 = BLOWING SNOW
                                                   X = TORNADO
MAX 32 OR BELOW:   0    0.01 INCH OR MORE:   9
MAX 90 OR ABOVE:   0    0.10 INCH OR MORE:   6
MIN 32 OR BELOW:   0    0.50 INCH OR MORE:   0
MIN  0 OR BELOW:   0    1.00 INCH OR MORE:   0

[HDD (BASE 65) ]
TOTAL THIS MO.    88    CLEAR  (SCALE 0-3)  16
DPTR FM NORMAL   -98    PTCLDY (SCALE 4-7)  11
TOTAL FM JUL 1  5444    CLOUDY (SCALE 8-10)  2
DPTR FM NORMAL   149

[CDD (BASE 65) ]
TOTAL THIS MO.    87
DPTR FM NORMAL    62    [PRESSURE DATA]
TOTAL FM JAN 1    90    HIGHEST SLP M ON M
DPTR FM NORMAL    55    LOWEST  SLP 29.87 ON 21

[REMARKS]
