000
CXUS55 KPAH 270637
CF6CGI
PRELIMINARY LOCAL CLIMATOLOGICAL DATA (WS FORM: F-6)

                                          STATION:   CAPE GIRARDEAU MO
                                          MONTH:     JULY
                                          YEAR:      2015
                                          LATITUDE:   37 13 N
                                          LONGITUDE:  89 35 W

  TEMPERATURE IN F:       :PCPN:    SNOW:  WIND      :SUNSHINE: SKY     :PK WND
================================================================================
1   2   3   4   5  6A  6B    7    8   9   10  11  12  13   14  15   16   17  18
                                     12Z  AVG MX 2MIN
DY MAX MIN AVG DEP HDD CDD  WTR  SNW DPTH SPD SPD DIR MIN PSBL S-S WX    SPD DR
================================================================================

 1  84  71  78   0   0  13 0.76  0.0    0  6.9 17 250   M    M   5 1      22 250
 2  83  69  76  -2   0  11 0.56  0.0    0  5.7 17 340   M    M   5 1      25 300
 3  81  68  75  -3   0  10 0.55  0.0    0  5.0 16  40   M    M   6 1      19  30
 4   M   M   M   M   M   M    M    M    M   M   M   M   M    M   M 18      M  M
 5  85  65  75  -4   0  10 0.00  0.0    0  1.9  8  90   M    M   2 128    11 160
 6  86  72  79   0   0  14 0.04  0.0    0  8.4 20 220   M    M   6        26 200
 7  79  73  76  -3   0  11 0.99  0.0    0  6.7 16 280   M    M   7 1      21 200
 8  85  71  78  -1   0  13 1.64  0.0    0  8.4 22 260   M    M   6 13     27 190
 9  86  69  78  -1   0  13 1.88  0.0    0  6.5 25 220   M    M   7 13     35 220
10  86  69  78  -1   0  13 1.07  0.0    0  4.6 31 320   M    M   3 13     36 320
11  90  71  81   2   0  16 0.00  0.0    0  4.8 13 210   M    M   1 1      18 200
12  92  76  84   5   0  19 0.00  0.0    0  5.5 13 210   M    M   0        15 210
13  93  75  84   5   0  19 0.00  0.0    0  8.1 17 220   M    M   0        22 220
14  95  75  85   6   0  20 0.32  0.0    0  7.5 28 350   M    M   1 13     36 350
15  88  73  81   2   0  16 0.00  0.0    0  6.1 15  30   M    M   0        18  30
16  88  69  79   0   0  14 0.00  0.0    0  6.0 10 140   M    M   3        15 130
17  93  76  85   6   0  20 0.00  0.0    0  7.8 17 210   M    M   0        20 210
18  93  78  86   7   0  21 0.00  0.0    0  6.1 15 220   M    M   1        19 230
19  94  75  85   6   0  20 0.00  0.0    0  5.0 14 350   M    M   1        17 350
20  89  73  81   2   0  16 0.60  0.0    0  7.5 28 210   M    M   3 13     39 220
21  89  72  81   2   0  16 0.00  0.0    0  5.9 12  10   M    M   1        15 270
22  86  73  80   1   0  15 0.40  0.0    0  5.6 13  40   M    M   7 1      16  50
23  87  73  80   1   0  15 0.02  0.0    0  4.4 12  60   M    M   6        14  50
24  90  73  82   3   0  17 0.00  0.0    0  4.5  8  40   M    M   5        11  90
25  91  74  83   5   0  18 0.00  0.0    0  3.4  8 120   M    M   4 3      11 140
26  85  74  80   2   0  15 0.38  0.0    0  3.4 24 350   M    M   2 13     32 350
================================================================================
SM 2198 1807         0 385  9.21     0.0 145.7          M       82
================================================================================
AV 87.9 72.3                               5.8 FASTST   M    M   3    MAX(MPH)
                                 MISC ---->  # 31 320               # 39  220
================================================================================
NOTES:
# LAST OF SEVERAL OCCURRENCES

COLUMN 17 PEAK WIND IN M.P.H.

PRELIMINARY LOCAL CLIMATOLOGICAL DATA (WS FORM: F-6) , PAGE 2

                                          STATION:  CAPE GIRARDEAU MO
                                          MONTH:    JULY
                                          YEAR:     2015
                                          LATITUDE:   37 13 N
                                          LONGITUDE:  89 35 W

[TEMPERATURE DATA]      [PRECIPITATION DATA]       SYMBOLS USED IN COLUMN 16

AVERAGE MONTHLY: 80.1   TOTAL FOR MONTH:   9.21    1 = FOG OR MIST
DPTR FM NORMAL:   1.3   DPTR FM NORMAL:    6.37    2 = FOG REDUCING VISIBILITY
HIGHEST:    95 ON 14    GRTST 24HR  3.06 ON  8- 9      TO 1/4 MILE OR LESS
LOWEST:     65 ON  5                               3 = THUNDER
                        SNOW, ICE PELLETS, HAIL    4 = ICE PELLETS
                        TOTAL MONTH:   0.0 INCH    5 = HAIL
                        GRTST 24HR     0.0         6 = FREEZING RAIN OR DRIZZLE
                        GRTST DEPTH:   0           7 = DUSTSTORM OR SANDSTORM:
                                                       VSBY 1/2 MILE OR LESS
                                                   8 = SMOKE OR HAZE
[NO. OF DAYS WITH]      [WEATHER - DAYS WITH]      9 = BLOWING SNOW
                                                   X = TORNADO
MAX 32 OR BELOW:   0    0.01 INCH OR MORE:  13
MAX 90 OR ABOVE:   9    0.10 INCH OR MORE:  11
MIN 32 OR BELOW:   0    0.50 INCH OR MORE:   8
MIN  0 OR BELOW:   0    1.00 INCH OR MORE:   3

[HDD (BASE 65) ]
TOTAL THIS MO.     0    CLEAR  (SCALE 0-3)  13
DPTR FM NORMAL     0    PTCLDY (SCALE 4-7)  12
TOTAL FM JUL 1     0    CLOUDY (SCALE 8-10)  0
DPTR FM NORMAL     0

[CDD (BASE 65) ]
TOTAL THIS MO.   385
DPTR FM NORMAL    25    [PRESSURE DATA]
TOTAL FM JAN 1   943    HIGHEST SLP M ON M
DPTR FM NORMAL   119    LOWEST  SLP 29.63 ON 14

[REMARKS]
