000
CXUS55 KPAH 242237
CF6CGI
PRELIMINARY LOCAL CLIMATOLOGICAL DATA (WS FORM: F-6)

                                          STATION:   CAPE GIRARDEAU MO
                                          MONTH:     FEBRUARY
                                          YEAR:      2017
                                          LATITUDE:   37 13 N
                                          LONGITUDE:  89 35 W

  TEMPERATURE IN F:       :PCPN:    SNOW:  WIND      :SUNSHINE: SKY     :PK WND
================================================================================
1   2   3   4   5  6A  6B    7    8   9   10  11  12  13   14  15   16   17  18
                                     12Z  AVG MX 2MIN
DY MAX MIN AVG DEP HDD CDD  WTR  SNW DPTH SPD SPD DIR MIN PSBL S-S WX    SPD DR
================================================================================

 1  54  38  46  12  19   0 0.00  0.0    0 10.5 16  20   M    M   0        20  50
 2  38  30  34  -1  31   0 0.00  0.0    0 11.4 20  20   M    M   7        23 360
 3  37  17  27  -8  38   0 0.00  0.0    0  8.4 20 360   M    M   3        23 360
 4  41  16  29  -6  36   0 0.00  0.0    0  8.3 18 150   M    M   5        22 160
 5  55  29  42   7  23   0 0.00  0.0    0  5.0 12 220   M    M   0        16 220
 6  65  33  49  13  16   0 0.05    M    0 10.0 28 190   M    M   9 1      35 180
 7  73  49  61  25   4   0 0.48  0.0    0 13.9 30 270   M    M   5 13     37 180
 8  49  29  39   3  26   0 0.00  0.0    0 15.4 28 350   M    M   8 8      36 340
 9  34  21  28  -8  37   0 0.00  0.0    0  8.4 22 350   M    M   2        28 340
10  59  26  43   7  22   0 0.00  0.0    0 14.5 28 200   M    M   0        37 220
11  71  51  61  24   4   0 0.00  0.0    0 13.8 23 200   M    M   5        30 190
12  63  37  50  13  15   0 0.00  0.0    0 13.8 29 350   M    M   3 18     36 360
13  49  25  37   0  28   0 0.00  0.0    0  2.4 10 260   M    M   1        14 260
14  50  37  44   6  21   0 0.07    M    0  3.4 13 200   M    M   8 1      16 200
15  49  27  38   0  27   0 0.00  0.0    0  9.5 23 360   M    M   1 12     28 350
16  60  23  42   4  23   0 0.00  0.0    0  8.2 23 190   M    M   0        28 200
17  67  35  51  13  14   0 0.00  0.0    0 10.1 21 190   M    M   1        25 190
18  56  49  53  14  12   0 0.35    M    0  5.1 15 230   M    M   9 12     20 230
19  61  46  54  15  11   0 0.00  0.0    0  3.5  9 130   M    M   7 12     11 120
20  73  44  59  20   6   0 0.00  0.0    0  7.8 16 140   M    M   0 12     21 170
21  64  55  60  20   5   0 0.01  0.0    0  5.6 16 350   M    M   8        20 340
22  71  53  62  22   3   0 0.00  0.0    0  6.2 16 200   M    M   4 1      22 220
23  72  50  61  21   4   0 0.00  0.0    0 10.8 22 180   M    M   4 12     27 180
================================================================================
SM 1311  820       425   0  0.96     0.0 206.0          M       90
================================================================================
AV 57.0 35.7                               9.0 FASTST   M    M   4    MAX(MPH)
                                 MISC ---->  # 30 270               # 37  180
================================================================================
NOTES:
# LAST OF SEVERAL OCCURRENCES

COLUMN 17 PEAK WIND IN M.P.H.

PRELIMINARY LOCAL CLIMATOLOGICAL DATA (WS FORM: F-6) , PAGE 2

                                          STATION:  CAPE GIRARDEAU MO
                                          MONTH:    FEBRUARY
                                          YEAR:     2017
                                          LATITUDE:   37 13 N
                                          LONGITUDE:  89 35 W

[TEMPERATURE DATA]      [PRECIPITATION DATA]       SYMBOLS USED IN COLUMN 16

AVERAGE MONTHLY: 46.3   TOTAL FOR MONTH:   0.96    1 = FOG OR MIST
DPTR FM NORMAL:   9.2   DPTR FM NORMAL:   -1.84    2 = FOG REDUCING VISIBILITY
HIGHEST:    73 ON 20, 7 GRTST 24HR  0.53 ON  6- 7      TO 1/4 MILE OR LESS
LOWEST:     16 ON  4                               3 = THUNDER
                        SNOW, ICE PELLETS, HAIL    4 = ICE PELLETS
                        TOTAL MONTH:   0.0 INCH    5 = HAIL
                        GRTST 24HR     0.0         6 = FREEZING RAIN OR DRIZZLE
                        GRTST DEPTH:   0           7 = DUSTSTORM OR SANDSTORM:
                                                       VSBY 1/2 MILE OR LESS
                                                   8 = SMOKE OR HAZE
[NO. OF DAYS WITH]      [WEATHER - DAYS WITH]      9 = BLOWING SNOW
                                                   X = TORNADO
MAX 32 OR BELOW:   0    0.01 INCH OR MORE:   5
MAX 90 OR ABOVE:   0    0.10 INCH OR MORE:   2
MIN 32 OR BELOW:  10    0.50 INCH OR MORE:   0
MIN  0 OR BELOW:   0    1.00 INCH OR MORE:   0

[HDD (BASE 65) ]
TOTAL THIS MO.   425    CLEAR  (SCALE 0-3)  11
DPTR FM NORMAL  -216    PTCLDY (SCALE 4-7)  10
TOTAL FM JUL 1  2653    CLOUDY (SCALE 8-10)  2
DPTR FM NORMAL  -726

[CDD (BASE 65) ]
TOTAL THIS MO.     0
DPTR FM NORMAL     0    [PRESSURE DATA]
TOTAL FM JAN 1     0    HIGHEST SLP M ON M
DPTR FM NORMAL     0    LOWEST  SLP 29.51 ON  7

[REMARKS]
