000
CXUS55 KCYS 201000
CF6CYS
PRELIMINARY LOCAL CLIMATOLOGICAL DATA (WS FORM: F-6)

                                          STATION:   CHEYENNE WYOMING AIRPORT
                                          MONTH:     OCTOBER
                                          YEAR:      2014
                                          LATITUDE:   41  9 N
                                          LONGITUDE: 104 49 W

  TEMPERATURE IN F:       :PCPN:    SNOW:  WIND      :SUNSHINE: SKY     :PK WND
================================================================================
1   2   3   4   5  6A  6B    7    8   9   10  11  12  13   14  15   16   17  18
                                     12Z  AVG MX 2MIN
DY MAX MIN AVG DEP HDD CDD  WTR  SNW DPTH SPD SPD DIR MIN PSBL S-S WX    SPD DR
================================================================================

 1  61  38  50  -1  15   0 0.22  0.0    0  9.0 18 340   M    M   4 18     25 320
 2  59  30  45  -6  20   0 0.10  0.8    0 14.4 30 290   M    M   2 12     39 360
 3  60  29  45  -6  20   0    T    T    1 11.6 29 330   M    M   4 1      37 330
 4  67  33  50   0  15   0 0.00  0.0    0 13.3 29 330   M    M   1        41 310
 5  65  41  53   3  12   0 0.00  0.0    0 12.4 30 310   M    M   1        42 320
 6  72  38  55   5  10   0 0.00  0.0    0 13.8 31 300   M    M   0        42 330
 7  75  46  61  12   4   0 0.00  0.0    0 11.2 21 280   M    M   0 8      28 280
 8  74  41  58   9   7   0 0.00  0.0    0  7.3 15 300   M    M   0        18 290
 9  59  45  52   4  13   0 0.00  0.0    0  6.3 12 100   M    M   3        18  30
10  52  41  47  -1  18   0    T  0.0    0  8.6 15 190   M    M   8 12     20 200
11  70  37  54   6  11   0 0.00  0.0    0  9.6 25 270   M    M   3 1      30 270
12  57  36  47  -1  18   0    T  0.0    0 17.8 35 350   M    M   3        46 360
13  54  34  44  -3  21   0 0.00  0.0    0 14.1 28 300   M    M   1        38 330
14  71  37  54   7  11   0 0.00  0.0    0  8.5 23 310   M    M   0        29 300
15  77  39  58  12   7   0 0.00  0.0    0  7.4 16 270   M    M   0        19 270
16  71  38  55   9  10   0 0.00  0.0    0  7.9 24 220   M    M   1        29 220
17  60  31  46   0  19   0 0.00  0.0    0  7.0 14 170   M    M   0        19 160
18  66  31  49   3  16   0 0.00  0.0    0  8.6 18 210   M    M   0        22 210
19  69  40  55  10  10   0 0.00  0.0    0  7.9 15 360   M    M   0        20  10
================================================================================
SM 1239  705       257   0  0.32     0.8 196.7          M       31
================================================================================
AV 65.2 37.1                              10.4 FASTST   M    M   2    MAX(MPH)
                                 MISC ---->  # 35 350               # 46  360
================================================================================
NOTES:
# LAST OF SEVERAL OCCURRENCES

COLUMN 17 PEAK WIND IN M.P.H.

PRELIMINARY LOCAL CLIMATOLOGICAL DATA (WS FORM: F-6) , PAGE 2

                                          STATION:  CHEYENNE WYOMING AIRPORT
                                          MONTH:    OCTOBER
                                          YEAR:     2014
                                          LATITUDE:   41  9 N
                                          LONGITUDE: 104 49 W

[TEMPERATURE DATA]      [PRECIPITATION DATA]       SYMBOLS USED IN COLUMN 16

AVERAGE MONTHLY: 51.2   TOTAL FOR MONTH:   0.32    1 = FOG OR MIST
DPTR FM NORMAL:   2.9   DPTR FM NORMAL:   -0.31    2 = FOG REDUCING VISIBILITY
HIGHEST:    77 ON 15    GRTST 24HR  0.22 ON  1- 1      TO 1/4 MILE OR LESS
LOWEST:     29 ON  3                               3 = THUNDER
                        SNOW, ICE PELLETS, HAIL    4 = ICE PELLETS
                        TOTAL MONTH:   0.8 INCH    5 = HAIL
                        GRTST 24HR   0.8 ON   M    6 = FREEZING RAIN OR DRIZZLE
                        GRTST DEPTH:   1 ON  3     7 = DUSTSTORM OR SANDSTORM:
                                                       VSBY 1/2 MILE OR LESS
                                                   8 = SMOKE OR HAZE
[NO. OF DAYS WITH]      [WEATHER - DAYS WITH]      9 = BLOWING SNOW
                                                   X = TORNADO
MAX 32 OR BELOW:   0    0.01 INCH OR MORE:   2
MAX 90 OR ABOVE:   0    0.10 INCH OR MORE:   2
MIN 32 OR BELOW:   4    0.50 INCH OR MORE:   0
MIN  0 OR BELOW:   0    1.00 INCH OR MORE:   0

[HDD (BASE 65) ]
TOTAL THIS MO.   257    CLEAR  (SCALE 0-3)  15
DPTR FM NORMAL   -63    PTCLDY (SCALE 4-7)   3
TOTAL FM JUL 1   477    CLOUDY (SCALE 8-10)  1
DPTR FM NORMAL  -124

[CDD (BASE 65) ]
TOTAL THIS MO.     0
DPTR FM NORMAL     0    [PRESSURE DATA]
TOTAL FM JAN 1   301    HIGHEST SLP M ON M
DPTR FM NORMAL   -47    LOWEST  SLP 29.53 ON 12

[REMARKS]
