000
CXUS55 KCYS 211000
CF6CYS
PRELIMINARY LOCAL CLIMATOLOGICAL DATA (WS FORM: F-6)

                                          STATION:   CHEYENNE WYOMING AIRPORT
                                          MONTH:     JANUARY
                                          YEAR:      2017
                                          LATITUDE:   41  9 N
                                          LONGITUDE: 104 49 W

  TEMPERATURE IN F:       :PCPN:    SNOW:  WIND      :SUNSHINE: SKY     :PK WND
================================================================================
1   2   3   4   5  6A  6B    7    8   9   10  11  12  13   14  15   16   17  18
                                     12Z  AVG MX 2MIN
DY MAX MIN AVG DEP HDD CDD  WTR  SNW DPTH SPD SPD DIR MIN PSBL S-S WX    SPD DR
================================================================================

 1  47  16  32   4  33   0 0.00  0.0    0  8.8 29 280   M    M   0        34 280
 2  31   7  19  -9  46   0 0.08  1.5    0  8.0 28 350   M    M   7 18     42 360
 3  18   6  12 -17  53   0 0.05  0.7    2  6.5 15 200   M    M   9 18     18 210
 4  12  -1   6 -23  59   0 0.45  7.6    2  8.1 22  10   M    M  10 1      27 360
 5   4 -16  -6 -35  71   0 0.07  1.8    9  9.2 17  10   M    M   3 8      22  10
 6  24 -17   4 -25  61   0 0.00  0.0    7 12.1 26 270   M    M   0        30 280
 7  48   6  27  -2  38   0 0.00  0.0    6  5.5 17 260   M    M   M        22 260
 8  43  30  37   8  28   0 0.00  0.0    5 17.5 41 280   0    0   0        52 280
 9  51  30  41  12  24   0 0.00  0.0    4 23.9 47 270   M    M   0        63 260
10  42  27  35   6  30   0 0.00  0.0    T 22.5 59 280   M    M   0        73 280
11  41  22  32   3  33   0    T  0.0    0 11.8 25 270   M    M   3 1      35 270
12  33  15  24  -5  41   0 0.00  0.0    0 12.1 23 280   M    M   5 1      28 270
13  40  14  27  -2  38   0 0.00  0.0    0  5.9 17 220   M    M   7 1      20 220
14  45  24  35   6  30   0 0.00  0.0    0  5.7 10 170   M    M   4        13 160
15  39  21  30   1  35   0 0.00  0.0    0  6.1 13 340   M    M   8        17 360
16  37  16  27  -2  38   0 0.00  0.0    0 12.0 23 360   M    M   6        31 360
17  52  11  32   3  33   0 0.00  0.0    0  8.4 17 350   M    M   0        20 340
18  56  23  40  11  25   0 0.00  0.0    0  9.3 16 290   M    M   0        19 290
19  56  31  44  15  21   0 0.00  0.0    0 10.7 20 280   M    M   0        26 300
20  39  23  31   2  34   0 0.01    T    0 10.7 21 330   M    M   6 1      27 320
================================================================================
SM  758  288       771   0  0.66    11.6 214.8            0     68
================================================================================
AV 37.9 14.4                              10.7 FASTST    0   0   4    MAX(MPH)
                                 MISC ---->    59   M               # 73  280
================================================================================
NOTES:
# LAST OF SEVERAL OCCURRENCES

COLUMN 17 PEAK WIND IN M.P.H.

PRELIMINARY LOCAL CLIMATOLOGICAL DATA (WS FORM: F-6) , PAGE 2

                                          STATION:  CHEYENNE WYOMING AIRPORT
                                          MONTH:    JANUARY
                                          YEAR:     2017
                                          LATITUDE:   41  9 N
                                          LONGITUDE: 104 49 W

[TEMPERATURE DATA]      [PRECIPITATION DATA]       SYMBOLS USED IN COLUMN 16

AVERAGE MONTHLY: 26.2   TOTAL FOR MONTH:   0.66    1 = FOG OR MIST
DPTR FM NORMAL:  -2.7   DPTR FM NORMAL:    0.45    2 = FOG REDUCING VISIBILITY
HIGHEST:    56 ON 19,18 GRTST 24HR  0.47 ON  4- 5      TO 1/4 MILE OR LESS
LOWEST:    -17 ON  6                               3 = THUNDER
                        SNOW, ICE PELLETS, HAIL    4 = ICE PELLETS
                        TOTAL MONTH:  11.6 INCHES  5 = HAIL
                        GRTST 24HR   7.6 ON   M    6 = FREEZING RAIN OR DRIZZLE
                        GRTST DEPTH:   9 ON  5     7 = DUSTSTORM OR SANDSTORM:
                                                       VSBY 1/2 MILE OR LESS
                                                   8 = SMOKE OR HAZE
[NO. OF DAYS WITH]      [WEATHER - DAYS WITH]      9 = BLOWING SNOW
                                                   X = TORNADO
MAX 32 OR BELOW:   5    0.01 INCH OR MORE:   5
MAX 90 OR ABOVE:   0    0.10 INCH OR MORE:   1
MIN 32 OR BELOW:  20    0.50 INCH OR MORE:   0
MIN  0 OR BELOW:   3    1.00 INCH OR MORE:   0

[HDD (BASE 65) ]
TOTAL THIS MO.   771    CLEAR  (SCALE 0-3)   8
DPTR FM NORMAL    50    PTCLDY (SCALE 4-7)   9
TOTAL FM JUL 1  3225    CLOUDY (SCALE 8-10)  2
DPTR FM NORMAL  -399

[CDD (BASE 65) ]
TOTAL THIS MO.     0
DPTR FM NORMAL     0    [PRESSURE DATA]
TOTAL FM JAN 1     0    HIGHEST SLP M ON M
DPTR FM NORMAL     0    LOWEST  SLP  0.00 ON  8

[REMARKS]
