000
CXUS54 KJAN 251200
CF6HBG
PRELIMINARY LOCAL CLIMATOLOGICAL DATA (WS FORM: F-6)

                                          STATION:   HATTIESBURG
                                          MONTH:     APRIL
                                          YEAR:      2017
                                          LATITUDE:   31 16 N
                                          LONGITUDE:  89 15 W

  TEMPERATURE IN F:       :PCPN:    SNOW:  WIND      :SUNSHINE: SKY     :PK WND
================================================================================
1   2   3   4   5  6A  6B    7    8   9   10  11  12  13   14  15   16   17  18
                                     12Z  AVG MX 2MIN
DY MAX MIN AVG DEP HDD CDD  WTR  SNW DPTH SPD SPD DIR MIN PSBL S-S WX    SPD DR
================================================================================

 1  86  52  69   7   0   4 0.00  0.0    0  3.9 12 100   M    M   0        17  40
 2  81  51  66   4   0   1 0.01  0.0    0  9.3 22 140   M    M   5 13     27 140
 3  81  57  69   7   0   4 1.99  0.0    0  8.5 23  10   M    M   4 13     31  10
 4  86  51  69   6   0   4 0.00  0.0    0  4.4 16 160   M    M   0        20 140
 5  87  58  73  10   0   8    T  0.0    0 12.7 26 310   M    M   4        36 300
 6  69  46  58  -5   7   0 0.00  0.0    0  9.8 24 300   M    M   0        33 300
 7  72  41  57  -6   8   0 0.00  0.0    0  3.9 17 300   M    M   0        23 310
 8  76  38  57  -6   8   0 0.00  0.0    0  1.7  9 190   M    M   0        13 310
 9  79  45  62  -2   3   0 0.00  0.0    0  6.3 18 190   M    M   0        24 160
10  79  47  63  -1   2   0 0.00  0.0    0  3.9 16 160   M    M   3        22 150
11  82  57  70   6   0   5 0.00  0.0    0  3.0 10 140   M    M   4 12     14 130
12  86  60  73   9   0   8 0.00  0.0    0  2.7 13 120   M    M   4        17 120
13  85  54  70   6   0   5 0.00  0.0    0  2.2 13 190   M    M   1        17 170
14  83  55  69   4   0   4 0.00  0.0    0  5.1 21 160   M    M   1 8      25 160
15  82  56  69   4   0   4    T  0.0    0  5.3 21 190   M    M   2        24 180
16  82  60  71   6   0   6 0.19  0.0    0  3.1 21 160   M    M   5 123    24 160
17  79  62  71   5   0   6 0.83  0.0    0  2.8 13 150   M    M   6 123    18 150
18  84  59  72   6   0   7 0.00  0.0    0  4.4 16 170   M    M   5 12     20 170
19  84  55  70   4   0   5 0.02  0.0    0  4.6 20 160   M    M   3 12     25 180
20  86  64  75   9   0  10 0.00  0.0    0  5.2 15 180   M    M   6 12     18 190
21  85  59  72   5   0   7 0.00  0.0    0  4.6 16 180   M    M   1 12     20 150
22  85  58  72   5   0   7 1.24  0.0    0  5.0 20 310   M    M   3 13     25 320
23  67  54  61  -6   4   0    T  0.0    0  9.6 21 320   M    M   9        27 320
24  76  51  64  -4   1   0 0.00  0.0    0  6.8 22 310   M    M   1        27 320
================================================================================
SM 1942 1290        33  95  4.28     0.0 128.8          M       67
================================================================================
AV 80.9 53.8                               5.4 FASTST   M    M   3    MAX(MPH)
                                 MISC ---->  # 26 310               # 36  300
================================================================================
NOTES:
# LAST OF SEVERAL OCCURRENCES

COLUMN 17 PEAK WIND IN M.P.H.

PRELIMINARY LOCAL CLIMATOLOGICAL DATA (WS FORM: F-6) , PAGE 2

                                          STATION:  HATTIESBURG
                                          MONTH:    APRIL
                                          YEAR:     2017
                                          LATITUDE:   31 16 N
                                          LONGITUDE:  89 15 W

[TEMPERATURE DATA]      [PRECIPITATION DATA]       SYMBOLS USED IN COLUMN 16

AVERAGE MONTHLY: 67.3   TOTAL FOR MONTH:   4.28    1 = FOG OR MIST
DPTR FM NORMAL:   2.8   DPTR FM NORMAL:    0.13    2 = FOG REDUCING VISIBILITY
HIGHEST:    87 ON  5    GRTST 24HR  1.99 ON  3- 3      TO 1/4 MILE OR LESS
LOWEST:     38 ON  8                               3 = THUNDER
                        SNOW, ICE PELLETS, HAIL    4 = ICE PELLETS
                        TOTAL MONTH:   0.0 INCH    5 = HAIL
                        GRTST 24HR     0.0         6 = FREEZING RAIN OR DRIZZLE
                        GRTST DEPTH:   0           7 = DUSTSTORM OR SANDSTORM:
                                                       VSBY 1/2 MILE OR LESS
                                                   8 = SMOKE OR HAZE
[NO. OF DAYS WITH]      [WEATHER - DAYS WITH]      9 = BLOWING SNOW
                                                   X = TORNADO
MAX 32 OR BELOW:   0    0.01 INCH OR MORE:   6
MAX 90 OR ABOVE:   0    0.10 INCH OR MORE:   4
MIN 32 OR BELOW:   0    0.50 INCH OR MORE:   3
MIN  0 OR BELOW:   0    1.00 INCH OR MORE:   2

[HDD (BASE 65) ]
TOTAL THIS MO.    33    CLEAR  (SCALE 0-3)  13
DPTR FM NORMAL   -44    PTCLDY (SCALE 4-7)  10
TOTAL FM JUL 1  1143    CLOUDY (SCALE 8-10)  1
DPTR FM NORMAL  -829

[CDD (BASE 65) ]
TOTAL THIS MO.    95
DPTR FM NORMAL    30    [PRESSURE DATA]
TOTAL FM JAN 1   252    HIGHEST SLP M ON M
DPTR FM NORMAL   139    LOWEST  SLP 29.55 ON  3

[REMARKS]
