000
CXUS51 KOKX 011330
CLMBDR

CLIMATE REPORT
NATIONAL WEATHER SERVICE NEW YORK NY
927 AM EDT THU JUN 1 2017



...THE BRIDGEPORT CT CLIMATE SUMMARY FOR THE MONTH OF MAY 2017...

CLIMATE NORMAL PERIOD 1981 TO 2010
CLIMATE RECORD PERIOD 1948 TO 2017

WEATHER         OBSERVED          NORMAL  DEPART  LAST YEAR`S
                 VALUE   DATE(S)  VALUE   FROM    VALUE  DATE(S)
                                          NORMAL
................................................................
TEMPERATURE (F)
RECORD
 HIGH              97   05/20/1996
 LOW               31   05/10/1966
HIGHEST            93   05/18        MM      MM       86  05/28
                                                          05/26
LOWEST             41   05/04        MM      MM       43  05/16
                                                          05/01
AVG. MAXIMUM     66.8              67.6    -0.8     68.3
AVG. MINIMUM     52.5              50.6     1.9     52.2
MEAN             59.6              59.1     0.5     60.3
DAYS MAX >= 90      1               0.1     0.9        0
DAYS MAX <= 32      0               0.0     0.0        0
DAYS MIN <= 32      0               0.0     0.0        0
DAYS MIN <= 0       0               0.0     0.0        0

PRECIPITATION (INCHES)
RECORD
 MAXIMUM         9.53   1989
 MINIMUM         0.41   1986
TOTALS           5.49              3.80    1.69     3.50
DAILY AVG.       0.18              0.12    0.06     0.11
DAYS >= .01        10              11.8    -1.8       13
DAYS >= .10         9               7.3     1.7        8
DAYS >= .50         5               2.3     2.7        3
DAYS >= 1.00        2               0.9     1.1        1
GREATEST
 24 HR. TOTAL    1.23   05/05 TO 05/05           05/29 TO 05/30
                                                          05/31 TO 05/31
                                                          05/31 TO 05/31
 STORM TOTAL       MM                                 MM
 (MM/DD(HH))            MM                    05/30(00) TO 05/30(00)
                                                 05/31(00) TO 05/31(00)1
                                                 05/31(00) TO 05/31(00)1

SNOWFALL (INCHES)
TOTALS            0.0               0.0     0.0      0.0
 LIQUID EQUIV    0.00              0.00    0.00     0.00
SINCE 7/1        40.9              27.6    13.3     27.3
 LIQUID 7/1      4.09              2.80    1.29     2.73
SNOWDEPTH AVG.      0                MM      MM        0
DAYS >= TRACE       0               0.0     0.0        0
DAYS >= 1.0         0               0.0     0.0        0
GREATEST
 SNOW DEPTH         0   MM                             0  MM
 24 HR TOTAL      0.0   05/31 TO 05/31           05/31 TO 05/31
                                                          05/31 TO 05/31
                                                          05/31 TO 05/31
 STORM TOTAL       MM                                 MM
 (MM/DD(HH))            MM                    05/31(00) TO 05/31(00)
                                                 05/31(00) TO 05/31(00)1
                                                 05/31(00) TO 05/31(00)1

DEGREE_DAYS
HEATING TOTAL     194               205     -11      198
 SINCE 7/1       4540              5360    -820     4417
COOLING TOTAL      36                22      14       58
 SINCE 1/1         44                24      20       58
..................................................

WIND (MPH)
AVERAGE WIND SPEED              9.8
HIGHEST WIND SPEED/DIRECTION    31/310    DATE  05/14
HIGHEST GUST SPEED/DIRECTION    41/260    DATE  05/02


WEATHER CONDITIONS. NUMBER OF DAYS WITH
THUNDERSTORM              0     MIXED PRECIP               0
HEAVY RAIN                6     RAIN                       8
LIGHT RAIN               15     FREEZING RAIN              0
LT FREEZING RAIN          0     HAIL                       0
HEAVY SNOW                0     SNOW                       0
LIGHT SNOW                0     SLEET                      0
FOG                      12     FOG W/VIS <= 1/4 MILE      2
HAZE                      3

-  INDICATES NEGATIVE NUMBERS.
R  INDICATES RECORD WAS SET OR TIED.
MM INDICATES DATA IS MISSING.
T  INDICATES TRACE AMOUNT.

$$
