000
CXUS51 KOKX 020044
CLMBDR

CLIMATE REPORT
NATIONAL WEATHER SERVICE NEW YORK NY
843 PM EDT WED JUL 1 2015

...................................

...THE BRIDGEPORT CT CLIMATE SUMMARY FOR THE MONTH OF JUNE 2015...

CLIMATE NORMAL PERIOD 1981 TO 2010
CLIMATE RECORD PERIOD 1948 TO 2015

WEATHER         OBSERVED          NORMAL  DEPART  LAST YEAR`S
                 VALUE   DATE(S)  VALUE   FROM    VALUE  DATE(S)
                                          NORMAL
................................................................
TEMPERATURE (F)
RECORD
 HIGH              97   06/09/2008
 LOW               41   06/01/1967
HIGHEST            89   06/21        MM      MM       89  06/18
LOWEST             47   06/03        MM      MM       50  06/01
AVG. MAXIMUM     75.9              77.0    -1.1     77.3
AVG. MINIMUM     60.8              60.4     0.4     61.6
MEAN             68.3              68.7    -0.4     69.4
DAYS MAX >= 90      0               1.1    -1.1        0
DAYS MAX <= 32      0               0.0     0.0        0
DAYS MIN <= 32      0               0.0     0.0        0
DAYS MIN <= 0       0               0.0     0.0        0

PRECIPITATION (INCHES)
RECORD
 MAXIMUM        17.70   1972
 MINIMUM         0.07   1949
TOTALS           4.73              3.61    1.12     4.01
DAILY AVG.       0.16              0.12    0.04     0.13
DAYS >= .01        13              11.1     1.9        7
DAYS >= .10         9               6.8     2.2        5
DAYS >= .50         4               2.3     1.7        4
DAYS >= 1.00        1               0.8     0.2        1
GREATEST
 24 HR. TOTAL    1.26   06/27 TO 06/28           06/12 TO 06/13
                                                          06/30 TO 06/30
                                                          06/30 TO 06/30
 STORM TOTAL       MM                                 MM
 (MM/DD(HH))            MM                    06/13(00) TO 06/13(00)
                                                 06/30(00) TO 06/30(00)0
                                                 06/30(00) TO 06/30(00)0

DEGREE_DAYS
HEATING TOTAL      52                32      20        4
 SINCE 7/1       5673              5392     281     5618
COOLING TOTAL     161               143      18      146
 SINCE 1/1        215               167      48      169
.................................................

WIND (MPH)
AVERAGE WIND SPEED              8.3
HIGHEST WIND SPEED/DIRECTION    29/230    DATE  06/23
HIGHEST GUST SPEED/DIRECTION    36/200    DATE  06/23


WEATHER CONDITIONS. NUMBER OF DAYS WITH
THUNDERSTORM              0     MIXED PRECIP               0
HEAVY RAIN                5     RAIN                       8
LIGHT RAIN               16     FREEZING RAIN              0
LT FREEZING RAIN          0     HAIL                       0
HEAVY SNOW                0     SNOW                       0
LIGHT SNOW                0     SLEET                      0
FOG                      12     FOG W/VIS <= 1/4 MILE      0
HAZE                      5

-  INDICATES NEGATIVE NUMBERS.
R  INDICATES RECORD WAS SET OR TIED.
MM INDICATES DATA IS MISSING.
T  INDICATES TRACE AMOUNT.

$$
