000
CXUS53 KUNR 010930
CF62WX
PRELIMINARY LOCAL CLIMATOLOGICAL DATA (WS FORM: F-6)
STATION: BUFFALO SD
MONTH: APRIL
YEAR: 2021
LATITUDE: 45 35 N
LONGITUDE: 103 33 W
TEMPERATURE IN F: :PCPN: SNOW: WIND :SUNSHINE: SKY :PK WND
================================================================================
1 2 3 4 5 6A 6B 7 8 9 10 11 12 13 14 15 16 17 18
12Z AVG MX 2MIN
DY MAX MIN AVG DEP HDD CDD WTR SNW DPTH SPD SPD DIR MIN PSBL S-S WX SPD DR
================================================================================
1 73 22 48 10 17 0 0.00 M M 11.0 22 220 M M M 30 240
2 73 36 55 17 10 0 0.00 M M 10.2 22 340 M M M 31 340
3 77 41 59 20 6 0 0.00 M M 11.0 24 280 M M M 34 290
4 81 45 63 24 2 0 0.00 M M 10.4 29 280 M M M 37 270
5 63 39 51 11 14 0 0.00 M M 16.1 35 10 M M M 45 10
6 45 34 40 0 25 0 0.02 M M 11.5 26 350 M M M 32 350
7 63 30 47 7 18 0 0.00 M M 10.1 20 340 M M M 25 330
8 74 30 52 11 13 0 0.00 M M 14.6 46 330 M M M 58 320
9 53 31 42 1 23 0 0.00 M M 22.4 41 310 M M M 56 320
10 70 30 50 9 15 0 0.00 M M 11.5 38 330 M M M 50 320
11 43 30 37 -5 28 0 0.01 M M 29.0 45 320 M M M 56 300
12 39 26 33 -9 32 0 0.00 M M 33.4 46 300 M M M 60 310
13 33 23 28 -14 37 0 0.00 M M 26.6 38 320 M M M 50 310
14 40 25 33 -10 32 0 0.00 M M 9.8 20 290 M M M 23 290
15 40 22 31 -12 34 0 0.06 M M 6.9 17 40 M M M 23 40
16 43 27 35 -9 30 0 0.07 M M 11.5 22 330 M M M 28 320
17 58 26 42 -2 23 0 0.00 M M 8.8 20 310 M M M 28 310
18 57 28 43 -1 22 0 0.02 M M 17.2 30 310 M M M 39 20
19 40 24 32 -13 33 0 0.00 M M 14.7 28 330 M M M 37 340
20 37 20 29 -16 36 0 0.01 M M 16.8 30 340 M M M 40 340
21 52 18 35 -10 30 0 0.00 M M 9.1 18 220 M M M 24 210
22 61 25 43 -3 22 0 0.00 M M 10.1 30 340 M M M 41 340
23 37 29 33 -13 32 0 0.08 M M 12.1 29 340 M M M 36 330
24 54 25 40 -6 25 0 0.00 M M 10.6 22 120 M M M 31 120
25 58 31 45 -2 20 0 0.06 M M 10.8 20 70 M M M 24 80
26 52 38 45 -2 20 0 0.09 M M 7.8 17 50 M M M 21 60
27 64 42 53 5 12 0 0.01 M M 5.7 14 40 M M M 19 300
28 71 40 56 8 9 0 0.00 M M 12.6 31 300 M M M 40 290
29 75 40 58 10 7 0 0.00 M M 12.6 33 310 M M M 45 290
30 86 48 67 19 0 2 0.00 M M 14.4 35 250 M M M 43 250
================================================================================
SM 1712 925 627 2 0.43 M 409.3 M M
================================================================================
AV 57.1 30.8 13.6 FASTST M M M MAX(MPH)
MISC ----> # 46 330 60 310
================================================================================
NOTES:
# LAST OF SEVERAL OCCURRENCES
COLUMN 17 PEAK WIND IN M.P.H.
PRELIMINARY LOCAL CLIMATOLOGICAL DATA (WS FORM: F-6) , PAGE 2
STATION: BUFFALO SD
MONTH: APRIL
YEAR: 2021
LATITUDE: 45 35 N
LONGITUDE: 103 33 W
[TEMPERATURE DATA] [PRECIPITATION DATA] SYMBOLS USED IN COLUMN 16
AVERAGE MONTHLY: 44.0 TOTAL FOR MONTH: 0.43 1 = FOG OR MIST
DPTR FM NORMAL: 0.7 DPTR FM NORMAL: -1.12 2 = FOG REDUCING VISIBILITY
HIGHEST: 86 ON 30 GRTST 24HR 0.13 ON 15-16 TO 1/4 MILE OR LESS
LOWEST: 18 ON 21 3 = THUNDER
SNOW, ICE PELLETS, HAIL 4 = ICE PELLETS
TOTAL MONTH: M 5 = HAIL
GRTST 24HR M ON M 6 = FREEZING RAIN OR DRIZZLE
GRTST DEPTH: M ON M 7 = DUSTSTORM OR SANDSTORM:
VSBY 1/2 MILE OR LESS
8 = SMOKE OR HAZE
[NO. OF DAYS WITH] [WEATHER - DAYS WITH] 9 = BLOWING SNOW
X = TORNADO
MAX 32 OR BELOW: 0 0.01 INCH OR MORE: 10
MAX 90 OR ABOVE: 0 0.10 INCH OR MORE: 0
MIN 32 OR BELOW: 20 0.50 INCH OR MORE: 0
MIN 0 OR BELOW: 0 1.00 INCH OR MORE: 0
[HDD (BASE 65) ]
TOTAL THIS MO. 627 CLEAR (SCALE 0-3) 0
DPTR FM NORMAL -23 PTCLDY (SCALE 4-7) 0
TOTAL FM JUL 1 6657 CLOUDY (SCALE 8-10) 30
DPTR FM NORMAL -797
[CDD (BASE 65) ]
TOTAL THIS MO. 2
DPTR FM NORMAL 2 [PRESSURE DATA]
TOTAL FM JAN 1 2 HIGHEST SLP 30.42 ON 14
DPTR FM NORMAL 2 LOWEST SLP 29.48 ON 10
[REMARKS]
#FINAL-04-21#