000
CXUS53 KABR 011100
CF68D3
PRELIMINARY LOCAL CLIMATOLOGICAL DATA (WS FORM: F-6)
STATION: SISSETON SD
MONTH: OCTOBER
YEAR: 2021
LATITUDE: 45 40 N
LONGITUDE: 96 59 W
TEMPERATURE IN F: :PCPN: SNOW: WIND :SUNSHINE: SKY :PK WND
================================================================================
1 2 3 4 5 6A 6B 7 8 9 10 11 12 13 14 15 16 17 18
12Z AVG MX 2MIN
DY MAX MIN AVG DEP HDD CDD WTR SNW DPTH SPD SPD DIR MIN PSBL S-S WX SPD DR
================================================================================
1 64 58 61 7 4 0 0.63 0.0 0 6.2 14 330 M M 0 18 320
2 73 44 59 5 6 0 0.00 0.0 0 8.9 16 320 M M 0 23 360
3 77 42 60 7 5 0 0.00 0.0 0 4.0 14 340 M M 0 19 340
4 84 45 65 12 0 0 0.00 0.0 0 4.3 12 230 M M 0 16 240
5 84 47 66 14 0 1 0.00 0.0 0 7.4 15 160 M M 0 26 160
6 78 52 65 13 0 0 0.00 0.0 0 9.1 18 160 M M 0 27 150
7 79 51 65 14 0 0 0.00 0.0 0 7.9 17 190 M M 0 25 190
8 81 55 68 17 0 3 0.00 0.0 0 5.4 15 170 M M 0 20 180
9 70 57 64 14 1 0 1.05 0.0 0 7.5 26 330 M M 0 35 330
10 58 48 53 3 12 0 0.02 0.0 0 12.4 29 280 M M 0 42 280
11 71 44 58 9 7 0 0.00 0.0 0 9.3 18 340 M M 0 26 350
12 64 41 53 4 12 0 0.00 0.0 0 9.1 16 320 M M 0 22 330
13 62 48 55 7 10 0 1.35 0.0 0 17.0 31 240 M M 0 45 220
14 54 41 48 0 17 0 0.00 0.0 0 16.8 33 240 M M 0 50 250
15 56 38 47 0 18 0 0.00 0.0 0 12.0 25 280 M M 0 33 270
16 64 39 52 5 13 0 0.00 0.0 0 9.3 18 300 M M 0 26 260
17 73 38 56 10 9 0 0.00 0.0 0 5.6 14 230 M M 0 18 270
18 80 40 60 14 5 0 0.00 0.0 0 10.4 25 200 M M 0 35 190
19 60 41 51 6 14 0 0.00 0.0 0 13.3 23 350 M M 0 29 340
20 47 39 43 -2 22 0 0.84 0.0 0 16.3 22 340 M M 0 29 360
21 47 30 39 -5 26 0 0.00 0.0 0 8.8 17 340 M M 0 24 350
22 50 29 40 -4 25 0 0.00 0.0 0 4.0 10 20 M M 0 15 360
23 51 23 37 -6 28 0 0.00 0.0 0 6.6 17 100 M M 0 22 130
24 44 40 42 -1 23 0 0.19 0.0 0 7.2 14 50 M M 0 19 110
25 51 34 43 1 22 0 0.00 0.0 0 9.9 20 140 M M 0 29 140
26 56 40 48 6 17 0 0.00 0.0 0 18.6 32 140 M M 0 48 140
27 51 46 49 8 16 0 0.89 0.0 0 8.5 20 130 M M 0 25 120
28 56 40 48 7 17 0 0.00 0.0 0 11.2 25 340 M M 0 35 330
29 61 35 48 8 17 0 0.00 0.0 0 5.4 13 170 M M 0 16 170
30 54 36 45 5 20 0 0.00 0.0 0 13.1 31 330 M M 0 39 340
31 47 33 40 1 25 0 0.00 0.0 0 13.8 28 330 M M 0 36 310
================================================================================
SM 1947 1294 391 4 4.97 0.0 299.3 M 0
================================================================================
AV 62.8 41.7 9.7 FASTST M M 0 MAX(MPH)
MISC ----> 33 240 50 250
================================================================================
NOTES:
# LAST OF SEVERAL OCCURRENCES
COLUMN 17 PEAK WIND IN M.P.H.
PRELIMINARY LOCAL CLIMATOLOGICAL DATA (WS FORM: F-6) , PAGE 2
STATION: SISSETON SD
MONTH: OCTOBER
YEAR: 2021
LATITUDE: 45 40 N
LONGITUDE: 96 59 W
[TEMPERATURE DATA] [PRECIPITATION DATA] SYMBOLS USED IN COLUMN 16
AVERAGE MONTHLY: 52.3 TOTAL FOR MONTH: 4.97 1 = FOG OR MIST
DPTR FM NORMAL: 5.5 DPTR FM NORMAL: 2.64 2 = FOG REDUCING VISIBILITY
HIGHEST: 84 ON 5, 4 GRTST 24HR 1.35 ON 13-13 TO 1/4 MILE OR LESS
LOWEST: 23 ON 23 3 = THUNDER
SNOW, ICE PELLETS, HAIL 4 = ICE PELLETS
TOTAL MONTH: 0.0 INCH 5 = HAIL
GRTST 24HR 0.0 6 = FREEZING RAIN OR DRIZZLE
GRTST DEPTH: 0 7 = DUSTSTORM OR SANDSTORM:
VSBY 1/2 MILE OR LESS
8 = SMOKE OR HAZE
[NO. OF DAYS WITH] [WEATHER - DAYS WITH] 9 = BLOWING SNOW
X = TORNADO
MAX 32 OR BELOW: 0 0.01 INCH OR MORE: 7
MAX 90 OR ABOVE: 0 0.10 INCH OR MORE: 6
MIN 32 OR BELOW: 3 0.50 INCH OR MORE: 5
MIN 0 OR BELOW: 0 1.00 INCH OR MORE: 2
[HDD (BASE 65) ]
TOTAL THIS MO. 391 CLEAR (SCALE 0-3) 31
DPTR FM NORMAL -180 PTCLDY (SCALE 4-7) 0
TOTAL FM JUL 1 462 CLOUDY (SCALE 8-10) 0
DPTR FM NORMAL -328
[CDD (BASE 65) ]
TOTAL THIS MO. 4
DPTR FM NORMAL -1 [PRESSURE DATA]
TOTAL FM JAN 1 898 HIGHEST SLP 30.30 ON 31
DPTR FM NORMAL 331 LOWEST SLP 29.20 ON 13
[REMARKS]
#FINAL-10-21#