000
CXAK56 PAFC 020114
CF6BET
PRELIMINARY LOCAL CLIMATOLOGICAL DATA (WS FORM: F-6)
STATION: BETHEL
MONTH: MAY
YEAR: 2021
LATITUDE: 60 46 N
LONGITUDE: 161 48 W
TEMPERATURE IN F: :PCPN: SNOW: WIND :SUNSHINE: SKY :PK WND
================================================================================
1 2 3 4 5 6A 6B 7 8 9 10 11 12 13 14 15 16 17 18
12Z AVG MX 2MIN
DY MAX MIN AVG DEP HDD CDD WTR SNW DPTH SPD SPD DIR MIN PSBL S-S WX SPD DR
================================================================================
1 47 20 34 -2 31 0 T M M 7.6 21 170 M M 1 25 160
2 50 35 43 7 22 0 T M M 9.1 16 100 M M 10 20 100
3 52 34 43 7 22 0 0.00 M M 9.0 16 360 M M 4 19 360
4 49 29 39 2 26 0 0.00 M M 10.4 14 290 M M 1 21 290
5 47 30 39 1 26 0 0.00 M M 7.0 18 240 M M 8 22 240
6 57 29 43 5 22 0 0.00 M M 6.0 15 40 M M 3 19 70
7 60 30 45 7 20 0 0.00 M M 9.0 15 90 M M 2 M M
8 51 33 42 3 23 0 T M M 8.1 15 160 M M 7 22 100
9 50 34 42 3 23 0 T M M 9.9 18 80 M M 7 22 80
10 53 41 47 7 18 0 0.19 M M 8.2 18 120 M M 7 23 100
11 52 38 45 5 20 0 0.01 M M 7.9 16 270 M M 9 M M
12 59 34 47 7 18 0 T M M 5.1 14 300 M M 9 17 180
13 62 35 49 8 16 0 0.00 M M 10.0 21 130 M M 2 1 26 140
14 57 38 48 7 17 0 T M M 9.2 22 100 M M 4 28 110
15 54 36 45 3 20 0 T M M 8.0 14 270 M M 4 1 17 280
16 56 32 44 2 21 0 0.00 M M 10.7 17 260 M M 1 22 270
17 47 29 38 -4 27 0 T M M 10.0 16 270 M M 8 128 23 220
18 46 34 40 -3 25 0 T M M 6.2 13 290 M M 7 1 17 320
19 63 32 48 5 17 0 0.00 M M 12.9 25 70 M M 1 31 70
20 49 42 46 2 19 0 0.14 M M 11.3 21 70 M M 9 1 25 80
21 47 36 42 -2 23 0 0.10 M M 12.0 22 260 M M 10 18 28 260
22 49 32 41 -3 24 0 0.01 M M 8.1 14 260 M M 8 1 17 250
23 69 32 51 6 14 0 0.00 M M 7.2 15 50 M M 0 22 40
24 72 43 58 13 7 0 0.00 M M 8.3 17 200 M M 0 21 160
25 75 43 59 14 6 0 0.00 M M 7.2 16 250 M M 0 1 20 250
26 62 36 49 3 16 0 0.00 M M 9.6 16 240 M M 0 20 210
27 71 39 55 9 10 0 0.00 M M 8.0 16 320 M M 1 12 24 320
28 66 45 56 10 9 0 0.00 M M 19.7 32 20 M M 0 8 40 30
29 55 39 47 0 18 0 T M M 21.9 35 20 M M 0 8 47 20
30 56 35 46 -1 19 0 0.01 M M 7.6 18 190 M M 5 22 190
31 68 41 55 7 10 0 0.00 M M 10.7 20 360 M M 4 128 25 360
================================================================================
SM 1751 1086 589 0 0.46 M 295.9 M 132
================================================================================
AV 56.5 35.0 9.5 FASTST M M 4 MAX(MPH)
MISC ----> 35 20 47 20
================================================================================
NOTES:
# LAST OF SEVERAL OCCURRENCES
COLUMN 17 PEAK WIND IN M.P.H.
PRELIMINARY LOCAL CLIMATOLOGICAL DATA (WS FORM: F-6) , PAGE 2
STATION: BETHEL
MONTH: MAY
YEAR: 2021
LATITUDE: 60 46 N
LONGITUDE: 161 48 W
[TEMPERATURE DATA] [PRECIPITATION DATA] SYMBOLS USED IN COLUMN 16
AVERAGE MONTHLY: 45.8 TOTAL FOR MONTH: 0.46 1 = FOG OR MIST
DPTR FM NORMAL: 3.9 DPTR FM NORMAL: -0.68 2 = FOG REDUCING VISIBILITY
HIGHEST: 75 ON 25 GRTST 24HR 0.24 ON 20-21 TO 1/4 MILE OR LESS
LOWEST: 20 ON 1 3 = THUNDER
SNOW, ICE PELLETS, HAIL 4 = ICE PELLETS
TOTAL MONTH: M 5 = HAIL
GRTST 24HR M ON M 6 = FREEZING RAIN OR DRIZZLE
GRTST DEPTH: M ON M 7 = DUSTSTORM OR SANDSTORM:
VSBY 1/2 MILE OR LESS
8 = SMOKE OR HAZE
[NO. OF DAYS WITH] [WEATHER - DAYS WITH] 9 = BLOWING SNOW
X = TORNADO
MAX 32 OR BELOW: 0 0.01 INCH OR MORE: 6
MAX 90 OR ABOVE: 0 0.10 INCH OR MORE: 3
MIN 32 OR BELOW: 10 0.50 INCH OR MORE: 0
MIN 0 OR BELOW: 0 1.00 INCH OR MORE: 0
[HDD (BASE 65) ]
TOTAL THIS MO. 589 CLEAR (SCALE 0-3) 14
DPTR FM NORMAL -127 PTCLDY (SCALE 4-7) 12
TOTAL FM JUL 1 11373 CLOUDY (SCALE 8-10) 5
DPTR FM NORMAL -768
[CDD (BASE 65) ]
TOTAL THIS MO. 0
DPTR FM NORMAL 0 [PRESSURE DATA]
TOTAL FM JAN 1 0 HIGHEST SLP 30.24 ON 22
DPTR FM NORMAL 0 LOWEST SLP 29.43 ON 31
[REMARKS]
#FINAL-05-21#