000
CXUS56 KTFX 040532
CF6DLN
PRELIMINARY LOCAL CLIMATOLOGICAL DATA (WS FORM: F-6)
STATION: DILLON AIRPORT MT
MONTH: JUNE
YEAR: 2022
LATITUDE: 45 15 N
LONGITUDE: 112 33 W
TEMPERATURE IN F: :PCPN: SNOW: WIND :SUNSHINE: SKY :PK WND
================================================================================
1 2 3 4 5 6A 6B 7 8 9 10 11 12 13 14 15 16 17 18
12Z AVG MX 2MIN
DY MAX MIN AVG DEP HDD CDD WTR SNW DPTH SPD SPD DIR MIN PSBL S-S WX SPD DR
================================================================================
1 61 37 49 -4 16 0 0.00 M 0 5.9 20 30 M M 7 24 40
2 66 44 55 2 10 0 T M 0 7.0 21 50 M M 5 13 31 60
3 67 44 56 2 9 0 T M 0 4.5 30 300 M M 4 3 37 290
4 61 42 52 -2 13 0 0.23 M 0 5.1 14 220 M M 5 1 17 220
5 61 41 51 -3 14 0 0.03 M 0 6.2 15 200 M M 4 13 22 200
6 61 42 52 -2 13 0 0.06 M 0 8.7 26 320 M M 6 36 300
7 65 38 52 -2 13 0 0.00 M 0 5.0 16 240 M M 4 22 270
8 62 39 51 -3 14 0 0.00 M 0 3.5 9 200 M M 7 15 210
9 73 46 60 5 5 0 0.00 M 0 6.8 15 180 M M 1 22 180
10 78 51 65 10 0 0 T M 0 13.2 25 230 M M 2 8 33 240
11 74 47 61 6 4 0 T M 0 10.1 31 240 M M 6 40 250
12 58 45 52 -3 13 0 0.05 M 0 7.6 23 200 M M 7 1 30 190
13 56 42 49 -7 16 0 T M 0 13.7 25 270 M M 8 36 300
14 53 38 46 -10 19 0 0.00 M 0 18.6 32 260 M M 7 42 260
15 69 40 55 -1 10 0 0.00 M 0 13.8 26 260 M M 3 34 250
16 82 39 61 5 4 0 0.00 M 0 9.8 31 170 M M 0 42 180
17 88 46 67 10 0 2 0.00 M 0 15.0 39 170 M M 0 8 59 170
18 78 52 65 8 0 0 0.00 M 0 12.0 36 170 M M 2 50 170
19 67 42 55 -2 10 0 0.05 M 0 7.5 24 320 M M 5 13 32 320
20 58 42 50 -8 15 0 0.02 M 0 12.7 29 290 M M 7 42 300
21 70 37 54 -4 11 0 0.00 M 0 6.3 14 250 M M 0 21 260
22 77 45 61 3 4 0 0.00 M 0 10.2 23 260 M M 0 31 240
23 82 46 64 6 1 0 0.00 M 0 10.7 28 240 M M 0 8 37 250
24 72 42 57 -2 8 0 0.00 M 0 8.9 26 20 M M 0 33 10
25 67 36 52 -7 13 0 0.00 M 0 7.6 16 30 M M 0 22 20
26 81 36 59 -1 6 0 0.00 M 0 4.6 10 200 M M 0 8 12 200
27 84 43 64 4 1 0 0.00 M 0 6.8 18 330 M M 0 8 27 320
28 87 51 69 9 0 4 0.01 M 0 11.7 35 170 M M 0 63 220
29 78 48 63 3 2 0 0.00 M 0 10.1 24 250 M M 0 34 260
30 79 38 59 -2 6 0 0.00 M 0 5.7 15 30 M M 0 8 22 200
================================================================================
SM 2115 1279 250 6 0.45 M 269.3 M 90
================================================================================
AV 70.5 42.6 9.0 FASTST M M 3 MAX(MPH)
MISC ----> 39 170 63 220
================================================================================
NOTES:
# LAST OF SEVERAL OCCURRENCES
COLUMN 17 PEAK WIND IN M.P.H.
PRELIMINARY LOCAL CLIMATOLOGICAL DATA (WS FORM: F-6) , PAGE 2
STATION: DILLON AIRPORT MT
MONTH: JUNE
YEAR: 2022
LATITUDE: 45 15 N
LONGITUDE: 112 33 W
[TEMPERATURE DATA] [PRECIPITATION DATA] SYMBOLS USED IN COLUMN 16
AVERAGE MONTHLY: 56.6 TOTAL FOR MONTH: 0.45 1 = FOG OR MIST
DPTR FM NORMAL: 0.0 DPTR FM NORMAL: -1.46 2 = FOG REDUCING VISIBILITY
HIGHEST: 88 ON 17 GRTST 24HR 0.25 ON 4- 5 TO 1/4 MILE OR LESS
LOWEST: 36 ON 26,25 3 = THUNDER
SNOW, ICE PELLETS, HAIL 4 = ICE PELLETS
TOTAL MONTH: M 5 = HAIL
GRTST 24HR M ON M 6 = FREEZING RAIN OR DRIZZLE
GRTST DEPTH: 0 7 = DUSTSTORM OR SANDSTORM:
VSBY 1/2 MILE OR LESS
8 = SMOKE OR HAZE
[NO. OF DAYS WITH] [WEATHER - DAYS WITH] 9 = BLOWING SNOW
X = TORNADO
MAX 32 OR BELOW: 0 0.01 INCH OR MORE: 7
MAX 90 OR ABOVE: 0 0.10 INCH OR MORE: 1
MIN 32 OR BELOW: 0 0.50 INCH OR MORE: 0
MIN 0 OR BELOW: 0 1.00 INCH OR MORE: 0
[HDD (BASE 65) ]
TOTAL THIS MO. 250 CLEAR (SCALE 0-3) 16
DPTR FM NORMAL -12 PTCLDY (SCALE 4-7) 14
TOTAL FM JUL 1 8162 CLOUDY (SCALE 8-10) 0
DPTR FM NORMAL -381
[CDD (BASE 65) ]
TOTAL THIS MO. 6
DPTR FM NORMAL -2 [PRESSURE DATA]
TOTAL FM JAN 1 6 HIGHEST SLP 30.39 ON 25
DPTR FM NORMAL -2 LOWEST SLP 29.42 ON 17
[REMARKS]
#FINAL-06-22#