000
CXUS56 KLKN 020810
CF6ELY
PRELIMINARY LOCAL CLIMATOLOGICAL DATA (WS FORM: F-6)
STATION: ELY AIRPORT NV
MONTH: JULY
YEAR: 2021
LATITUDE: 39 16 N
LONGITUDE: 114 51 W
TEMPERATURE IN F: :PCPN: SNOW: WIND :SUNSHINE: SKY :PK WND
================================================================================
1 2 3 4 5 6A 6B 7 8 9 10 11 12 13 14 15 16 17 18
12Z AVG MX 2MIN
DY MAX MIN AVG DEP HDD CDD WTR SNW DPTH SPD SPD DIR MIN PSBL S-S WX SPD DR
================================================================================
1 86 46 66 0 0 1 0.00 0.0 0 9.9 30 30 M M 2 3 35 30
2 86 48 67 0 0 2 0.06 0.0 0 9.1 24 10 M M 1 29 20
3 93 50 72 5 0 7 0.00 0.0 0 8.1 22 180 M M 0 28 180
4 86 53 70 3 0 5 0.01 0.0 0 7.0 24 230 M M 2 3 35 250
5 89 50 70 2 0 5 T 0.0 0 7.3 21 160 M M 1 3 26 160
6 94 54 74 6 0 9 T 0.0 0 7.0 28 200 M M 0 8 34 190
7 98 60 79 11 0 14 0.00 0.0 0 10.5 24 230 M M 0 35 230
8 98 53 76 8 0 11 0.00 0.0 0 10.0 29 200 M M 0 41 230
9 98 54 76 7 0 11 0.00 0.0 0 9.0 21 30 M M 0 8 27 10
10 98 52 75 6 0 10 0.00 0.0 0 8.3 28 340 M M 0 37 350
11 98 59 79 10 0 14 T 0.0 0 9.2 31 240 M M 0 8 38 240
12 98 57 78 9 0 13 0.01 0.0 0 10.7 26 220 M M 0 3 33 220
13 94 54 74 5 0 9 T 0.0 0 10.9 43 270 M M 2 38 55 280
14 90 50 70 0 0 5 T 0.0 0 12.1 28 160 M M 0 3 38 230
15 93 59 76 6 0 11 T 0.0 0 13.3 37 310 M M 1 50 300
16 90 49 70 0 0 5 0.01 0.0 0 11.2 26 300 M M 1 3 34 300
17 93 56 75 5 0 10 0.00 0.0 0 10.5 23 270 M M 1 34 230
18 91 54 73 3 0 8 0.02 0.0 0 7.9 24 150 M M 3 30 150
19 84 58 71 1 0 6 T 0.0 0 7.2 31 270 M M 4 3 41 270
20 90 50 70 0 0 5 0.00 0.0 0 8.2 21 230 M M 1 27 220
21 92 50 71 1 0 6 T 0.0 0 10.0 22 150 M M 4 28 150
22 89 55 72 2 0 7 1.02 0.0 0 10.3 33 280 M M 4 138 42 290
23 88 58 73 3 0 8 0.00 0.0 0 4.6 14 220 M M 1 17 220
24 91 53 72 2 0 7 0.00 0.0 0 6.1 13 160 M M 0 16 160
25 92 54 73 3 0 8 0.00 0.0 0 6.9 16 30 M M 0 8 21 40
26 92 53 73 3 0 8 0.00 0.0 0 9.7 32 150 M M 0 8 39 170
27 86 60 73 3 0 8 0.00 0.0 0 7.9 20 260 M M 2 27 250
28 87 56 72 2 0 7 0.00 0.0 0 11.4 29 30 M M 3 3 36 30
29 85 53 69 -1 0 4 T 0.0 0 7.2 21 40 M M 4 27 30
30 83 55 69 -1 0 4 0.01 0.0 0 6.8 25 150 M M 6 3 30 170
31 77 53 65 -5 0 0 0.11 0.0 0 6.9 24 190 M M 4 13 30 190
================================================================================
SM 2809 1666 0 228 1.25 0.0 275.2 M 47
================================================================================
AV 90.6 53.7 8.9 FASTST M M 2 MAX(MPH)
MISC ----> 43 270 55 280
================================================================================
NOTES:
# LAST OF SEVERAL OCCURRENCES
COLUMN 17 PEAK WIND IN M.P.H.
PRELIMINARY LOCAL CLIMATOLOGICAL DATA (WS FORM: F-6) , PAGE 2
STATION: ELY AIRPORT NV
MONTH: JULY
YEAR: 2021
LATITUDE: 39 16 N
LONGITUDE: 114 51 W
[TEMPERATURE DATA] [PRECIPITATION DATA] SYMBOLS USED IN COLUMN 16
AVERAGE MONTHLY: 72.2 TOTAL FOR MONTH: 1.25 1 = FOG OR MIST
DPTR FM NORMAL: 2.9 DPTR FM NORMAL: 0.62 2 = FOG REDUCING VISIBILITY
HIGHEST: 98 ON 12,11 GRTST 24HR 1.02 ON 22-22 TO 1/4 MILE OR LESS
LOWEST: 46 ON 1 3 = THUNDER
SNOW, ICE PELLETS, HAIL 4 = ICE PELLETS
TOTAL MONTH: 0.0 INCH 5 = HAIL
GRTST 24HR 0.0 6 = FREEZING RAIN OR DRIZZLE
GRTST DEPTH: 0 7 = DUSTSTORM OR SANDSTORM:
VSBY 1/2 MILE OR LESS
8 = SMOKE OR HAZE
[NO. OF DAYS WITH] [WEATHER - DAYS WITH] 9 = BLOWING SNOW
X = TORNADO
MAX 32 OR BELOW: 0 0.01 INCH OR MORE: 8
MAX 90 OR ABOVE: 19 0.10 INCH OR MORE: 2
MIN 32 OR BELOW: 0 0.50 INCH OR MORE: 1
MIN 0 OR BELOW: 0 1.00 INCH OR MORE: 1
[HDD (BASE 65) ]
TOTAL THIS MO. 0 CLEAR (SCALE 0-3) 23
DPTR FM NORMAL -14 PTCLDY (SCALE 4-7) 8
TOTAL FM JUL 1 0 CLOUDY (SCALE 8-10) 0
DPTR FM NORMAL -9
[CDD (BASE 65) ]
TOTAL THIS MO. 228
DPTR FM NORMAL 82 [PRESSURE DATA]
TOTAL FM JAN 1 341 HIGHEST SLP 30.14 ON 31
DPTR FM NORMAL 157 LOWEST SLP 29.69 ON 7
[REMARKS]
#FINAL-07-21#