982
CXUS51 KOKX 021710
CLAEWR
CLIMATE REPORT
NATIONAL WEATHER SERVICE NEW YORK NY
1207 PM EST THU JAN 2 2020
...................................
...THE NEWARK NJ CLIMATE SUMMARY FOR THE YEAR OF 2019...
CLIMATE NORMAL PERIOD 1981 TO 2010
CLIMATE RECORD PERIOD 1893 TO 2020
WEATHER OBSERVED NORMAL DEPART LAST YEAR`S
VALUE DATE(S) VALUE FROM VALUE DATE(S)
NORMAL
................................................................
TEMPERATURE (F)
RECORD
HIGH 108 07/22/2011
LOW -14 02/09/1934
HIGHEST 99 07/21 MM MM 98 09/06
07/01
LOWEST 2 01/31 MM MM 4 01/07
AVG. MAXIMUM 63.8 63.2 0.6 63.8
AVG. MINIMUM 47.6 46.6 1.0 47.9
MEAN 55.7 54.9 0.8 55.9
DAYS MAX >= 90 27 20.9 6.1 36
DAYS MAX <= 32 9 15.6 -6.6 12
DAYS MIN <= 32 93 81.9 11.1 85
DAYS MIN <= 0 0 0.4 -0.4 0
PRECIPITATION (INCHES)
RECORD
MAXIMUM 69.91 2011
MINIMUM 26.09 1965
TOTALS 58.56 46.25 12.31 59.47
DAILY AVG. 0.16 0.13 0.03 0.16
DAYS >= .01 138 122.2 15.8 149
DAYS >= .10 89 75.7 13.3 94
DAYS >= .50 53 32.0 21.0 47
DAYS >= 1.00 17 12.5 4.5 17
GREATEST
24 HR. TOTAL 2.13 MM 12/31 TO 12/31
12/31 TO 12/31EATHER OBSERVED NORMAL DEPART LAST YEAR`S
12/31 TO 12/31EATHER OBSERVED NORMAL DEPART LAST YEAR`S
STORM TOTAL MM MM
(MM/DD(HH)) MM 12/31(00) TO 12/31(00)
12/31(00) TO 12/31(00)1EATHER OBSERVED NORMAL DEPART LAST YEAR`S
12/31(00) TO 12/31(00)1EATHER OBSERVED NORMAL DEPART LAST YEAR`S
SNOWFALL (INCHES)
RECORDS
TOTAL 65.8 1978
24 HR TOTAL 27.5 12/31/2016 TO 12/31/2016
SNOW DEPTH 30 01/08/1996
TOTALS 19.8 28.5 -8.7 38.1
LIQUID EQUIV 1.98 2.80 -0.82 3.81
SINCE 7/1 4.2 5.8 -1.6 6.4
LIQUID 7/1 0.42 0.60 -0.18 0.64
SNOWDEPTH AVG. 0 MM MM 0
DAYS >= TRACE 31 14.5 16.5 32
DAYS >= 1.0 7 6.8 0.2 7
GREATEST
SNOW DEPTH 4 03/04 8 03/22
03/02
24 HR TOTAL 4.5 MM 12/31 TO 12/31
12/31 TO 12/31EATHER OBSERVED NORMAL DEPART LAST YEAR`S
12/31 TO 12/31EATHER OBSERVED NORMAL DEPART LAST YEAR`S
STORM TOTAL MM MM
(MM/DD(HH)) MM 12/31(00) TO 12/31(00)
12/31(00) TO 12/31(00)1EATHER OBSERVED NORMAL DEPART LAST YEAR`S
12/31(00) TO 12/31(00)1EATHER OBSERVED NORMAL DEPART LAST YEAR`S
DEGREE_DAYS
HEATING TOTAL 4649 4870 -221 4726
SINCE 7/1 MM 1750 MM MM
COOLING TOTAL 1400 1190 210 1511
SINCE 1/1 1400 1192 208 1511
.................................................................
WIND (MPH)
AVERAGE WIND SPEED 9.5
RESULTANT WIND SPEED/DIRECTION 3/294
HIGHEST WIND SPEED/DIRECTION 46/270 DATE 02/25
HIGHEST GUST SPEED/DIRECTION 58/270 DATE 02/25
SKY COVER
POSSIBLE SUNSHINE (PERCENT) MM
AVERAGE SKY COVER 0.70
NUMBER OF DAYS FAIR 46
NUMBER OF DAYS PC 173
NUMBER OF DAYS CLOUDY 146
AVERAGE RH (PERCENT) 63
WEATHER CONDITIONS. NUMBER OF DAYS WITH
0
70
6
1
14
11
5
HAZE 21
- INDICATES NEGATIVE NUMBERS.
R INDICATES RECORD WAS SET OR TIED.
MM INDICATES DATA IS MISSING.
T INDICATES TRACE AMOUNT.
$$