000
CXUS51 KOKX 012026
CLAEWR
CLIMATE REPORT
NATIONAL WEATHER SERVICE NEW YORK, NY
326 PM EST SAT JAN 01 2022
...................................
...THE NEWARK NJ CLIMATE SUMMARY FOR THE YEAR OF 2021...
CLIMATE NORMAL PERIOD 1991 TO 2020
CLIMATE RECORD PERIOD 1931 TO 2021
WEATHER OBSERVED NORMAL DEPART LAST YEAR`S
VALUE DATE(S) VALUE FROM VALUE DATE(S)
NORMAL
................................................................
TEMPERATURE (F)
RECORD
HIGH 108 07/22/2011
LOW -14 02/09/1934
HIGHEST 103 06/30 MM MM 96 07/19
07/20
07/27
LOWEST 16 01/30 MM MM 12 02/15
02/08
02/12
AVG. MAXIMUM 66.4 63.8 2.6 65.7
AVG. MINIMUM 49.5 47.2 2.3 48.9
MEAN 57.9 55.5 2.4 57.3
DAYS MAX >= 90 41 28.0 13.0 31
DAYS MAX <= 32 7 15.0 -8.0 3
DAYS MIN <= 32 68 79.9 -11.9 57
DAYS MIN <= 0 0 0.2 -0.2 0
PRECIPITATION (INCHES)
RECORD
MAXIMUM 69.91 2011
MINIMUM 26.09 1965
TOTALS 55.85 46.60 9.25 47.18
DAILY AVG. 0.15 0.13 0.02 0.13
DAYS >= .01 130 123.1 6.9 122
DAYS >= .10 79 76.3 2.7 82
DAYS >= .50 31 32.5 -1.5 34
DAYS >= 1.00 14 12.0 2.0 12
GREATEST
24 HR. TOTAL 8.44 09/01 TO 09/02 2.78 07/10 TO 07/10
STORM TOTAL 8.41 1.59
(MM/DD(HH)) MM
SNOWFALL (INCHES)
RECORDS
TOTAL 65.8 1978
24 HR TOTAL 25.9 12/26/2016 TO 12/26/1947
SNOW DEPTH 31 01/11/1996
01/10/1996
01/09/1996
TOTALS 34.0 31.5 2.5 14.6
LIQUID EQUIV 3.40 3.10 0.30 1.50
SINCE 7/1 0.2 6.2 -6.0 MM
LIQUID 7/1 0.02 0.60 -0.58 MM
SNOWDEPTH AVG. 0 0
DAYS >= TRACE 29 15.0 14.0 22
DAYS >= 1.0 7 7.0 0.0 3
GREATEST
SNOW DEPTH 17 02/02 11 12/17
02/03
24 HR TOTAL 15.1 11.4 12/16 TO 12/17
STORM TOTAL 15.1 11.4
(MM/DD(HH)) MM
DEGREE DAYS
HEATING TOTAL 4091 4701 -610 4145
SINCE 7/1 1238 1666 -428 MM
COOLING TOTAL 1663 1270 393 1420
SINCE 1/1 1663 1270 393 MM
................................................................
WIND (MPH)
AVERAGE WIND SPEED 9.3
RESULTANT WIND SPEED/DIRECTION 3/290
HIGHEST WIND SPEED/DIRECTION 45/310 DATE 05/26
HIGHEST GUST SPEED/DIRECTION 59/240 DATE 03/26
SKY COVER
POSSIBLE SUNSHINE (PERCENT) MM
AVERAGE SKY COVER 0.65
NUMBER OF DAYS FAIR 58
NUMBER OF DAYS PC 160
NUMBER OF DAYS CLOUDY 147
AVERAGE RH (PERCENT) 60
WEATHER CONDITIONS. NUMBER OF DAYS WITH
THUNDERSTORM 42 MIXED PRECIP 1
HEAVY RAIN 41 RAIN 52
LIGHT RAIN 161 FREEZING RAIN 0
LT FREEZING RAIN 5 HAIL 2
HEAVY SNOW 4 SNOW 5
LIGHT SNOW 27 SLEET 7
FOG 105 FOG W/VIS <= 1/4 MILE 3
HAZE 48
- INDICATES NEGATIVE NUMBERS.
R INDICATES RECORD WAS SET OR TIED.
MM INDICATES DATA IS MISSING.
T INDICATES TRACE AMOUNT.
$$