000
CXUS54 KMAF 011210
CF6FST
PRELIMINARY LOCAL CLIMATOLOGICAL DATA (WS FORM: F-6)
STATION: FORT STOCKTON
MONTH: DECEMBER
YEAR: 2021
LATITUDE: 30 55 N
LONGITUDE: 102 55 W
TEMPERATURE IN F: :PCPN: SNOW: WIND :SUNSHINE: SKY :PK WND
================================================================================
1 2 3 4 5 6A 6B 7 8 9 10 11 12 13 14 15 16 17 18
12Z AVG MX 2MIN
DY MAX MIN AVG DEP HDD CDD WTR SNW DPTH SPD SPD DIR MIN PSBL S-S WX SPD DR
================================================================================
1 76 45 61 9 4 0 0.00 M M 5.9 15 240 M M 0 19 240
2 81 52 67 15 0 2 0.00 M M 8.2 21 170 M M 0 26 170
3 83 56 70 19 0 5 0.00 M M 10.0 16 330 M M 0 18 220
4 69 44 57 6 8 0 0.00 M M 7.3 13 250 M M 0 16 280
5 71 47 59 8 6 0 0.00 M M 6.8 15 210 M M 0 17 230
6 57 36 47 -4 18 0 0.00 M M 10.1 25 350 M M 1 8 32 10
7 77 35 56 5 9 0 0.00 M M 9.1 20 220 M M 0 24 220
8 81 50 66 16 0 1 0.00 M M 9.5 17 200 M M 0 32 190
9 81 54 68 18 0 3 0.00 M M 10.1 17 250 M M 0 24 240
10 79 55 67 17 0 2 T M M 13.7 29 250 M M 3 38 250
11 56 37 47 -3 18 0 0.00 M M 7.5 25 340 M M 0 29 350
12 73 36 55 5 10 0 0.00 M M 10.4 18 160 M M 0 23 150
13 79 39 59 9 6 0 0.00 M M 9.4 16 230 M M 0 20 230
14 85 43 64 15 1 0 0.00 M M 10.2 23 160 M M 0 29 150
15 85 52 69 20 0 4 0.00 M M 11.6 26 230 M M 0 33 220
16 68 44 56 7 9 0 0.00 M M 5.4 14 300 M M 0 22 320
17 77 51 64 15 1 0 0.00 M M 6.6 16 140 M M 1 19 130
18 62 43 53 4 12 0 T M M 10.8 18 30 M M 5 26 340
19 49 36 43 -6 22 0 0.00 M M 9.7 18 140 M M 7 22 130
20 69 36 53 5 12 0 0.00 M M 11.5 18 320 M M 0 23 320
21 73 36 55 7 10 0 0.00 M M 11.6 18 230 M M 0 23 230
22 77 47 62 14 3 0 0.00 M M 9.2 17 230 M M 0 8 21 230
23 85 54 70 22 0 5 0.00 M M 11.8 17 240 M M 0 22 250
24 87 58 73 25 0 8 0.00 M M 13.8 26 250 M M 0 35 240
25 83 58 71 23 0 6 0.00 M M 8.4 20 250 M M 0 25 260
26 84 59 72 24 0 7 0.00 M M 14.2 25 230 M M 0 31 240
27 84 52 68 20 0 3 0.00 M M 7.9 16 240 M M 0 24 280
28 74 45 60 12 5 0 0.00 M M 6.5 13 340 M M 0 17 360
29 68 48 58 10 7 0 0.00 M M 7.5 21 320 M M 0 24 320
30 68 41 55 7 10 0 0.00 M M 5.7 13 220 M M 0 14 220
31 69 49 59 11 6 0 T M M 8.7 35 330 M M 3 41 330
================================================================================
SM 2310 1438 177 46 T M 289.1 M 20
================================================================================
AV 74.5 46.4 9.3 FASTST M M 1 MAX(MPH)
MISC ----> 35 330 41 330
================================================================================
NOTES:
# LAST OF SEVERAL OCCURRENCES
COLUMN 17 PEAK WIND IN M.P.H.
PRELIMINARY LOCAL CLIMATOLOGICAL DATA (WS FORM: F-6) , PAGE 2
STATION: FORT STOCKTON
MONTH: DECEMBER
YEAR: 2021
LATITUDE: 30 55 N
LONGITUDE: 102 55 W
[TEMPERATURE DATA] [PRECIPITATION DATA] SYMBOLS USED IN COLUMN 16
AVERAGE MONTHLY: 60.5 TOTAL FOR MONTH: T 1 = FOG OR MIST
DPTR FM NORMAL: 11.3 DPTR FM NORMAL: -0.59 2 = FOG REDUCING VISIBILITY
HIGHEST: 87 ON 24 GRTST 24HR T ON 10-10 TO 1/4 MILE OR LESS
LOWEST: 35 ON 7 3 = THUNDER
SNOW, ICE PELLETS, HAIL 4 = ICE PELLETS
TOTAL MONTH: M 5 = HAIL
GRTST 24HR M ON M 6 = FREEZING RAIN OR DRIZZLE
GRTST DEPTH: M ON M 7 = DUSTSTORM OR SANDSTORM:
VSBY 1/2 MILE OR LESS
8 = SMOKE OR HAZE
[NO. OF DAYS WITH] [WEATHER - DAYS WITH] 9 = BLOWING SNOW
X = TORNADO
MAX 32 OR BELOW: 0 0.01 INCH OR MORE: 0
MAX 90 OR ABOVE: 0 0.10 INCH OR MORE: 0
MIN 32 OR BELOW: 0 0.50 INCH OR MORE: 0
MIN 0 OR BELOW: 0 1.00 INCH OR MORE: 0
[HDD (BASE 65) ]
TOTAL THIS MO. 177 CLEAR (SCALE 0-3) 28
DPTR FM NORMAL -314 PTCLDY (SCALE 4-7) 3
TOTAL FM JUL 1 361 CLOUDY (SCALE 8-10) 0
DPTR FM NORMAL -477
[CDD (BASE 65) ]
TOTAL THIS MO. 46
DPTR FM NORMAL 43 [PRESSURE DATA]
TOTAL FM JAN 1 2698 HIGHEST SLP 30.32 ON 6
DPTR FM NORMAL 94 LOWEST SLP 29.56 ON 27
[REMARKS]
#FINAL-12-21#