457
CXUS53 KAPX 010730
CF6HTL
PRELIMINARY LOCAL CLIMATOLOGICAL DATA (WS FORM: F-6)
STATION: HOUGHTON LAKE MI
MONTH: MARCH
YEAR: 2021
LATITUDE: 44 22 N
LONGITUDE: 84 41 W
TEMPERATURE IN F: :PCPN: SNOW: WIND :SUNSHINE: SKY :PK WND
================================================================================
1 2 3 4 5 6A 6B 7 8 9 10 11 12 13 14 15 16 17 18
12Z AVG MX 2MIN
DY MAX MIN AVG DEP HDD CDD WTR SNW DPTH SPD SPD DIR MIN PSBL S-S WX SPD DR
================================================================================
1 31 13 22 -2 43 0 T T 11 14.8 28 320 M M 10 43 310
2 35 5 20 -4 45 0 0.00 0.0 11 10.2 24 220 M M 3 40 230
3 44 21 33 9 32 0 0.00 0.0 11 8.7 22 320 M M 4 128 29 340
4 30 18 24 0 41 0 T T 10 10.8 18 330 M M 4 29 10
5 34 16 25 0 40 0 0.00 0.0 10 10.7 22 320 M M 5 32 310
6 32 12 22 -3 43 0 0.00 0.0 10 9.2 18 330 M M 0 28 320
7 37 2 20 -6 45 0 0.00 0.0 10 4.6 12 170 M M 1 17 170
8 51 28 40 14 25 0 0.00 0.0 8 7.2 16 300 M M 2 22 300
9 51 20 36 10 29 0 0.00 0.0 5 6.4 17 150 M M 0 1 27 160
10 59 42 51 24 14 0 0.00 0.0 T 10.0 21 200 M M 6 31 200
11 55 35 45 18 20 0 0.01 0.0 T 16.5 30 230 M M 4 47 220
12 38 17 28 1 37 0 0.00 0.0 0 10.2 25 280 M M 1 37 330
13 48 13 31 3 34 0 0.00 0.0 0 8.3 17 260 M M 0 33 260
14 41 19 30 2 35 0 0.00 0.0 0 9.1 20 30 M M 0 28 20
15 35 14 25 -3 40 0 0.00 0.0 0 10.6 21 90 M M 1 28 100
16 34 25 30 1 35 0 0.20 1.4 1 3.7 15 90 M M 10 1 22 90
17 35 28 32 3 33 0 0.16 T T 3.4 12 20 M M 10 18 15 20
18 44 27 36 6 29 0 0.00 0.0 T 12.2 26 60 M M 2 35 40
19 49 19 34 4 31 0 0.00 0.0 M 4.8 10 80 M M 0 14 100
20 56 19 38 8 27 0 0.00 0.0 0 4.2 10 220 M M 0 14 210
21 64 33 49 18 16 0 0.00 0.0 0 8.7 17 190 M M 0 26 190
22 66 35 51 20 14 0 0.00 0.0 0 7.5 16 210 M M 3 26 230
23 67 36 52 20 13 0 T 0.0 0 7.5 16 160 M M 7 25 170
24 65 46 56 24 9 0 0.08 0.0 0 13.1 25 220 M M 9 1 39 180
25 50 32 41 8 24 0 0.06 0.0 0 9.5 26 240 M M 8 40 230
26 45 30 38 5 27 0 0.22 T 0 9.0 16 10 M M 8 16 22 10
27 44 24 34 0 31 0 0.20 T 0 6.0 14 110 M M 7 1 21 110
28 39 28 34 0 31 0 0.04 T 0 14.2 31 310 M M 10 128 47 300
29 49 26 38 3 27 0 0.00 0.0 0 11.8 18 170 M M 2 32 160
30 64 42 53 18 12 0 T 0.0 0 14.6 26 200 M M 4 38 210
31 43 22 33 -3 32 0 0.01 T 0 13.5 21 280 M M 6 29 280
================================================================================
SM 1435 747 914 0 0.98 1.4 291.0 M 127
================================================================================
AV 46.3 24.1 9.4 FASTST M M 4 MAX(MPH)
MISC ----> 31 310 # 47 220
================================================================================
NOTES:
# LAST OF SEVERAL OCCURRENCES
COLUMN 17 PEAK WIND IN M.P.H.
PRELIMINARY LOCAL CLIMATOLOGICAL DATA (WS FORM: F-6) , PAGE 2
STATION: HOUGHTON LAKE MI
MONTH: MARCH
YEAR: 2021
LATITUDE: 44 22 N
LONGITUDE: 84 41 W
[TEMPERATURE DATA] [PRECIPITATION DATA] SYMBOLS USED IN COLUMN 16
AVERAGE MONTHLY: 35.2 TOTAL FOR MONTH: 0.98 1 = FOG OR MIST
DPTR FM NORMAL: 6.1 DPTR FM NORMAL: -0.86 2 = FOG REDUCING VISIBILITY
HIGHEST: 67 ON 23 GRTST 24HR 0.28 ON 25-26 TO 1/4 MILE OR LESS
LOWEST: 2 ON 7 3 = THUNDER
SNOW, ICE PELLETS, HAIL 4 = ICE PELLETS
TOTAL MONTH: 1.4 INCHES 5 = HAIL
GRTST 24HR 1.4 ON 16-16 6 = FREEZING RAIN OR DRIZZLE
GRTST DEPTH: 12 ON M 7 = DUSTSTORM OR SANDSTORM:
VSBY 1/2 MILE OR LESS
8 = SMOKE OR HAZE
[NO. OF DAYS WITH] [WEATHER - DAYS WITH] 9 = BLOWING SNOW
X = TORNADO
MAX 32 OR BELOW: 3 0.01 INCH OR MORE: 9
MAX 90 OR ABOVE: 0 0.10 INCH OR MORE: 4
MIN 32 OR BELOW: 24 0.50 INCH OR MORE: 0
MIN 0 OR BELOW: 0 1.00 INCH OR MORE: 0
[HDD (BASE 65) ]
TOTAL THIS MO. 914 CLEAR (SCALE 0-3) 15
DPTR FM NORMAL -199 PTCLDY (SCALE 4-7) 11
TOTAL FM JUL 1 6404 CLOUDY (SCALE 8-10) 5
DPTR FM NORMAL -582
[CDD (BASE 65) ]
TOTAL THIS MO. 0
DPTR FM NORMAL 0 [PRESSURE DATA]
TOTAL FM JAN 1 0 HIGHEST SLP 30.60 ON 20
DPTR FM NORMAL 0 LOWEST SLP 29.52 ON 28
[REMARKS]
#FINAL-03-21#