586
CXUS51 KRLX 011130
CF6HTS
PRELIMINARY LOCAL CLIMATOLOGICAL DATA (WS FORM: F-6)
STATION: HUNTINGTON WV
MONTH: APRIL
YEAR: 2020
LATITUDE: 38 22 N
LONGITUDE: 82 33 W
TEMPERATURE IN F: :PCPN: SNOW: WIND :SUNSHINE: SKY :PK WND
================================================================================
1 2 3 4 5 6A 6B 7 8 9 10 11 12 13 14 15 16 17 18
12Z AVG MX 2MIN
DY MAX MIN AVG DEP HDD CDD WTR SNW DPTH SPD SPD DIR MIN PSBL S-S WX SPD DR
================================================================================
1 51 41 46 -6 19 0 0.01 0.0 0 5.4 12 360 M M 10 17 310
2 62 42 52 0 13 0 0.00 0.0 0 5.8 15 340 M M 3 20 340
3 69 34 52 0 13 0 0.00 0.0 0 4.1 13 310 M M 0 18 340
4 74 41 58 5 7 0 0.00 0.0 0 2.0 12 330 M M 1 15 310
5 75 51 63 10 2 0 0.00 0.0 0 4.3 14 350 M M 5 17 10
6 72 50 61 8 4 0 0.02 0.0 0 4.1 12 310 M M 6 1 17 250
7 79 53 66 12 0 1 0.01 0.0 M 7.4 18 240 M M 4 3 28 260
8 81 56 69 15 0 4 0.46 0.0 0 7.2 28 340 M M 5 138 39 330
9 59 38 49 -5 16 0 0.16 0.0 0 12.3 24 350 M M 5 13 35 290
10 51 35 43 -12 22 0 T 0.0 0 7.7 16 300 M M 5 27 310
11 63 30 47 -8 18 0 0.00 0.0 0 5.3 13 210 M M 5 17 260
12 69 48 59 4 6 0 0.74 0.0 0 6.9 22 180 M M 9 1 33 180
13 66 43 55 -1 10 0 0.41 0.0 0 9.9 25 180 M M 7 18 42 190
14 45 33 39 -17 26 0 0.01 T 0 4.8 14 330 M M 7 19 330
15 55 30 43 -13 22 0 T 0.0 0 7.6 18 260 M M 5 12 30 270
16 55 28 42 -14 23 0 0.00 0.0 0 6.0 16 300 M M 1 24 290
17 65 38 52 -5 13 0 0.14 0.0 0 6.4 26 250 M M 7 1 41 250
18 50 36 43 -14 22 0 0.26 0.0 0 6.9 17 310 M M 7 1 25 310
19 66 31 49 -8 16 0 0.00 0.0 0 3.5 13 330 M M 3 16 320
20 68 46 57 -1 8 0 0.00 0.0 0 5.5 16 260 M M 1 24 300
21 64 42 53 -5 12 0 0.01 0.0 0 11.5 25 280 M M 3 41 300
22 70 31 51 -7 14 0 0.00 0.0 0 2.4 13 220 M M 0 20 330
23 57 52 55 -3 10 0 1.12 0.0 0 5.5 14 190 M M 8 1 19 190
24 62 50 56 -3 9 0 0.03 0.0 0 4.1 12 320 M M 8 1 17 310
25 67 44 56 -3 9 0 0.26 0.0 0 5.2 15 120 M M 8 12 21 120
26 56 45 51 -8 14 0 0.52 0.0 0 9.7 16 310 M M 10 1 24 330
27 64 40 52 -8 13 0 T 0.0 0 3.6 12 360 M M 0 18 350
28 75 46 61 1 4 0 0.07 0.0 0 6.9 18 220 M M 7 28 230
29 80 51 66 6 0 1 0.68 0.0 0 8.2 26 200 M M 6 1 38 190
30 56 47 52 -8 13 0 0.09 0.0 0 8.6 18 240 M M 8 1 24 240
================================================================================
SM 1926 1252 358 6 5.00 T 188.8 M 154
================================================================================
AV 64.2 41.7 6.3 FASTST M M 5 MAX(MPH)
MISC ----> # 28 340 # 42 190
================================================================================
NOTES:
# LAST OF SEVERAL OCCURRENCES
COLUMN 17 PEAK WIND IN M.P.H.
PRELIMINARY LOCAL CLIMATOLOGICAL DATA (WS FORM: F-6) , PAGE 2
STATION: HUNTINGTON WV
MONTH: APRIL
YEAR: 2020
LATITUDE: 38 22 N
LONGITUDE: 82 33 W
[TEMPERATURE DATA] [PRECIPITATION DATA] SYMBOLS USED IN COLUMN 16
AVERAGE MONTHLY: 53.0 TOTAL FOR MONTH: 5.00 1 = FOG OR MIST
DPTR FM NORMAL: -3.2 DPTR FM NORMAL: 1.56 2 = FOG REDUCING VISIBILITY
HIGHEST: 81 ON 8 GRTST 24HR 1.12 ON 23-23 TO 1/4 MILE OR LESS
LOWEST: 28 ON 16 3 = THUNDER
SNOW, ICE PELLETS, HAIL 4 = ICE PELLETS
TOTAL MONTH: T 5 = HAIL
GRTST 24HR T ON 14-14 6 = FREEZING RAIN OR DRIZZLE
GRTST DEPTH: 0 7 = DUSTSTORM OR SANDSTORM:
VSBY 1/2 MILE OR LESS
8 = SMOKE OR HAZE
[NO. OF DAYS WITH] [WEATHER - DAYS WITH] 9 = BLOWING SNOW
X = TORNADO
MAX 32 OR BELOW: 0 0.01 INCH OR MORE: 18
MAX 90 OR ABOVE: 0 0.10 INCH OR MORE: 10
MIN 32 OR BELOW: 5 0.50 INCH OR MORE: 4
MIN 0 OR BELOW: 0 1.00 INCH OR MORE: 1
[HDD (BASE 65) ]
TOTAL THIS MO. 358 CLEAR (SCALE 0-3) 7
DPTR FM NORMAL 67 PTCLDY (SCALE 4-7) 18
TOTAL FM JUL 1 3825 CLOUDY (SCALE 8-10) 5
DPTR FM NORMAL -563
[CDD (BASE 65) ]
TOTAL THIS MO. 6
DPTR FM NORMAL -21 [PRESSURE DATA]
TOTAL FM JAN 1 25 HIGHEST SLP 30.35 ON 16
DPTR FM NORMAL -7 LOWEST SLP 29.30 ON 13
[REMARKS]
#FINAL-04-20#