000
CXUS51 KCTP 010900
CF6JST
PRELIMINARY LOCAL CLIMATOLOGICAL DATA (WS FORM: F-6)
STATION: JOHNSTOWN
MONTH: OCTOBER
YEAR: 2020
LATITUDE: 40 18 N
LONGITUDE: 78 50 W
TEMPERATURE IN F: :PCPN: SNOW: WIND :SUNSHINE: SKY :PK WND
================================================================================
1 2 3 4 5 6A 6B 7 8 9 10 11 12 13 14 15 16 17 18
12Z AVG MX 2MIN
DY MAX MIN AVG DEP HDD CDD WTR SNW DPTH SPD SPD DIR MIN PSBL S-S WX SPD DR
================================================================================
1 60 44 52 -2 13 0 0.00 M M 9.0 18 270 M M 5 26 250
2 54 39 47 -7 18 0 0.02 M M 8.2 18 290 M M 4 22 260
3 54 35 45 -8 20 0 0.00 M M 4.2 12 280 M M 4 1 15 280
4 61 44 53 0 12 0 0.21 M M 8.3 16 180 M M 8 12 21 180
5 54 42 48 -5 17 0 T M M 7.5 16 300 M M 7 12 23 300
6 63 39 51 -1 14 0 0.00 M M 8.5 15 250 M M 1 20 270
7 69 51 60 8 5 0 0.00 M M 15.2 29 280 M M 3 40 260
8 58 46 52 0 13 0 0.00 M M 9.9 21 300 M M 4 25 300
9 68 46 57 5 8 0 0.00 M M 8.1 13 190 M M 0 16 210
10 71 59 65 14 0 0 T M M 10.4 18 240 M M 5 26 210
11 66 55 61 10 4 0 0.41 M M 5.4 10 100 M M 10 128 19 110
12 55 49 52 1 13 0 0.04 M M 8.9 15 120 M M 10 1 22 140
13 58 48 53 3 12 0 0.20 M M 11.0 21 310 M M 6 12 26 320
14 63 45 54 4 11 0 0.00 M M 8.1 15 170 M M 0 22 270
15 72 45 59 9 6 0 0.04 M M 13.3 26 230 M M 4 1 38 250
16 49 36 43 -7 22 0 0.03 M M 7.3 14 310 M M 7 1 24 220
17 53 31 42 -7 23 0 0.00 M M 6.0 16 260 M M 0 21 320
18 56 40 48 -1 17 0 0.00 M M 10.7 18 170 M M 2 24 160
19 55 48 52 3 13 0 0.07 M M 3.5 12 170 M M 10 15 130
20 65 54 60 11 5 0 0.02 M M 5.0 14 210 M M 9 19 210
21 74 56 65 17 0 0 0.00 M M 7.0 20 250 M M 3 27 240
22 77 56 67 19 0 2 0.00 M M 5.5 13 270 M M 1 17 260
23 76 58 67 19 0 2 0.00 M M 8.1 17 180 M M 1 23 180
24 65 37 51 3 14 0 0.03 M M 10.3 23 300 M M 10 12 29 300
25 43 35 39 -8 26 0 0.05 M M 7.8 15 150 M M 9 1 20 130
26 59 41 50 3 15 0 0.04 M M 7.4 15 170 M M 10 128 19 150
27 51 42 47 0 18 0 0.07 M M 4.3 12 300 M M 9 12 15 300
28 51 47 49 2 16 0 0.19 M M 7.8 17 300 M M 10 12 22 290
29 50 42 46 0 19 0 1.54 M M 7.9 16 40 M M 10 12 23 50
30 42 32 37 -9 28 0 0.29 M M 9.5 24 310 M M 10 1 30 310
31 44 29 37 -9 28 0 0.00 M M 6.7 15 150 M M 3 1 19 150
================================================================================
SM 1836 1371 410 4 3.25 M 250.8 M 175
================================================================================
AV 59.2 44.2 8.1 FASTST M M 6 MAX(MPH)
MISC ----> 29 280 40 260
================================================================================
NOTES:
# LAST OF SEVERAL OCCURRENCES
COLUMN 17 PEAK WIND IN M.P.H.
PRELIMINARY LOCAL CLIMATOLOGICAL DATA (WS FORM: F-6) , PAGE 2
STATION: JOHNSTOWN
MONTH: OCTOBER
YEAR: 2020
LATITUDE: 40 18 N
LONGITUDE: 78 50 W
[TEMPERATURE DATA] [PRECIPITATION DATA] SYMBOLS USED IN COLUMN 16
AVERAGE MONTHLY: 51.7 TOTAL FOR MONTH: 3.25 1 = FOG OR MIST
DPTR FM NORMAL: 2.0 DPTR FM NORMAL: 0.19 2 = FOG REDUCING VISIBILITY
HIGHEST: 77 ON 22 GRTST 24HR 1.56 ON 29-30 TO 1/4 MILE OR LESS
LOWEST: 29 ON 31 3 = THUNDER
SNOW, ICE PELLETS, HAIL 4 = ICE PELLETS
TOTAL MONTH: M 5 = HAIL
GRTST 24HR M ON M 6 = FREEZING RAIN OR DRIZZLE
GRTST DEPTH: M ON M 7 = DUSTSTORM OR SANDSTORM:
VSBY 1/2 MILE OR LESS
8 = SMOKE OR HAZE
[NO. OF DAYS WITH] [WEATHER - DAYS WITH] 9 = BLOWING SNOW
X = TORNADO
MAX 32 OR BELOW: 0 0.01 INCH OR MORE: 16
MAX 90 OR ABOVE: 0 0.10 INCH OR MORE: 6
MIN 32 OR BELOW: 3 0.50 INCH OR MORE: 1
MIN 0 OR BELOW: 0 1.00 INCH OR MORE: 1
[HDD (BASE 65) ]
TOTAL THIS MO. 410 CLEAR (SCALE 0-3) 9
DPTR FM NORMAL -67 PTCLDY (SCALE 4-7) 10
TOTAL FM JUL 1 560 CLOUDY (SCALE 8-10) 12
DPTR FM NORMAL -137
[CDD (BASE 65) ]
TOTAL THIS MO. 4
DPTR FM NORMAL 1 [PRESSURE DATA]
TOTAL FM JAN 1 645 HIGHEST SLP 30.49 ON 31
DPTR FM NORMAL 257 LOWEST SLP 29.53 ON 29
[REMARKS]
#FINAL-10-20#