000
CXUS56 KFGZ 010910
CF6PRC
PRELIMINARY LOCAL CLIMATOLOGICAL DATA (WS FORM: F-6)
STATION: PRESCOTT AZ AIRPORT
MONTH: SEPTEMBER
YEAR: 2021
LATITUDE: 34 39 N
LONGITUDE: 112 26 W
TEMPERATURE IN F: :PCPN: SNOW: WIND :SUNSHINE: SKY :PK WND
================================================================================
1 2 3 4 5 6A 6B 7 8 9 10 11 12 13 14 15 16 17 18
12Z AVG MX 2MIN
DY MAX MIN AVG DEP HDD CDD WTR SNW DPTH SPD SPD DIR MIN PSBL S-S WX SPD DR
================================================================================
1 76 60 68 -5 0 3 0.11 M M 6.9 23 250 M M 5 1 28 240
2 78 59 69 -4 0 4 0.23 M M 3.7 20 140 M M 2 13 26 110
3 83 58 71 -1 0 6 0.00 M M 4.1 10 260 M M 2 8 14 260
4 87 56 72 0 0 7 0.00 M M 4.8 9 190 M M 0 12 190
5 90 59 75 3 0 10 0.00 M M 3.8 12 110 M M 2 16 100
6 91 59 75 3 0 10 0.00 0.0 M 5.4 14 120 M M 1 19 120
7 94 59 77 5 0 12 0.00 0.0 M 5.1 12 250 M M 0 19 260
8 91 59 75 4 0 10 0.00 M M 7.2 18 130 M M 0 24 140
9 92 62 77 6 0 12 0.00 M M 6.1 16 130 M M 0 22 150
10 89 61 75 4 0 10 0.00 M M 6.9 16 170 M M 1 21 140
11 90 64 77 7 0 12 0.00 M M 5.7 16 220 M M 1 22 230
12 91 60 76 6 0 11 0.00 M M 5.4 13 240 M M 0 17 140
13 90 60 75 5 0 10 0.00 M M 6.6 18 250 M M 1 22 250
14 88 59 74 4 0 9 0.00 M M 8.1 21 220 M M 0 8 28 220
15 86 56 71 2 0 6 0.00 M M 6.7 17 240 M M 0 8 22 240
16 85 56 71 2 0 6 0.00 M M 10.8 24 230 M M 1 33 240
17 84 57 71 2 0 6 0.00 M M 5.8 17 140 M M 3 21 130
18 83 61 72 4 0 7 0.85 M M 7.4 20 220 M M 4 138 25 180
19 79 56 68 0 0 3 0.00 M M 6.6 23 230 M M 1 1 26 230
20 83 49 66 -2 0 1 0.00 M M 5.2 12 160 M M 0 15 260
21 84 50 67 0 0 2 0.00 M M 4.9 10 150 M M 0 13 30
22 85 50 68 1 0 3 0.00 M M 6.6 14 130 M M 0 18 140
23 83 53 68 2 0 3 0.00 M M 5.6 22 250 M M 1 27 260
24 79 56 68 2 0 3 0.00 M M 5.7 16 230 M M 2 20 200
25 73 57 65 -1 0 0 T M M 4.4 16 140 M M 3 19 140
26 61 52 57 -8 8 0 0.39 M M 5.1 10 230 M M 6 1 12 240
27 71 52 62 -3 3 0 0.15 M M 4.6 21 150 M M 8 13 26 150
28 70 54 62 -2 3 0 0.03 M M 7.4 18 200 M M 5 13 23 220
29 68 52 60 -4 5 0 0.00 M M 6.2 14 200 M M 2 17 200
30 72 45 59 -5 6 0 0.02 M M 4.5 20 60 M M 2 27 70
================================================================================
SM 2476 1691 25 166 1.78 0.0 177.3 M 53
================================================================================
AV 82.5 56.4 5.9 FASTST M M 2 MAX(MPH)
MISC ----> 24 230 33 240
================================================================================
NOTES:
# LAST OF SEVERAL OCCURRENCES
COLUMN 17 PEAK WIND IN M.P.H.
PRELIMINARY LOCAL CLIMATOLOGICAL DATA (WS FORM: F-6) , PAGE 2
STATION: PRESCOTT AZ AIRPORT
MONTH: SEPTEMBER
YEAR: 2021
LATITUDE: 34 39 N
LONGITUDE: 112 26 W
[TEMPERATURE DATA] [PRECIPITATION DATA] SYMBOLS USED IN COLUMN 16
AVERAGE MONTHLY: 69.5 TOTAL FOR MONTH: 1.78 1 = FOG OR MIST
DPTR FM NORMAL: 0.8 DPTR FM NORMAL: 0.51 2 = FOG REDUCING VISIBILITY
HIGHEST: 94 ON 7 GRTST 24HR 0.85 ON 18-18 TO 1/4 MILE OR LESS
LOWEST: 45 ON 30 3 = THUNDER
SNOW, ICE PELLETS, HAIL 4 = ICE PELLETS
TOTAL MONTH: 0.0 INCH 5 = HAIL
GRTST 24HR 0.0 6 = FREEZING RAIN OR DRIZZLE
GRTST DEPTH: M ON M 7 = DUSTSTORM OR SANDSTORM:
VSBY 1/2 MILE OR LESS
8 = SMOKE OR HAZE
[NO. OF DAYS WITH] [WEATHER - DAYS WITH] 9 = BLOWING SNOW
X = TORNADO
MAX 32 OR BELOW: 0 0.01 INCH OR MORE: 7
MAX 90 OR ABOVE: 8 0.10 INCH OR MORE: 5
MIN 32 OR BELOW: 0 0.50 INCH OR MORE: 1
MIN 0 OR BELOW: 0 1.00 INCH OR MORE: 0
[HDD (BASE 65) ]
TOTAL THIS MO. 25 CLEAR (SCALE 0-3) 24
DPTR FM NORMAL 0 PTCLDY (SCALE 4-7) 5
TOTAL FM JUL 1 25 CLOUDY (SCALE 8-10) 1
DPTR FM NORMAL 1
[CDD (BASE 65) ]
TOTAL THIS MO. 166
DPTR FM NORMAL 28 [PRESSURE DATA]
TOTAL FM JAN 1 1165 HIGHEST SLP M ON M
DPTR FM NORMAL 106 LOWEST SLP 29.71 ON 1
[REMARKS]
#FINAL-09-21#