000
CXUS56 KFGZ 010910
CF6PRC
PRELIMINARY LOCAL CLIMATOLOGICAL DATA (WS FORM: F-6)
STATION: PRESCOTT AZ AIRPORT
MONTH: OCTOBER
YEAR: 2023
LATITUDE: 34 39 N
LONGITUDE: 112 26 W
TEMPERATURE IN F: :PCPN: SNOW: WIND :SUNSHINE: SKY :PK WND
================================================================================
1 2 3 4 5 6A 6B 7 8 9 10 11 12 13 14 15 16 17 18
12Z AVG MX 2MIN
DY MAX MIN AVG DEP HDD CDD WTR SNW DPTH SPD SPD DIR MIN PSBL S-S WX SPD DR
================================================================================
1 68 50 59 -4 6 0 0.00 M M 10.5 23 200 M M 6 32 200
2 68 46 57 -6 8 0 0.00 M M 5.5 17 250 M M 4 23 230
3 72 40 56 -6 9 0 0.00 M M 3.9 12 10 M M 0 16 10
4 78 42 60 -2 5 0 0.00 M M 4.3 13 360 M M 0 18 360
5 82 42 62 0 3 0 0.00 M M 4.0 13 190 M M 0 8 15 40
6 85 46 66 5 0 1 0.00 M M 5.1 12 230 M M 0 8 17 120
7 84 48 66 5 0 1 T M M 6.3 18 150 M M 2 27 130
8 77 51 64 4 1 0 0.03 M M 6.6 23 10 M M 3 3 33 360
9 80 47 64 4 1 0 T M M 5.0 18 200 M M 3 3 27 200
10 78 51 65 5 0 0 0.00 M M 8.7 22 230 M M 0 30 220
11 74 50 62 3 3 0 0.00 M M 10.9 28 230 M M 0 35 240
12 68 41 55 -4 10 0 0.00 M M 5.0 14 360 M M 0 8 29 310
13 73 35 54 -5 11 0 0.00 M M 4.6 12 120 M M 0 18 110
14 78 41 60 2 5 0 0.00 M M 3.9 10 190 M M 0 14 130
15 85 43 64 6 1 0 0.00 M M 5.0 12 190 M M 0 16 70
16 86 45 66 8 0 1 0.00 M M 3.6 12 290 M M 0 15 290
17 85 50 68 11 0 3 0.00 M M 5.5 14 150 M M 0 19 130
18 85 50 68 11 0 3 0.00 M M 4.0 12 160 M M 0 8 15 160
19 88 49 69 12 0 4 0.00 M M 4.7 12 190 M M 0 8 14 200
20 86 48 67 11 0 2 0.00 M M 5.6 14 210 M M 0 8 20 250
21 83 47 65 9 0 0 0.00 M M 5.8 15 250 M M 0 8 19 230
22 79 51 65 9 0 0 0.00 M M 8.0 21 200 M M 0 33 270
23 72 48 60 5 5 0 0.00 M M 7.7 18 220 M M 0 27 240
24 70 44 57 2 8 0 0.00 M M 5.3 17 160 M M 3 23 160
25 68 41 55 0 10 0 0.00 M M 8.0 17 240 M M 0 23 230
26 69 50 60 6 5 0 0.00 M M 8.2 18 230 M M 0 26 260
27 69 42 56 2 9 0 0.00 M M 7.3 18 240 M M 1 28 250
28 67 41 54 0 11 0 0.00 M M 9.4 21 230 M M 1 32 230
29 61 37 49 -4 16 0 0.00 M M 7.6 15 290 M M 0 20 290
30 62 27 45 -8 20 0 0.00 M M 4.7 14 20 M M 0 8 18 20
31 65 26 46 -7 19 0 0.00 M M 4.1 14 140 M M 0 8 19 150
================================================================================
SM 2345 1369 166 15 0.03 M 188.8 M 23
================================================================================
AV 75.6 44.2 6.1 FASTST M M 1 MAX(MPH)
MISC ----> 28 230 35 240
================================================================================
NOTES:
# LAST OF SEVERAL OCCURRENCES
COLUMN 17 PEAK WIND IN M.P.H.
PRELIMINARY LOCAL CLIMATOLOGICAL DATA (WS FORM: F-6) , PAGE 2
STATION: PRESCOTT AZ AIRPORT
MONTH: OCTOBER
YEAR: 2023
LATITUDE: 34 39 N
LONGITUDE: 112 26 W
[TEMPERATURE DATA] [PRECIPITATION DATA] SYMBOLS USED IN COLUMN 16
AVERAGE MONTHLY: 59.9 TOTAL FOR MONTH: 0.03 1 = FOG OR MIST
DPTR FM NORMAL: 2.1 DPTR FM NORMAL: -0.80 2 = FOG REDUCING VISIBILITY
HIGHEST: 88 ON 19 GRTST 24HR 0.03 ON 7- 8 TO 1/4 MILE OR LESS
LOWEST: 26 ON 31 3 = THUNDER
SNOW, ICE PELLETS, HAIL 4 = ICE PELLETS
TOTAL MONTH: M 5 = HAIL
GRTST 24HR M ON M 6 = FREEZING RAIN OR DRIZZLE
GRTST DEPTH: M ON M 7 = DUSTSTORM OR SANDSTORM:
VSBY 1/2 MILE OR LESS
8 = SMOKE OR HAZE
[NO. OF DAYS WITH] [WEATHER - DAYS WITH] 9 = BLOWING SNOW
X = TORNADO
MAX 32 OR BELOW: 0 0.01 INCH OR MORE: 1
MAX 90 OR ABOVE: 0 0.10 INCH OR MORE: 0
MIN 32 OR BELOW: 2 0.50 INCH OR MORE: 0
MIN 0 OR BELOW: 0 1.00 INCH OR MORE: 0
[HDD (BASE 65) ]
TOTAL THIS MO. 166 CLEAR (SCALE 0-3) 29
DPTR FM NORMAL -68 PTCLDY (SCALE 4-7) 2
TOTAL FM JUL 1 166 CLOUDY (SCALE 8-10) 0
DPTR FM NORMAL -94
[CDD (BASE 65) ]
TOTAL THIS MO. 15
DPTR FM NORMAL 6 [PRESSURE DATA]
TOTAL FM JAN 1 1071 HIGHEST SLP M ON M
DPTR FM NORMAL 3 LOWEST SLP 29.43 ON 11
[REMARKS]
#FINAL-10-23#