000
CXUS56 KLOX 011155
CF6VNY
PRELIMINARY LOCAL CLIMATOLOGICAL DATA (WS FORM: F-6)
STATION: VAN NUYS AIRPORT CA
MONTH: MAY
YEAR: 2021
LATITUDE: 34 13 N
LONGITUDE: 118 29 W
TEMPERATURE IN F: :PCPN: SNOW: WIND :SUNSHINE: SKY :PK WND
================================================================================
1 2 3 4 5 6A 6B 7 8 9 10 11 12 13 14 15 16 17 18
12Z AVG MX 2MIN
DY MAX MIN AVG DEP HDD CDD WTR SNW DPTH SPD SPD DIR MIN PSBL S-S WX SPD DR
================================================================================
1 80 59 70 4 0 5 0.00 M M 6.8 15 150 M M 1 8 20 150
2 74 58 66 0 0 1 0.00 M M 6.9 16 160 M M 4 23 140
3 85 55 70 4 0 5 0.00 M M 4.8 13 280 M M 0 20 280
4 91 57 74 8 0 9 0.00 M M 4.2 14 130 M M 0 M M
5 91 60 76 10 0 11 0.00 M M 4.6 13 160 M M 0 16 130
6 83 57 70 4 0 5 0.00 M M 5.7 15 130 M M 4 18 20 130
7 76 57 67 1 0 2 0.00 M M 6.1 13 150 M M 5 8 18 160
8 77 56 67 0 0 2 0.00 M M 5.2 16 170 M M 4 20 170
9 76 58 67 0 0 2 0.00 M M 5.7 14 170 M M 4 8 21 180
10 71 60 66 -1 0 1 0.00 M M 6.0 14 170 M M 7 20 160
11 82 57 70 3 0 5 0.00 M M 4.4 13 140 M M 3 16 140
12 82 58 70 3 0 5 0.00 M M 5.1 13 150 M M 5 8 M M
13 77 58 68 1 0 3 0.00 M M 4.6 12 130 M M 4 8 M M
14 78 58 68 1 0 3 0.00 M M 5.4 12 140 M M 5 1 M M
15 73 59 66 -2 0 1 0.00 M M 7.2 14 180 M M 9 M M
16 66 57 62 -6 3 0 0.00 M M 6.3 10 140 M M 10 16 140
17 74 59 67 -1 0 2 0.00 M M 4.8 13 120 M M 6 M M
18 79 59 69 1 0 4 0.00 M M 5.0 13 150 M M 4 17 150
19 77 56 67 -1 0 2 0.00 M M 5.7 12 130 M M 2 18 M M
20 74 57 66 -2 0 1 0.00 M M 6.2 14 170 M M 3 20 190
21 72 51 62 -6 3 0 0.00 M M 7.3 17 300 M M 0 23 300
22 72 52 62 -6 3 0 0.00 M M 4.7 17 150 M M 3 M M
23 80 53 67 -1 0 2 0.00 M M 4.6 15 330 M M 0 19 330
24 94 56 75 7 0 10 0.00 M M 4.9 18 160 M M 0 22 160
25 93 63 78 10 0 13 0.00 M M 5.2 14 150 M M 0 M M
26 79 59 69 1 0 4 0.00 M M 6.1 13 170 M M 1 22 M
27 81 60 71 2 0 6 0.00 M M 6.3 15 150 M M 3 19 140
28 81 58 70 1 0 5 0.00 M M 5.9 15 170 M M 2 8 19 150
29 76 58 67 -2 0 2 0.00 M M 5.5 15 160 M M 5 8 18 150
30 78 59 69 0 0 4 0.00 M M 5.3 14 160 M M 5 20 170
31 84 60 72 3 0 7 0.00 M M 4.8 14 150 M M 5 8 18 140
================================================================================
SM 2456 1784 9 122 0.00 M 171.4 M 104
================================================================================
AV 79.2 57.5 5.5 FASTST M M 3 MAX(MPH)
MISC ----> 18 160 23 300
================================================================================
NOTES:
# LAST OF SEVERAL OCCURRENCES
COLUMN 17 PEAK WIND IN M.P.H.
PRELIMINARY LOCAL CLIMATOLOGICAL DATA (WS FORM: F-6) , PAGE 2
STATION: VAN NUYS AIRPORT CA
MONTH: MAY
YEAR: 2021
LATITUDE: 34 13 N
LONGITUDE: 118 29 W
[TEMPERATURE DATA] [PRECIPITATION DATA] SYMBOLS USED IN COLUMN 16
AVERAGE MONTHLY: 68.4 TOTAL FOR MONTH: 0.00 1 = FOG OR MIST
DPTR FM NORMAL: 0.9 DPTR FM NORMAL: -0.29 2 = FOG REDUCING VISIBILITY
HIGHEST: 94 ON 24 GRTST 24HR 0.00 ON 1- 1 TO 1/4 MILE OR LESS
LOWEST: 51 ON 21 3 = THUNDER
SNOW, ICE PELLETS, HAIL 4 = ICE PELLETS
TOTAL MONTH: M 5 = HAIL
GRTST 24HR M ON M 6 = FREEZING RAIN OR DRIZZLE
GRTST DEPTH: M ON M 7 = DUSTSTORM OR SANDSTORM:
VSBY 1/2 MILE OR LESS
8 = SMOKE OR HAZE
[NO. OF DAYS WITH] [WEATHER - DAYS WITH] 9 = BLOWING SNOW
X = TORNADO
MAX 32 OR BELOW: 0 0.01 INCH OR MORE: 0
MAX 90 OR ABOVE: 4 0.10 INCH OR MORE: 0
MIN 32 OR BELOW: 0 0.50 INCH OR MORE: 0
MIN 0 OR BELOW: 0 1.00 INCH OR MORE: 0
[HDD (BASE 65) ]
TOTAL THIS MO. 9 CLEAR (SCALE 0-3) 12
DPTR FM NORMAL -30 PTCLDY (SCALE 4-7) 17
TOTAL FM JUL 1 861 CLOUDY (SCALE 8-10) 2
DPTR FM NORMAL -362
[CDD (BASE 65) ]
TOTAL THIS MO. 122
DPTR FM NORMAL 6 [PRESSURE DATA]
TOTAL FM JAN 1 293 HIGHEST SLP 30.09 ON 23
DPTR FM NORMAL 69 LOWEST SLP 29.75 ON 2
[REMARKS]
#FINAL-05-21#