000
CXUS56 KLOX 011155
CF6VNY
PRELIMINARY LOCAL CLIMATOLOGICAL DATA (WS FORM: F-6)
STATION: VAN NUYS AIRPORT CA
MONTH: APRIL
YEAR: 2021
LATITUDE: 34 13 N
LONGITUDE: 118 29 W
TEMPERATURE IN F: :PCPN: SNOW: WIND :SUNSHINE: SKY :PK WND
================================================================================
1 2 3 4 5 6A 6B 7 8 9 10 11 12 13 14 15 16 17 18
12Z AVG MX 2MIN
DY MAX MIN AVG DEP HDD CDD WTR SNW DPTH SPD SPD DIR MIN PSBL S-S WX SPD DR
================================================================================
1 89 59 74 14 0 9 0.00 M M 4.3 16 160 M M 0 20 160
2 80 54 67 7 0 2 0.00 M M 5.2 15 160 M M 0 18 170
3 82 54 68 8 0 3 0.00 M M 3.2 10 140 M M 0 8 M M
4 85 52 69 9 0 4 0.00 M M 3.3 12 130 M M 0 18 130
5 76 54 65 5 0 0 0.00 M M 5.3 13 160 M M 0 M M
6 76 50 63 3 2 0 0.00 M M 4.7 13 150 M M 0 18 150
7 86 54 70 10 0 5 0.00 M M 2.6 10 160 M M 0 M M
8 84 56 70 10 0 5 0.00 M M 5.2 12 360 M M 0 17 340
9 84 52 68 7 0 3 0.00 M M 4.4 9 150 M M 0 M M
10 83 54 69 8 0 4 0.00 M M 4.3 13 160 M M 0 M M
11 79 54 67 6 0 2 0.00 M M 4.9 10 160 M M 0 M M
12 73 56 65 4 0 0 0.00 M M 6.3 15 170 M M 6 8 19 130
13 64 56 60 -1 5 0 0.00 M M 6.4 14 140 M M 10 20 160
14 66 51 59 -2 6 0 0.00 M M 5.9 16 180 M M 5 21 160
15 72 48 60 -2 5 0 0.00 M M 4.5 15 160 M M 0 22 160
16 78 52 65 3 0 0 0.00 M M 4.0 15 160 M M 3 18 18 140
17 79 52 66 4 0 1 0.00 M M 3.2 13 150 M M 1 8 16 150
18 90 61 76 14 0 11 0.00 M M 9.8 30 40 M M 0 41 40
19 91 60 76 14 0 11 0.00 M M 5.2 16 160 M M 0 20 160
20 75 55 65 3 0 0 0.00 M M 7.0 16 160 M M 1 20 160
21 63 56 60 -2 5 0 0.00 M M 7.2 13 180 M M 10 18 160
22 68 56 62 -1 3 0 0.00 M M 4.4 12 160 M M 10 M M
23 69 55 62 -1 3 0 0.00 M M 5.0 13 170 M M 10 17 170
24 71 53 62 -1 3 0 0.00 M M 4.2 14 160 M M 6 19 180
25 69 54 62 -1 3 0 T M M 6.5 16 160 M M 8 21 150
26 68 53 61 -3 4 0 T M M 5.4 14 90 M M 8 22 90
27 71 52 62 -2 3 0 0.00 M M 5.7 17 160 M M 3 23 140
28 90 54 72 8 0 7 0.00 M M 8.1 22 10 M M 0 8 31 30
29 99 56 78 14 0 13 0.00 M M 3.4 17 140 M M 0 8 22 150
30 99 63 81 17 0 16 0.00 M M 5.0 14 160 M M 0 18 170
================================================================================
SM 2359 1636 42 96 T M 154.6 M 81
================================================================================
AV 78.6 54.5 5.2 FASTST M M 3 MAX(MPH)
MISC ----> 30 40 41 40
================================================================================
NOTES:
# LAST OF SEVERAL OCCURRENCES
COLUMN 17 PEAK WIND IN M.P.H.
PRELIMINARY LOCAL CLIMATOLOGICAL DATA (WS FORM: F-6) , PAGE 2
STATION: VAN NUYS AIRPORT CA
MONTH: APRIL
YEAR: 2021
LATITUDE: 34 13 N
LONGITUDE: 118 29 W
[TEMPERATURE DATA] [PRECIPITATION DATA] SYMBOLS USED IN COLUMN 16
AVERAGE MONTHLY: 66.6 TOTAL FOR MONTH: T 1 = FOG OR MIST
DPTR FM NORMAL: 4.8 DPTR FM NORMAL: -0.87 2 = FOG REDUCING VISIBILITY
HIGHEST: 99 ON 30,29 GRTST 24HR T ON 25-25 TO 1/4 MILE OR LESS
LOWEST: 48 ON 15 3 = THUNDER
SNOW, ICE PELLETS, HAIL 4 = ICE PELLETS
TOTAL MONTH: M 5 = HAIL
GRTST 24HR M ON M 6 = FREEZING RAIN OR DRIZZLE
GRTST DEPTH: M ON M 7 = DUSTSTORM OR SANDSTORM:
VSBY 1/2 MILE OR LESS
8 = SMOKE OR HAZE
[NO. OF DAYS WITH] [WEATHER - DAYS WITH] 9 = BLOWING SNOW
X = TORNADO
MAX 32 OR BELOW: 0 0.01 INCH OR MORE: 0
MAX 90 OR ABOVE: 5 0.10 INCH OR MORE: 0
MIN 32 OR BELOW: 0 0.50 INCH OR MORE: 0
MIN 0 OR BELOW: 0 1.00 INCH OR MORE: 0
[HDD (BASE 65) ]
TOTAL THIS MO. 42 CLEAR (SCALE 0-3) 19
DPTR FM NORMAL -92 PTCLDY (SCALE 4-7) 6
TOTAL FM JUL 1 852 CLOUDY (SCALE 8-10) 5
DPTR FM NORMAL -583
[CDD (BASE 65) ]
TOTAL THIS MO. 96
DPTR FM NORMAL 59 [PRESSURE DATA]
TOTAL FM JAN 1 171 HIGHEST SLP 30.11 ON 29
DPTR FM NORMAL 109 LOWEST SLP 29.67 ON 11
[REMARKS]
#FINAL-04-21#