000
CXAK56 PAMC 230903
CF6MCG

PRELIMINARY LOCAL CLIMATOLOGICAL DATA (WS FORM: F-6)

                                          STATION:   MCGRATH
                                          MONTH:     07
                                          YEAR:      2016
                                          LATITUDE:   62 58 N
                                          LONGITUDE: 155 37 W

  TEMPERATURE IN F:       :PCPN:    SNOW:  WIND      :SUNSHINE: SKY     :PK WND
================================================================================
1   2   3   4   5  6A  6B    7     8   9   10  11  12  13   14  15   16  17  18
                                      12Z  AVG MX 2MIN
DY MAX MIN AVG DEP HDD CDD  WTR   SNW DPTH SPD SPD DIR MIN PSBL S-S WX   SPD DR
================================================================================

 1  68  58  63   2   2   0  0.50  0.0   0  3.9 12  340   M    M   M 1     16  10
 2  71  58  65   4   0   0     T  0.0   0  2.9  9  240   M    M   M 1     13 240
 3  68  60  64   3   1   0  0.22  0.0   0  2.9 14  210   M    M   M 1     18 200
 4  72  58  65   4   0   0  0.25  0.0   0  4.7 15  120   M    M   M 2     17 210
 5  63  55  59  -2   6   0  0.20  0.0   0  5.8 15  200   M    M   M 1     19 200
 6  65  54  60  -1   5   0  0.03  0.0   0  3.5 10  330   M    M   M       14 110
 7  69  52  61   0   4   0     T  0.0   0  3.5 13  280   M    M   M       17 250
 8  70  49  60  -1   5   0  0.08  0.0   0  2.6  8   20   M    M   M 1     10  20
 9  70  56  63   2   2   0  0.14  0.0   0  2.8 10  260   M    M   M 1     13 270
10  64  54  59  -2   6   0  0.06  0.0   0  6.9 18  290   M    M   M 1     24 290
11  70  49  60  -1   5   0     T  0.0   0  5.7 13   20   M    M   M       16  50
12  81  46  64   3   1   0  0.00  0.0   0  3.5 13  330   M    M   M       16  30
13  87  55  71  10   0   6  0.00  0.0   0  2.8 14   20   M    M   M       19 360
14  85  60  73  12   0   8  0.00  0.0   0  4.8 15  290   M    M   M       18 300
15  80  63  72  11   0   7  0.00  0.0   0  7.6 15  210   M    M   M       20 250
16  75  57  66   6   0   1  0.00  0.0   0  5.2 14  310   M    M   M       18 280
17  71  55  63   3   2   0  0.00  0.0   0  6.1 18  260   M    M   M       23 260
18  64  55  60   0   5   0  0.12  0.0   0  7.2 17  250   M    M   M 18    24 260
19  56  53  55  -5  10   0  0.31  0.0   0  4.9 10  300   M    M   M 18    15 240
20  59  52  56  -4   9   0  0.36  0.0   0  4.7 12  210   M    M   M 1     16 210
21  60  54  57  -3   8   0  0.30  0.0   0  8.9 22  240   M    M   M 1     30 250
22  56  51  54  -6  11   0  0.39  0.0   0  5.6 10  280   M    M   M 1     13 270
================================================================================
SM 1524 1204        82  22  2.96 0.0    106.5           M        M
================================================================================
AV 69.3 54.7                              4.8 FASTST  PSBL  %   M    MAX(MPH)
                                 MISC ---->     22  240                 30 250
================================================================================
NOTES:
# LAST OF SEVERAL OCCURRENCES

COLUMN 17 PEAK WIND IN M.P.H.

PRELIMINARY LOCAL CLIMATOLOGICAL DATA (WS FORM: F-6) , PAGE 2

                                          STATION:   MCGRATH
                                          MONTH:     07
                                          YEAR:      2016
                                          LATITUDE:  62 58 N
                                          LONGITUDE: 155 37 W

[TEMPERATURE DATA]      [PRECIPITATION DATA]       SYMBOLS USED IN COLUMN 16

AVERAGE MONTHLY:62.0   TOTAL FOR MONTH: 2.96       1 = FOG
DPTR FM NORMAL:  1.3   DPTR FM NORMAL: 1.35       2 = FOG REDUCING VISIBILITY
HIGHEST:    87 ON 13    GRTST 24HR   0.50 ON  1        TO 1/4 MILE OR LESS
LOWEST:     46 ON 12                               3 = THUNDER
                        SNOW, ICE PELLETS, HAIL    4 = ICE PELLETS
                        TOTAL MONTH: 0.0         5 = HAIL
                        GRTST 24HR   0.0           6 = GLAZE OR RIME
                        GRTST DEPTH:    0          7 = BLOWING DUST OR SAND:
                                                       VSBY 1/2 MILE OR LESS
                                                   8 = SMOKE OR HAZE
[NO. OF DAYS WITH]      [WEATHER - DAYS WITH]      9 = BLOWING SNOW
                                                   X = TORNADO
MAX 32 OR BELOW:   0    0.01 INCH OR MORE:  13
MAX 70 OR ABOVE:  11    0.10 INCH OR MORE:  10
MIN 32 OR BELOW:   0    0.50 INCH OR MORE:   1
MIN  0 OR BELOW:   0    1.00 INCH OR MORE:   0

[HDD (BASE 65) ]
TOTAL THIS MO.    82    CLEAR  (SCALE 0-3)   M
DPTR FM NORMAL   -31    PTCLDY (SCALE 4-7)   M
SEASONAL TOTAL    82    CLOUDY (SCALE 8-10)  M
DPTR FM NORMAL   -31

[CDD (BASE 65) ]
TOTAL THIS MO.    22
DPTR FM NORMAL    11    [PRESSURE DATA]
SEASONAL TOTAL    28    HIGHEST SLP     M
DPTR FM NORMAL    12    LOWEST  SLP     M

[REMARKS]
