000
CXUS54 KMAF 281100
CF6MRF
PRELIMINARY LOCAL CLIMATOLOGICAL DATA (WS FORM: F-6)

                                          STATION:   Marfa
                                          MONTH:     AUGUST
                                          YEAR:      2015
                                          LATITUDE:   30 22 N
                                          LONGITUDE: 104  1 W

  TEMPERATURE IN F:       :PCPN:    SNOW:  WIND      :SUNSHINE: SKY     :PK WND
================================================================================
1   2   3   4   5  6A  6B    7    8   9   10  11  12  13   14  15   16   17  18
                                     12Z  AVG MX 2MIN
DY MAX MIN AVG DEP HDD CDD  WTR  SNW DPTH SPD SPD DIR MIN PSBL S-S WX    SPD DR
================================================================================

 1  86  59  73   M   0   8 0.22  0.0    0  6.0 14  50   M    M   2 3       M  M
 2  91  59  75   M   0  10 0.00  0.0    0  4.4 15 110   M    M   3 3       M  M
 3  90  61  76   M   0  11 0.00  0.0    0  6.5 17  30   M    M   2 3      27 210
 4  90  61  76   M   0  11 0.01  0.0    0  5.6 13  30   M    M   1 3      21  30
 5  95  57  76   M   0  11 0.00  0.0    0  4.8  9  70   M    M   0         M  M
 6  97  57  77   M   0  12 0.00  0.0    0  6.3 13  40   M    M   1        17  10
 7  93  57  75   M   0  10 0.00  0.0    0  6.5 15 110   M    M   1        20 110
 8  95  59  77   M   0  12 0.00  0.0    0  6.2 13 260   M    M   1 3      17 260
 9  95  64  80   M   0  15 0.00  0.0    0  6.2 14 290   M    M   2 3      20 290
10  93  61  77   M   0  12 0.00  0.0    0  6.7 15 100   M    M   1        20  70
11  93  59  76   M   0  11 0.00  0.0    0 11.4 20  90   M    M   0        31  70
12  93  55  74   M   0   9 0.00  0.0    0  9.5 16 100   M    M   2        24 130
13  93  61  77   M   0  12 0.00  0.0    0  6.4 14  50   M    M   2        22  50
14  97  61  79   M   0  14 0.00  0.0    0  9.4 27  70   M    M   1 3      33  70
15  91  61  76   M   0  11 0.00  0.0    0  6.2 14  70   M    M   2        21  60
16  86  61  74   M   0   9 0.39  0.0    0  4.2 12  40   M    M   2 3       M  M
17  88  57  73   M   0   8 0.00  0.0    0  5.4 12 110   M    M   3         M  M
18  91  57  74   M   0   9 0.78  0.0    0  7.4 14 200   M    M   1 3      22 200
19  86  61  74   M   0   9 0.00  0.0    0 11.5 18  40   M    M   0        25 300
20  90  59  75   M   0  10 0.42  0.0    0  7.0 13 120   M    M   2 3       M  M
21  90  59  75   M   0  10 0.00  0.0    0  7.2 13 170   M    M   1 3      28 330
22  88  63  76   M   0  11 0.00  0.0    0  4.3 12 100   M    M   1 3       M  M
23  86  59  73   M   0   8 0.19  0.0    0  6.1 16  40   M    M   0 3      20  40
24  84  61  73   M   0   8 0.00  0.0    0  8.2 15  70   M    M   3        20  70
25  90  57  74   M   0   9 0.00  0.0    0  6.3 14 100   M    M   0        22 100
26  88  57  73   M   0   8 0.00  0.0    0  7.1 14  80   M    M   1        18 120
27  90  57  74   M   0   9 0.00  0.0    0  4.9  9 140   M    M   1         M  M
================================================================================
SM 2449 1600         0 277  2.01     0.0 181.7          M       36
================================================================================
AV 90.7 59.3                               6.7 FASTST   M    M   1    MAX(MPH)
                                 MISC ---->  # 27  70                 33    M
================================================================================
NOTES:
# LAST OF SEVERAL OCCURRENCES

COLUMN 17 PEAK WIND IN M.P.H.

PRELIMINARY LOCAL CLIMATOLOGICAL DATA (WS FORM: F-6) , PAGE 2

                                          STATION:  Marfa
                                          MONTH:    AUGUST
                                          YEAR:     2015
                                          LATITUDE:   30 22 N
                                          LONGITUDE: 104  1 W

[TEMPERATURE DATA]      [PRECIPITATION DATA]       SYMBOLS USED IN COLUMN 16

AVERAGE MONTHLY: 75.0   TOTAL FOR MONTH:   2.01    1 = FOG OR MIST
DPTR FM NORMAL:     M   DPTR FM NORMAL:       M    2 = FOG REDUCING VISIBILITY
HIGHEST:    97 ON 14, 6 GRTST 24HR  0.78 ON 18-18      TO 1/4 MILE OR LESS
LOWEST:     55 ON 12                               3 = THUNDER
                        SNOW, ICE PELLETS, HAIL    4 = ICE PELLETS
                        TOTAL MONTH:   0.0 INCH    5 = HAIL
                        GRTST 24HR     0.0         6 = FREEZING RAIN OR DRIZZLE
                        GRTST DEPTH:   0           7 = DUSTSTORM OR SANDSTORM:
                                                       VSBY 1/2 MILE OR LESS
                                                   8 = SMOKE OR HAZE
[NO. OF DAYS WITH]      [WEATHER - DAYS WITH]      9 = BLOWING SNOW
                                                   X = TORNADO
MAX 32 OR BELOW:   0    0.01 INCH OR MORE:   6
MAX 90 OR ABOVE:  19    0.10 INCH OR MORE:   5
MIN 32 OR BELOW:   0    0.50 INCH OR MORE:   1
MIN  0 OR BELOW:   0    1.00 INCH OR MORE:   0

[HDD (BASE 65) ]
TOTAL THIS MO.     0    CLEAR  (SCALE 0-3)  26
DPTR FM NORMAL     M    PTCLDY (SCALE 4-7)   1
TOTAL FM JUL 1     0    CLOUDY (SCALE 8-10)  0
DPTR FM NORMAL     M

[CDD (BASE 65) ]
TOTAL THIS MO.   277
DPTR FM NORMAL     M    [PRESSURE DATA]
TOTAL FM JAN 1  1119    HIGHEST SLP M ON M
DPTR FM NORMAL     M    LOWEST  SLP M ON M

[REMARKS]
