000
CXUS55 KSEW 290945
CF6UIL

PRELIMINARY LOCAL CLIMATOLOGICAL DATA (WS FORM: F-6)

                                          STATION:   QUILLAYUTE WA AIRPORT
                                          MONTH:     AUGUST
                                          YEAR:      2014
                                          LATITUDE:   47 57 N
                                          LONGITUDE: 124 33 W

  TEMPERATURE IN F:       :PCPN:    SNOW:  WIND      :SUNSHINE: SKY     :PK WND
================================================================================
1   2   3   4   5  6A  6B    7    8   9   10  11  12  13   14  15   16   17  18
                                     12Z  AVG MX 2MIN
DY MAX MIN AVG DEP HDD CDD  WTR  SNW DPTH SPD SPD DIR MIN PSBL S-S WX    SPD DR
================================================================================

 1  76  50  63   3   2   0 0.00  0.0    0  3.5 12 260   M    M   3 12     15 230
 2  70  47  59  -1   6   0 0.00  0.0    0  3.6 13 250   M    M   4 12     14 260
 3  75  51  63   3   2   0 0.00  0.0    0  3.7 12 250   M    M   4 12     14 310
 4  67  47  57  -3   8   0 0.00  0.0    0  3.6 13 270   M    M   7 12     17 290
 5  68  57  63   3   2   0 0.00  0.0    0  3.6 12 280   M    M  10 1      15 270
 6  67  54  61   1   4   0 0.00  0.0    0  5.1 14 230   M    M   6 1      17 240
 7  67  54  61   1   4   0 0.00  0.0    0  5.8 14 340   M    M   7 1      19 260
 8  70  52  61   1   4   0 0.00  0.0    0  5.4 14 300   M    M   5 1      19 330
 9  73  47  60   0   5   0 0.00  0.0    0  4.6 17 330   M    M   3 12     23 330
10  88  50  69   9   0   4 0.00  0.0    0  5.9 16 330   M    M   2 12     22 330
11  85  52  69   9   0   4 0.00  0.0    0  3.9 14 240   M    M   0 1      16 240
12  71  53  62   2   3   0 0.31  0.0    0  4.6 16  30   M    M   6 123    20  30
13  63  56  60   0   5   0 0.20  0.0    0  3.8 10 180   M    M  10 12     16 160
14  70  58  64   4   1   0 0.01  0.0    0  3.6 12 230   M    M   7 12     16 230
15  70  55  63   3   2   0    T  0.0    0  2.8 13 270   M    M   9 1      17 200
16  71  55  63   3   2   0 0.00  0.0    0  3.7 12 300   M    M   8 1      16 260
17  69  53  61   1   4   0 0.00  0.0    0  3.9 13 250   M    M   6 12     17 270
18  74  50  62   2   3   0 0.00  0.0    0  4.0 14 250   M    M   3 12     16 240
19  68  53  61   1   4   0 0.00  0.0    0  4.5 14 260   M    M   6 12     18 250
20  67  55  61   1   4   0 0.00  0.0    0  5.6 15 220   M    M   9 1      22 230
21  67  51  59   0   6   0 0.00  0.0    0  3.2 13 250   M    M   5 1      16 260
22  69  49  59   0   6   0 0.00  0.0    0  3.5 12 230   M    M   5 12     14 220
23  68  47  58  -1   7   0 0.00  0.0    0  3.5 13 260   M    M   7 12     15 270
24  67  51  59   0   6   0 0.00  0.0    0  3.0 12 220   M    M   7 12     14 250
25  75  47  61   2   4   0 0.00  0.0    0  3.2 13 250   M    M   1 12     15 260
26  75  52  64   5   1   0 0.00  0.0    0  3.6 13 300   M    M   5 12     16 290
27  71  56  64   5   1   0 0.00  0.0    0  3.7 14 340   M    M   8 12     19 300
28  70  50  60   1   5   0    T  0.0    0  3.0 13 240   M    M   7 12     15 250
================================================================================
SM 1991 1452       101   8  0.52     0.0 111.9          M      160
================================================================================
AV 71.1 51.9                               4.0 FASTST   M    M   6    MAX(MPH)
                                 MISC ---->  # 17 330               # 23  330
================================================================================
NOTES:
# LAST OF SEVERAL OCCURRENCES

COLUMN 17 PEAK WIND IN M.P.H.

PRELIMINARY LOCAL CLIMATOLOGICAL DATA (WS FORM: F-6) , PAGE 2

                                          STATION:  QUILLAYUTE WA AIRPORT
                                          MONTH:    AUGUST
                                          YEAR:     2014
                                          LATITUDE:   47 57 N
                                          LONGITUDE: 124 33 W

[TEMPERATURE DATA]      [PRECIPITATION DATA]       SYMBOLS USED IN COLUMN 16

AVERAGE MONTHLY: 61.5   TOTAL FOR MONTH:   0.52    1 = FOG OR MIST
DPTR FM NORMAL:   1.8   DPTR FM NORMAL:   -1.65    2 = FOG REDUCING VISIBILITY
HIGHEST:    88 ON 10    GRTST 24HR  0.46 ON 12-13      TO 1/4 MILE OR LESS
LOWEST:     47 ON 25,23                            3 = THUNDER
                        SNOW, ICE PELLETS, HAIL    4 = ICE PELLETS
                        TOTAL MONTH:   0.0 INCH    5 = HAIL
                        GRTST 24HR     0.0         6 = FREEZING RAIN OR DRIZZLE
                        GRTST DEPTH:   0           7 = DUSTSTORM OR SANDSTORM:
                                                       VSBY 1/2 MILE OR LESS
                                                   8 = SMOKE OR HAZE
[NO. OF DAYS WITH]      [WEATHER - DAYS WITH]      9 = BLOWING SNOW
                                                   X = TORNADO
MAX 32 OR BELOW:   0    0.01 INCH OR MORE:   3
MAX 90 OR ABOVE:   0    0.10 INCH OR MORE:   2
MIN 32 OR BELOW:   0    0.50 INCH OR MORE:   0
MIN  0 OR BELOW:   0    1.00 INCH OR MORE:   0

[HDD (BASE 65) ]
TOTAL THIS MO.   101    CLEAR  (SCALE 0-3)   5
DPTR FM NORMAL   -55    PTCLDY (SCALE 4-7)  19
TOTAL FM JUL 1   237    CLOUDY (SCALE 8-10)  4
DPTR FM NORMAL  -113

[CDD (BASE 65) ]
TOTAL THIS MO.     8
DPTR FM NORMAL     8    [PRESSURE DATA]
TOTAL FM JAN 1    18    HIGHEST SLP M ON M
DPTR FM NORMAL     7    LOWEST  SLP 29.83 ON 12

[REMARKS]
