000
CDUS41 KBGM 272218
CLIBGM


CLIMATE REPORT
NATIONAL WEATHER SERVICE BINGHAMTON NY
518 PM EST MON FEB 27 2017


...................................

...THE BINGHAMTON NY CLIMATE SUMMARY FOR FEBRUARY 27 2017...
VALID TODAY AS OF 0500 PM LOCAL TIME.

CLIMATE NORMAL PERIOD 1981 TO 2010
CLIMATE RECORD PERIOD 1951 TO 2017


WEATHER ITEM   OBSERVED TIME   RECORD YEAR NORMAL DEPARTURE LAST
                VALUE   (LST)  VALUE       VALUE  FROM      YEAR
                                                  NORMAL
..................................................................
TEMPERATURE (F)
 TODAY
  MAXIMUM         47    353 PM  62    1997  35     12       34
  MINIMUM         25   1230 AM  -5    1963  20      5       16
  AVERAGE         36                        27      9       25

PRECIPITATION (IN)
  TODAY            0.00          0.85 1997   0.09  -0.09      T
  MONTH TO DATE    2.46                      2.22   0.24     3.97
  SINCE DEC 1      9.84                      7.50   2.34     8.89
  SINCE JAN 1      6.25                      4.67   1.58     5.28

SNOWFALL (IN)
  TODAY            0.0          11.0  2007   0.6   -0.6       T
  MONTH TO DATE   23.1                      16.5    6.6      8.2
  SINCE DEC 1     64.9                      56.5    8.4     20.6
  SINCE JUL 1     93.5                      63.3   30.2     21.7
  SNOW DEPTH       0

DEGREE DAYS
 HEATING
  TODAY           29                        38     -9       40
  MONTH TO DATE  912                      1090   -178     1032
  SINCE DEC 1   3245                      3587   -342     3040
  SINCE JUL 1   4594                      5162   -568     4310

 COOLING
  TODAY            0                         0      0        0
  MONTH TO DATE    0                         0      0        0
  SINCE DEC 1      0                         0      0        0
  SINCE JAN 1      0                         0      0        0
..................................................................


WIND (MPH)
  HIGHEST WIND SPEED    23   HIGHEST WIND DIRECTION    SW (220)
  HIGHEST GUST SPEED    27   HIGHEST GUST DIRECTION    SW (220)
  AVERAGE WIND SPEED    12.3


SKY COVER
  AVERAGE SKY COVER 0.1


WEATHER CONDITIONS
 THE FOLLOWING WEATHER WAS RECORDED TODAY.
  NO SIGNIFICANT WEATHER WAS OBSERVED.


RELATIVE HUMIDITY (PERCENT)
 HIGHEST    63           300 AM
 LOWEST     31           200 PM
 AVERAGE    47

..........................................................


THE BINGHAMTON NY CLIMATE NORMALS FOR TOMORROW
                         NORMAL    RECORD    YEAR
 MAXIMUM TEMPERATURE (F)   36        57      2016
 MINIMUM TEMPERATURE (F)   20        -4      2014


SUNRISE AND SUNSET
FEBRUARY 27 2017......SUNRISE   642 AM EST   SUNSET   552 PM EST
FEBRUARY 28 2017......SUNRISE   640 AM EST   SUNSET   553 PM EST


-  INDICATES NEGATIVE NUMBERS.
R  INDICATES RECORD WAS SET OR TIED.
MM INDICATES DATA IS MISSING.
T  INDICATES TRACE AMOUNT.




$$
