000
CDUS41 KBGM 130551
CLIBGM


CLIMATE REPORT
NATIONAL WEATHER SERVICE BINGHAMTON NY
1250 AM EST WED DEC 13 2017


...................................

...THE BINGHAMTON NY CLIMATE SUMMARY FOR DECEMBER 12 2017...

CLIMATE NORMAL PERIOD 1981 TO 2010
CLIMATE RECORD PERIOD 1951 TO 2017


WEATHER ITEM   OBSERVED TIME   RECORD YEAR NORMAL DEPARTURE LAST
                VALUE   (LST)  VALUE       VALUE  FROM      YEAR
                                                  NORMAL
..................................................................
TEMPERATURE (F)
 YESTERDAY
  MAXIMUM         33   1226 PM  58    1979  34     -1       35
  MINIMUM         12   1159 PM -11    1988  22    -10       23
  AVERAGE         23                        28     -5       29

PRECIPITATION (IN)
  YESTERDAY        0.05          1.03 1983   0.10  -0.05     0.23
  MONTH TO DATE    0.37                      1.23  -0.86     1.77
  SINCE DEC 1      0.37                      1.23  -0.86     1.77
  SINCE JAN 1     47.26                     37.70   9.56    34.29

SNOWFALL (IN)
  YESTERDAY        1.1           4.8  1970   0.5    0.6      2.7
  MONTH TO DATE    1.1                       6.1   -5.0     17.4
  SINCE DEC 1      1.1                       6.1   -5.0     17.4
  SINCE JUL 1      2.9                      12.9  -10.0     46.0
  SNOW DEPTH       1

DEGREE DAYS
 HEATING
  YESTERDAY       42                        37      5       36
  MONTH TO DATE  408                       417     -9      426
  SINCE DEC 1    408                       417     -9      426
  SINCE JUL 1   1806                      1992   -186     1775

 COOLING
  YESTERDAY        0                         0      0        0
  MONTH TO DATE    0                         0      0        0
  SINCE DEC 1      0                         0      0        0
  SINCE JAN 1    349                       381    -32      563
..................................................................


WIND (MPH)
  HIGHEST WIND SPEED    22   HIGHEST WIND DIRECTION     W (290)
  HIGHEST GUST SPEED    30   HIGHEST GUST DIRECTION    NW (300)
  AVERAGE WIND SPEED    11.7


SKY COVER
  AVERAGE SKY COVER 0.9


WEATHER CONDITIONS
 THE FOLLOWING WEATHER WAS RECORDED YESTERDAY.
  LIGHT SNOW
  FOG


RELATIVE HUMIDITY (PERCENT)
 HIGHEST    92           600 AM
 LOWEST     61          1100 PM
 AVERAGE    77

..........................................................


THE BINGHAMTON NY CLIMATE NORMALS FOR TODAY
                         NORMAL    RECORD    YEAR
 MAXIMUM TEMPERATURE (F)   34        62      2015
 MINIMUM TEMPERATURE (F)   22        -1      1976


SUNRISE AND SUNSET
DECEMBER 13 2017......SUNRISE   724 AM EST   SUNSET   432 PM EST
DECEMBER 14 2017......SUNRISE   725 AM EST   SUNSET   432 PM EST


-  INDICATES NEGATIVE NUMBERS.
R  INDICATES RECORD WAS SET OR TIED.
MM INDICATES DATA IS MISSING.
T  INDICATES TRACE AMOUNT.

$$
