815
CDUS41 KBGM 200522
CLIBGM


CLIMATE REPORT
NATIONAL WEATHER SERVICE BINGHAMTON NY
1222 AM EST TUE FEB 20 2018


...................................

...THE BINGHAMTON NY CLIMATE SUMMARY FOR FEBRUARY 19 2018...

CLIMATE NORMAL PERIOD 1981 TO 2010
CLIMATE RECORD PERIOD 1951 TO 2018


WEATHER ITEM   OBSERVED TIME   RECORD YEAR NORMAL DEPARTURE LAST
                VALUE   (LST)  VALUE       VALUE  FROM      YEAR
                                                  NORMAL
..................................................................
TEMPERATURE (F)
 YESTERDAY
  MAXIMUM         41   1159 PM  61    1981  33      8       53
  MINIMUM         25    125 AM  -7    2015  18      7       36
  AVERAGE         33                        26      7       45

PRECIPITATION (IN)
  YESTERDAY        0.28          1.10 1972   0.08   0.20     0.00
  MONTH TO DATE    2.17                      1.53   0.64     1.85
  SINCE DEC 1      6.38                      6.81  -0.43     9.23
  SINCE JAN 1      4.97                      3.98   0.99     5.64

SNOWFALL (IN)
  YESTERDAY        0.0          21.0  1972   0.6   -0.6      0.0
  MONTH TO DATE   15.3                      11.5    3.8     22.9
  SINCE DEC 1     41.5                      51.5  -10.0     64.7
  SINCE JUL 1     43.3                      58.3  -15.0     93.3
  SNOW DEPTH       1

DEGREE DAYS
 HEATING
  YESTERDAY       32                        40     -8       20
  MONTH TO DATE  729                       782    -53      721
  SINCE DEC 1   3351                      3279     72     3054
  SINCE JUL 1   4749                      4854   -105     4403

 COOLING
  YESTERDAY        0                         0      0        0
  MONTH TO DATE    0                         0      0        0
  SINCE DEC 1      0                         0      0        0
  SINCE JAN 1      0                         0      0        0
..................................................................


WIND (MPH)
  HIGHEST WIND SPEED    18   HIGHEST WIND DIRECTION     S (190)
  HIGHEST GUST SPEED    26   HIGHEST GUST DIRECTION     S (180)
  AVERAGE WIND SPEED    10.4


SKY COVER
  AVERAGE SKY COVER 0.6


WEATHER CONDITIONS
 THE FOLLOWING WEATHER WAS RECORDED YESTERDAY.
  LIGHT RAIN
  FOG


RELATIVE HUMIDITY (PERCENT)
 HIGHEST   100           700 PM
 LOWEST     64          1100 AM
 AVERAGE    82

..........................................................


THE BINGHAMTON NY CLIMATE NORMALS FOR TODAY
                         NORMAL    RECORD    YEAR
 MAXIMUM TEMPERATURE (F)   33        58      2016
 MINIMUM TEMPERATURE (F)   18       -10      2015


SUNRISE AND SUNSET
FEBRUARY 20 2018......SUNRISE   653 AM EST   SUNSET   543 PM EST
FEBRUARY 21 2018......SUNRISE   651 AM EST   SUNSET   544 PM EST


-  INDICATES NEGATIVE NUMBERS.
R  INDICATES RECORD WAS SET OR TIED.
MM INDICATES DATA IS MISSING.
T  INDICATES TRACE AMOUNT.




$$
