000
CXUS54 KLUB 011501
CLMCDS
CLIMATE REPORT
NATIONAL WEATHER SERVICE LUBBOCK TX
1001 AM CDT SAT JUL 01 2023
...................................
...THE CHILDRESS CLIMATE SUMMARY FOR THE MONTH OF JUNE 2023...
CLIMATE NORMAL PERIOD 1991 TO 2020
CLIMATE RECORD PERIOD 1893 TO 2023
WEATHER OBSERVED NORMAL DEPART LAST YEAR`S
VALUE DATE(S) VALUE FROM VALUE DATE(S)
NORMAL
................................................................
TEMPERATURE (F)
RECORD
HIGH 117 06/26/2011
06/27/1994
LOW 44 06/15/1893
HIGHEST 109 06/28 111 06/12
LOWEST 60 06/03 58 06/02
06/04
06/18
AVG. MAXIMUM 91.3 92.0 -0.7 95.0
AVG. MINIMUM 66.4 67.7 -1.3 69.9
MEAN 78.8 79.9 -1.1 82.4
DAYS MAX >= 90 16 20.2 -4.2 21
DAYS MAX <= 32 0 0.0 0.0 0
DAYS MIN <= 32 0 0.0 0.0 0
DAYS MIN <= 0 0 0.0 0.0 0
PRECIPITATION (INCHES)
RECORD
MAXIMUM 12.05 1941
MINIMUM 0.11 1953
TOTALS 5.65 3.75 1.90 2.17
DAILY AVG. 0.19 0.12 0.07 0.07
DAYS >= .01 9 7.9 1.1 7
DAYS >= .10 5 5.4 -0.4 4
DAYS >= .50 3 2.7 0.3 1
DAYS >= 1.00 3 1.0 2.0 1
GREATEST
24 HR. TOTAL 2.21 06/02 TO 06/02
SNOWFALL (INCHES)
RECORDS
TOTAL T 1995
TOTALS 0.0 0.0 0.0 0.0
SINCE 7/1 7.3 5.5 1.8 MM
SNOWDEPTH AVG. 0 0
DAYS >= TRACE 0 0.0 0.0 0
DAYS >= 1.0 0 0.0 0.0 0
GREATEST
SNOW DEPTH 0 0
24 HR TOTAL 0.0 MM
DEGREE DAYS
HEATING TOTAL 0 1 -1 0
SINCE 7/1 2940 3071 -131 MM
COOLING TOTAL 423 446 -23 531
SINCE 1/1 691 769 -78 MM
................................................................
WIND (MPH)
AVERAGE WIND SPEED 8.5
HIGHEST WIND SPEED/DIRECTION 46/210 DATE 06/23
HIGHEST GUST SPEED/DIRECTION 59/200 DATE 06/23
SKY COVER
POSSIBLE SUNSHINE (PERCENT) MM
AVERAGE SKY COVER 0.22
NUMBER OF DAYS FAIR 23
NUMBER OF DAYS PC 4
NUMBER OF DAYS CLOUDY 3
AVERAGE RH (PERCENT) 60
WEATHER CONDITIONS. NUMBER OF DAYS WITH
THUNDERSTORM 12 MIXED PRECIP 0
HEAVY RAIN 4 RAIN 4
LIGHT RAIN 11 FREEZING RAIN 0
LT FREEZING RAIN 0 HAIL 0
HEAVY SNOW 0 SNOW 0
LIGHT SNOW 0 SLEET 0
FOG 9 FOG W/VIS <= 1/4 MILE 0
HAZE 4
- INDICATES NEGATIVE NUMBERS.
R INDICATES RECORD WAS SET OR TIED.
MM INDICATES DATA IS MISSING.
T INDICATES TRACE AMOUNT.
$$