000
CXUS56 KOTX 010910
CF6DEW
PRELIMINARY LOCAL CLIMATOLOGICAL DATA (WS FORM: F-6)
STATION: DEER_PARK WA AIRPORT
MONTH: MAY
YEAR: 2023
LATITUDE: 47 58 N
LONGITUDE: 117 25 W
TEMPERATURE IN F: :PCPN: SNOW: WIND :SUNSHINE: SKY :PK WND
================================================================================
1 2 3 4 5 6A 6B 7 8 9 10 11 12 13 14 15 16 17 18
12Z AVG MX 2MIN
DY MAX MIN AVG DEP HDD CDD WTR SNW DPTH SPD SPD DIR MIN PSBL S-S WX SPD DR
================================================================================
1 74 47 61 12 4 0 0.04 M M 5.2 21 350 M M 1 3 24 350
2 90 45 68 19 0 3 0.01 M M 7.9 23 170 M M 1 3 29 170
3 86 49 68 18 0 3 0.00 M M 3.5 20 160 M M 0 25 150
4 83 55 69 19 0 4 0.08 M M 10.1 15 180 M M 1 8 35 190
5 56 47 52 2 13 0 0.39 M M 6.0 20 190 M M 10 1 24 200
6 53 46 50 -1 15 0 0.01 M M 4.4 10 180 M M 10 1 12 170
7 61 46 54 3 11 0 0.01 M M 5.6 18 320 M M 10 1 23 320
8 65 37 51 0 14 0 0.01 M M 3.2 22 210 M M 6 1 26 210
9 63 34 49 -3 16 0 0.00 M M 5.5 18 200 M M 4 13 22 210
10 67 36 52 0 13 0 T M M 3.6 14 30 M M 3 12 18 40
11 73 35 54 2 11 0 0.00 M M 3.1 17 260 M M 0 1 21 260
12 80 38 59 6 6 0 0.00 M M 3.6 12 30 M M 0 17 50
13 82 44 63 10 2 0 0.00 M M 10.0 21 70 M M 0 27 70
14 84 52 68 15 0 3 0.00 M M 13.0 24 50 M M 0 31 50
15 85 59 72 19 0 7 0.00 M M 8.1 20 60 M M 1 3 25 70
16 77 54 66 12 0 1 0.07 M M 2.7 10 300 M M 4 13 13 290
17 80 50 65 11 0 0 0.00 M M 2.5 10 220 M M 0 1 12 220
18 84 52 68 14 0 3 0.00 M M 3.9 13 40 M M 1 15 30
19 88 54 71 17 0 6 0.00 M M 3.5 12 250 M M 0 15 250
20 89 49 69 14 0 4 0.00 M M 4.3 15 30 M M 0 20 200
21 83 58 71 16 0 6 0.03 M M 7.2 18 190 M M 4 3 24 190
22 63 45 54 -1 11 0 0.02 M M 9.3 20 190 M M 9 1 25 180
23 69 37 53 -2 12 0 0.00 M M 2.6 9 260 M M 2 1 16 150
24 71 42 57 2 8 0 0.01 M M 4.9 23 230 M M 4 3 29 230
25 74 40 57 1 8 0 0.00 M M 5.6 13 70 M M 3 21 20
26 79 48 64 8 1 0 0.00 M M 6.5 17 130 M M 2 3 21 130
27 76 49 63 7 2 0 0.00 M M 5.9 17 320 M M 7 3 22 170
28 76 50 63 7 2 0 0.00 M M 3.0 13 270 M M 7 1 27 100
29 80 46 63 7 2 0 0.00 M M 5.3 17 200 M M 0 1 24 180
30 79 43 61 5 4 0 0.00 M M 6.8 16 200 M M 0 20 200
31 74 40 57 1 8 0 0.00 M M 6.7 16 200 M M 0 20 210
================================================================================
SM 2344 1427 163 40 0.68 M 173.5 M 90
================================================================================
AV 75.6 46.0 5.6 FASTST M M 3 MAX(MPH)
MISC ----> 24 50 35 190
================================================================================
NOTES:
# LAST OF SEVERAL OCCURRENCES
COLUMN 17 PEAK WIND IN M.P.H.
PRELIMINARY LOCAL CLIMATOLOGICAL DATA (WS FORM: F-6) , PAGE 2
STATION: DEER_PARK WA AIRPORT
MONTH: MAY
YEAR: 2023
LATITUDE: 47 58 N
LONGITUDE: 117 25 W
[TEMPERATURE DATA] [PRECIPITATION DATA] SYMBOLS USED IN COLUMN 16
AVERAGE MONTHLY: 60.8 TOTAL FOR MONTH: 0.68 1 = FOG OR MIST
DPTR FM NORMAL: 7.5 DPTR FM NORMAL: -1.24 2 = FOG REDUCING VISIBILITY
HIGHEST: 90 ON 2 GRTST 24HR 0.53 ON 4- 5 TO 1/4 MILE OR LESS
LOWEST: 34 ON 9 3 = THUNDER
SNOW, ICE PELLETS, HAIL 4 = ICE PELLETS
TOTAL MONTH: M 5 = HAIL
GRTST 24HR M ON M 6 = FREEZING RAIN OR DRIZZLE
GRTST DEPTH: M ON M 7 = DUSTSTORM OR SANDSTORM:
VSBY 1/2 MILE OR LESS
8 = SMOKE OR HAZE
[NO. OF DAYS WITH] [WEATHER - DAYS WITH] 9 = BLOWING SNOW
X = TORNADO
MAX 32 OR BELOW: 0 0.01 INCH OR MORE: 11
MAX 90 OR ABOVE: 1 0.10 INCH OR MORE: 1
MIN 32 OR BELOW: 0 0.50 INCH OR MORE: 0
MIN 0 OR BELOW: 0 1.00 INCH OR MORE: 0
[HDD (BASE 65) ]
TOTAL THIS MO. 163 CLEAR (SCALE 0-3) 20
DPTR FM NORMAL -204 PTCLDY (SCALE 4-7) 7
TOTAL FM JUL 1 6801 CLOUDY (SCALE 8-10) 4
DPTR FM NORMAL -273
[CDD (BASE 65) ]
TOTAL THIS MO. 40
DPTR FM NORMAL 36 [PRESSURE DATA]
TOTAL FM JAN 1 40 HIGHEST SLP M ON M
DPTR FM NORMAL 36 LOWEST SLP 29.55 ON 1
[REMARKS]
#FINAL-05-23#