000
CXUS54 KFWD 072138
CF6GDJ
PRELIMINARY LOCAL CLIMATOLOGICAL DATA (WS FORM: F-6)
STATION: GRANBURY
MONTH: APRIL
YEAR: 2022
LATITUDE: 32 26 N
LONGITUDE: 97 48 W
TEMPERATURE IN F: :PCPN: SNOW: WIND :SUNSHINE: SKY :PK WND
================================================================================
1 2 3 4 5 6A 6B 7 8 9 10 11 12 13 14 15 16 17 18
12Z AVG MX 2MIN
DY MAX MIN AVG DEP HDD CDD WTR SNW DPTH SPD SPD DIR MIN PSBL S-S WX SPD DR
================================================================================
1 76 37 57 -3 8 0 0.06 M M 9.9 18 330 M M 1 31 330
2 77 50 64 4 1 0 0.00 M M 7.8 18 140 M M 0 20 320
3 85 49 67 7 0 2 0.00 M M 9.7 17 140 M M 0 28 160
4 80 57 69 8 0 4 0.70 M M 9.6 17 170 M M 6 3 24 170
5 94 57 76 15 0 11 0.00 M M 9.6 22 220 M M 2 1 31 220
6 78 50 64 3 1 0 0.00 M M 15.3 26 310 M M 1 37 340
7 69 44 57 -5 8 0 0.00 M M 13.1 26 320 M M 2 43 320
8 68 42 55 -7 10 0 0.00 M M 12.5 24 320 M M 1 32 320
9 88 33 61 -1 4 0 0.00 M M 9.1 20 180 M M 0 31 200
10 87 59 73 11 0 8 0.00 M M 15.5 25 150 M M 1 32 150
11 91 68 80 17 0 15 0.00 M M 12.6 23 180 M M 5 32 180
12 87 63 75 12 0 10 0.99 M M 12.9 22 170 M M 5 3 59 100
13 77 55 66 3 0 1 0.00 M M 14.0 23 300 M M 3 31 300
14 76 47 62 -2 3 0 0.00 M M 8.3 14 140 M M 0 20 130
15 90 55 73 9 0 8 0.00 M M 11.5 21 180 M M 3 26 180
16 80 58 69 5 0 4 0.00 M M 9.2 15 330 M M 3 1 21 350
17 80 55 68 3 0 3 0.00 M M 6.0 12 320 M M 5 12 350
18 73 51 62 -3 3 0 0.00 M M 7.9 13 80 M M 1 18 40
19 74 53 64 -1 1 0 0.00 M M 14.4 22 130 M M 4 30 130
20 92 65 79 13 0 14 0.00 M M 16.4 25 190 M M 5 31 170
21 86 71 79 13 0 14 0.00 M M 14.8 22 140 M M 8 30 140
22 86 69 78 12 0 13 0.00 M M 17.5 26 150 M M 7 37 150
23 83 69 76 10 0 11 0.00 M M 17.9 25 170 M M 7 37 160
24 82 56 69 2 0 4 0.04 M M 11.8 20 160 M M 9 28 160
25 65 51 58 -9 7 0 0.55 M M 7.5 16 30 M M 7 3 22 30
26 73 44 59 -8 6 0 0.00 M M 6.1 12 50 M M 0 17 110
27 74 54 64 -4 1 0 0.00 M M 8.1 13 150 M M 6 20 150
28 83 62 73 5 0 8 0.00 M M 11.3 21 150 M M 5 25 140
29 83 69 76 8 0 11 0.00 M M 14.3 20 160 M M 7 25 190
30 82 55 69 1 0 4 0.00 M M 8.7 16 340 M M 2 23 170
================================================================================
SM 2419 1648 53 145 2.34 M 343.3 M 106
================================================================================
AV 80.6 54.9 11.4 FASTST M M 4 MAX(MPH)
MISC ----> # 26 310 59 100
================================================================================
NOTES:
# LAST OF SEVERAL OCCURRENCES
COLUMN 17 PEAK WIND IN M.P.H.
PRELIMINARY LOCAL CLIMATOLOGICAL DATA (WS FORM: F-6) , PAGE 2
STATION: GRANBURY
MONTH: APRIL
YEAR: 2022
LATITUDE: 32 26 N
LONGITUDE: 97 48 W
[TEMPERATURE DATA] [PRECIPITATION DATA] SYMBOLS USED IN COLUMN 16
AVERAGE MONTHLY: 67.8 TOTAL FOR MONTH: 2.34 1 = FOG OR MIST
DPTR FM NORMAL: 3.6 DPTR FM NORMAL: M 2 = FOG REDUCING VISIBILITY
HIGHEST: 94 ON 5 GRTST 24HR 0.99 ON 12-12 TO 1/4 MILE OR LESS
LOWEST: 33 ON 9 3 = THUNDER
SNOW, ICE PELLETS, HAIL 4 = ICE PELLETS
TOTAL MONTH: M 5 = HAIL
GRTST 24HR M ON M 6 = FREEZING RAIN OR DRIZZLE
GRTST DEPTH: M ON M 7 = DUSTSTORM OR SANDSTORM:
VSBY 1/2 MILE OR LESS
8 = SMOKE OR HAZE
[NO. OF DAYS WITH] [WEATHER - DAYS WITH] 9 = BLOWING SNOW
X = TORNADO
MAX 32 OR BELOW: 0 0.01 INCH OR MORE: 5
MAX 90 OR ABOVE: 4 0.10 INCH OR MORE: 3
MIN 32 OR BELOW: 0 0.50 INCH OR MORE: 3
MIN 0 OR BELOW: 0 1.00 INCH OR MORE: 0
[HDD (BASE 65) ]
TOTAL THIS MO. 53 CLEAR (SCALE 0-3) 15
DPTR FM NORMAL -53 PTCLDY (SCALE 4-7) 14
TOTAL FM JUL 1 1947 CLOUDY (SCALE 8-10) 1
DPTR FM NORMAL -707
[CDD (BASE 65) ]
TOTAL THIS MO. 145
DPTR FM NORMAL 64 [PRESSURE DATA]
TOTAL FM JAN 1 174 HIGHEST SLP M ON M
DPTR FM NORMAL 72 LOWEST SLP M ON M
[REMARKS]
#FINAL-04-22#