766
CXUS54 KFWD 010830
CF6GDJ
PRELIMINARY LOCAL CLIMATOLOGICAL DATA (WS FORM: F-6)
STATION: GRANBURY
MONTH: JANUARY
YEAR: 2021
LATITUDE: 32 26 N
LONGITUDE: 97 48 W
TEMPERATURE IN F: :PCPN: SNOW: WIND :SUNSHINE: SKY :PK WND
================================================================================
1 2 3 4 5 6A 6B 7 8 9 10 11 12 13 14 15 16 17 18
12Z AVG MX 2MIN
DY MAX MIN AVG DEP HDD CDD WTR SNW DPTH SPD SPD DIR MIN PSBL S-S WX SPD DR
================================================================================
1 41 34 38 -5 27 0 M M M 13.0 20 280 M M 10 24 310
2 60 32 46 3 19 0 0.00 M M 5.7 8 200 M M 3 M M
3 67 36 52 9 13 0 0.00 M M 7.7 20 230 M M 0 24 230
4 68 32 50 7 15 0 0.00 M M 2.2 12 40 M M 0 17 40
5 67 32 50 7 15 0 0.00 M M 4.8 13 170 M M 0 20 160
6 60 47 54 11 11 0 0.00 M M 14.4 28 310 M M 8 36 320
7 55 37 46 3 19 0 0.00 M M 12.5 18 300 M M 4 24 300
8 53 34 44 1 21 0 0.00 M M 5.8 10 320 M M 6 M M
9 50 27 39 -4 26 0 0.00 M M 3.0 10 50 M M 2 12 M M
10 41 34 38 -5 27 0 0.40 M M 5.4 16 320 M M 10 M M
11 48 32 40 -3 25 0 0.00 M M 6.0 10 290 M M 6 M M
12 51 26 39 -4 26 0 0.00 M M 3.7 10 220 M M 1 12 16 230
13 64 26 45 2 20 0 0.00 M M 4.7 14 210 M M 0 1 16 230
14 64 37 51 8 14 0 0.00 M M 13.4 23 330 M M 0 35 350
15 56 35 46 3 19 0 0.00 M M 14.9 29 310 M M 3 41 310
16 61 32 47 4 18 0 0.00 M M 4.9 10 290 M M 1 8 M M
17 63 31 47 4 18 0 0.00 M M 3.8 8 250 M M 0 M M
18 72 30 51 8 14 0 0.00 M M 6.0 17 180 M M 2 24 170
19 56 46 51 7 14 0 0.00 M M 7.8 13 20 M M 9 24 20
20 52 42 47 3 18 0 0.27 M M 3.8 8 20 M M 9 M M
21 58 47 53 9 12 0 0.04 M M 2.6 9 210 M M 5 1 M M
22 52 47 50 6 15 0 0.00 M M 3.7 8 30 M M 9 1 M M
23 56 48 52 8 13 0 0.03 M M 4.2 9 140 M M 10 1 M M
24 67 55 61 17 4 0 0.03 M M 3.7 9 150 M M 10 1 17 150
25 69 41 55 11 10 0 0.05 M M 10.0 23 280 M M 2 3 30 310
26 59 36 48 4 17 0 M M M 5.6 15 320 M M 2 20 320
27 52 33 43 -1 22 0 0.00 M M 8.0 16 320 M M 2 22 330
28 51 28 40 -4 25 0 0.00 M M 3.1 7 100 M M 0 M M
29 65 37 51 7 14 0 0.00 M M 7.7 16 180 M M 0 22 180
30 76 54 65 21 0 0 0.00 M M 16.4 30 270 M M 5 18 43 250
31 60 40 50 5 15 0 0.00 M M 12.7 22 330 M M 0 29 330
================================================================================
SM 1814 1148 526 0 0.82 M 221.1 M 119
================================================================================
AV 58.5 37.0 7.1 FASTST M M 4 MAX(MPH)
MISC ----> 30 270 43 250
================================================================================
NOTES:
# LAST OF SEVERAL OCCURRENCES
COLUMN 17 PEAK WIND IN M.P.H.
PRELIMINARY LOCAL CLIMATOLOGICAL DATA (WS FORM: F-6) , PAGE 2
STATION: GRANBURY
MONTH: JANUARY
YEAR: 2021
LATITUDE: 32 26 N
LONGITUDE: 97 48 W
[TEMPERATURE DATA] [PRECIPITATION DATA] SYMBOLS USED IN COLUMN 16
AVERAGE MONTHLY: 47.8 TOTAL FOR MONTH: 0.82 1 = FOG OR MIST
DPTR FM NORMAL: 4.4 DPTR FM NORMAL: M 2 = FOG REDUCING VISIBILITY
HIGHEST: 76 ON 30 GRTST 24HR 0.43 ON 20-20 TO 1/4 MILE OR LESS
LOWEST: 26 ON 13,12 3 = THUNDER
SNOW, ICE PELLETS, HAIL 4 = ICE PELLETS
TOTAL MONTH: M 5 = HAIL
GRTST 24HR M ON M 6 = FREEZING RAIN OR DRIZZLE
GRTST DEPTH: M ON M 7 = DUSTSTORM OR SANDSTORM:
VSBY 1/2 MILE OR LESS
8 = SMOKE OR HAZE
[NO. OF DAYS WITH] [WEATHER - DAYS WITH] 9 = BLOWING SNOW
X = TORNADO
MAX 32 OR BELOW: 0 0.01 INCH OR MORE: 6
MAX 90 OR ABOVE: 0 0.10 INCH OR MORE: 2
MIN 32 OR BELOW: 11 0.50 INCH OR MORE: 0
MIN 0 OR BELOW: 0 1.00 INCH OR MORE: 0
[HDD (BASE 65) ]
TOTAL THIS MO. 526 CLEAR (SCALE 0-3) 18
DPTR FM NORMAL -144 PTCLDY (SCALE 4-7) 6
TOTAL FM JUL 1 1314 CLOUDY (SCALE 8-10) 7
DPTR FM NORMAL -428
[CDD (BASE 65) ]
TOTAL THIS MO. 0
DPTR FM NORMAL 0 [PRESSURE DATA]
TOTAL FM JAN 1 0 HIGHEST SLP M ON M
DPTR FM NORMAL 0 LOWEST SLP M ON M
[REMARKS]
#FINAL-01-21#