999
CXUS54 KMAF 011110
CF6GNC
PRELIMINARY LOCAL CLIMATOLOGICAL DATA (WS FORM: F-6)
STATION: GAINES COUNTY AIRPORT
MONTH: AUGUST
YEAR: 2020
LATITUDE: 32 40 N
LONGITUDE: 102 39 W
TEMPERATURE IN F: :PCPN: SNOW: WIND :SUNSHINE: SKY :PK WND
================================================================================
1 2 3 4 5 6A 6B 7 8 9 10 11 12 13 14 15 16 17 18
12Z AVG MX 2MIN
DY MAX MIN AVG DEP HDD CDD WTR SNW DPTH SPD SPD DIR MIN PSBL S-S WX SPD DR
================================================================================
1 96 66 81 M 0 16 M M M 3.9 14 100 M M 0 20 70
2 99 67 83 M 0 18 M M M 5.0 20 100 M M 2 29 100
3 91 65 78 M 0 13 M M M 6.5 15 50 M M 2 23 80
4 100 69 85 M 0 20 M M M 7.9 14 170 M M 0 20 300
5 102 74 88 M 0 23 M M M 9.4 17 150 M M 1 21 150
6 103 74 89 M 0 24 M M M 9.8 17 180 M M 2 40 240
7 101 76 89 M 0 24 M M M 10.2 17 190 M M 1 23 180
8 98 73 86 M 0 21 M M M 8.2 14 160 M M 0 21 170
9 100 69 85 M 0 20 M M M 8.4 15 150 M M 0 20 160
10 102 71 87 M 0 22 M M M 7.1 13 160 M M 0 18 160
11 103 71 87 M 0 22 M M M 9.5 16 160 M M 0 23 160
12 106 71 89 M 0 24 M M M 9.4 18 190 M M 0 24 190
13 107 72 90 M 0 25 M M M 7.5 13 210 M M 0 23 0
14 103 77 90 M 0 25 M M M 6.0 18 30 M M 0 8 28 30
15 104 76 90 M 0 25 M M M 6.7 21 330 M M 1 8 37 190
16 93 73 83 M 0 18 M M M 5.6 18 330 M M 0 24 330
17 90 66 78 M 0 13 M M M 5.8 10 110 M M 2 20 20
18 94 63 79 M 0 14 M M M 3.8 8 70 M M 1 20 40
19 98 66 82 M 0 17 M M M 4.5 9 140 M M 0 20 130
20 101 70 86 M 0 21 M M M 10.4 21 130 M M 0 26 130
21 97 66 82 M 0 17 M M M 8.2 14 140 M M 0 20 100
22 99 69 84 M 0 19 M M M 4.1 10 130 M M 1 17 110
23 96 68 82 M 0 17 M M M 5.8 10 110 M M 0 20 90
24 93 64 79 M 0 14 M M M 6.4 13 100 M M 0 20 140
25 94 63 79 M 0 14 M M M 3.5 9 110 M M 1 18 100
26 96 65 81 M 0 16 M M M 5.8 13 120 M M 0 17 120
27 98 67 83 M 0 18 M M M 5.2 15 190 M M 0 20 110
28 102 70 86 M 0 21 M M M 7.4 15 200 M M 0 22 170
29 102 70 86 M 0 21 M M M 6.2 14 150 M M 1 24 110
30 103 68 86 M 0 21 M M M 6.9 13 310 M M 1 40 310
31 92 75 84 M 0 19 M M M 6.4 13 290 M M 3 21 290
================================================================================
SM 3063 2154 0 602 M M 211.7 M 19
================================================================================
AV 98.8 69.5 6.8 FASTST M M 1 MAX(MPH)
MISC ----> # 21 330 # 40 240
================================================================================
NOTES:
# LAST OF SEVERAL OCCURRENCES
COLUMN 17 PEAK WIND IN M.P.H.
PRELIMINARY LOCAL CLIMATOLOGICAL DATA (WS FORM: F-6) , PAGE 2
STATION: GAINES COUNTY AIRPORT
MONTH: AUGUST
YEAR: 2020
LATITUDE: 32 40 N
LONGITUDE: 102 39 W
[TEMPERATURE DATA] [PRECIPITATION DATA] SYMBOLS USED IN COLUMN 16
AVERAGE MONTHLY: 84.1 TOTAL FOR MONTH: M 1 = FOG OR MIST
DPTR FM NORMAL: 0.0 DPTR FM NORMAL: M 2 = FOG REDUCING VISIBILITY
HIGHEST: 107 ON 13 GRTST 24HR M ON M TO 1/4 MILE OR LESS
LOWEST: 63 ON 25,18 3 = THUNDER
SNOW, ICE PELLETS, HAIL 4 = ICE PELLETS
TOTAL MONTH: M 5 = HAIL
GRTST 24HR M ON M 6 = FREEZING RAIN OR DRIZZLE
GRTST DEPTH: M ON M 7 = DUSTSTORM OR SANDSTORM:
VSBY 1/2 MILE OR LESS
8 = SMOKE OR HAZE
[NO. OF DAYS WITH] [WEATHER - DAYS WITH] 9 = BLOWING SNOW
X = TORNADO
MAX 32 OR BELOW: 0 0.01 INCH OR MORE: 0
MAX 90 OR ABOVE: 31 0.10 INCH OR MORE: 0
MIN 32 OR BELOW: 0 0.50 INCH OR MORE: 0
MIN 0 OR BELOW: 0 1.00 INCH OR MORE: 0
[HDD (BASE 65) ]
TOTAL THIS MO. 0 CLEAR (SCALE 0-3) 31
DPTR FM NORMAL M PTCLDY (SCALE 4-7) 0
TOTAL FM JUL 1 0 CLOUDY (SCALE 8-10) 0
DPTR FM NORMAL M
[CDD (BASE 65) ]
TOTAL THIS MO. 602
DPTR FM NORMAL M [PRESSURE DATA]
TOTAL FM JAN 1 2069 HIGHEST SLP M ON M
DPTR FM NORMAL M LOWEST SLP M ON M
[REMARKS]
#FINAL-08-20#