000
CXUS52 KILM 011000
CF6ILM
PRELIMINARY LOCAL CLIMATOLOGICAL DATA (WS FORM: F-6)
STATION: WILMINGTON NORTH CAROLINA
MONTH: MARCH
YEAR: 2020
LATITUDE: 34 16 N
LONGITUDE: 77 55 W
TEMPERATURE IN F: :PCPN: SNOW: WIND :SUNSHINE: SKY :PK WND
================================================================================
1 2 3 4 5 6A 6B 7 8 9 10 11 12 13 14 15 16 17 18
12Z AVG MX 2MIN
DY MAX MIN AVG DEP HDD CDD WTR SNW DPTH SPD SPD DIR MIN PSBL S-S WX SPD DR
================================================================================
1 57 29 43 -8 22 0 0.00 0.0 0 5.6 13 160 M M 0 17 160
2 71 35 53 1 12 0 T 0.0 0 8.1 23 210 M M 1 30 220
3 70 58 64 12 1 0 0.29 0.0 0 11.4 23 240 M M 7 1 29 240
4 65 53 59 7 6 0 0.23 0.0 0 4.6 14 310 M M 8 1 19 310
5 55 46 51 -1 14 0 1.40 0.0 0 6.7 18 10 M M 10 1 23 360
6 61 45 53 1 12 0 0.09 0.0 0 15.0 26 310 M M 7 1 36 310
7 56 35 46 -7 19 0 0.00 0.0 0 12.4 25 330 M M 0 33 330
8 58 30 44 -9 21 0 0.00 0.0 0 3.7 10 160 M M 0 14 130
9 72 33 53 0 12 0 0.00 0.0 0 5.5 20 240 M M 1 24 240
10 74 54 64 10 1 0 0.00 0.0 0 9.0 23 200 M M 3 27 210
11 79 58 69 15 0 4 0.00 0.0 0 9.5 18 210 M M 2 25 200
12 78 53 66 12 0 1 0.00 0.0 0 7.5 17 170 M M 1 23 170
13 83 63 73 19 0 8 T 0.0 0 9.2 21 220 M M 1 28 230
14 68 59 64 10 1 0 0.00 0.0 0 8.9 20 70 M M 4 30 60
15 59 49 54 -1 11 0 0.11 0.0 0 10.7 20 20 M M 10 1 24 20
16 70 47 59 4 6 0 0.00 0.0 0 8.2 20 20 M M 5 26 30
17 62 53 58 3 7 0 0.43 0.0 0 2.3 10 320 M M 9 1 12 320
18 70 56 63 7 2 0 0.00 0.0 0 7.0 16 100 M M 5 1 20 90
19 81 59 70 14 0 5 0.00 0.0 0 9.6 20 190 M M 5 12 27 230
20 83 67 75 19 0 10 0.00 0.0 0 13.9 24 240 M M 1 32 200
21 84 57 71 15 0 6 0.00 0.0 0 10.8 23 90 M M 6 29 90
22 59 49 54 -3 11 0 0.06 0.0 0 12.4 21 20 M M 10 1 27 20
23 64 49 57 0 8 0 0.09 0.0 0 7.4 16 310 M M 8 1 22 310
24 59 53 56 -1 9 0 1.37 0.0 0 7.5 23 120 M M 10 1 28 130
25 70 52 61 4 4 0 0.16 0.0 0 11.9 23 320 M M 10 1 29 320
26 61 46 54 -4 11 0 0.00 0.0 0 7.9 16 40 M M 3 21 30
27 87 54 71 13 0 6 0.00 0.0 0 10.1 21 260 M M 1 25 250
28 88 65 77 19 0 12 0.00 0.0 0 11.7 21 220 M M 0 29 220
29 87 69 78 20 0 13 0.00 0.0 0 13.2 21 260 M M 0 27 220
30 84 64 74 15 0 9 0.00 0.0 0 8.1 20 280 M M 0 23 270
31 66 50 58 -1 7 0 0.54 0.0 0 11.9 25 70 M M 5 1 32 60
================================================================================
SM 2181 1590 197 74 4.77 0.0 281.7 M 133
================================================================================
AV 70.4 51.3 9.1 FASTST M M 4 MAX(MPH)
MISC ----> # 26 310 # 36 310
================================================================================
NOTES:
# LAST OF SEVERAL OCCURRENCES
COLUMN 17 PEAK WIND IN M.P.H.
PRELIMINARY LOCAL CLIMATOLOGICAL DATA (WS FORM: F-6) , PAGE 2
STATION: WILMINGTON NORTH CAROLINA
MONTH: MARCH
YEAR: 2020
LATITUDE: 34 16 N
LONGITUDE: 77 55 W
[TEMPERATURE DATA] [PRECIPITATION DATA] SYMBOLS USED IN COLUMN 16
AVERAGE MONTHLY: 60.8 TOTAL FOR MONTH: 4.77 1 = FOG OR MIST
DPTR FM NORMAL: 5.7 DPTR FM NORMAL: 0.56 2 = FOG REDUCING VISIBILITY
HIGHEST: 88 ON 28 GRTST 24HR 1.40 ON 5- 5 TO 1/4 MILE OR LESS
LOWEST: 29 ON 1 3 = THUNDER
SNOW, ICE PELLETS, HAIL 4 = ICE PELLETS
TOTAL MONTH: 0.0 INCH 5 = HAIL
GRTST 24HR 0.0 6 = FREEZING RAIN OR DRIZZLE
GRTST DEPTH: 0 7 = DUSTSTORM OR SANDSTORM:
VSBY 1/2 MILE OR LESS
8 = SMOKE OR HAZE
[NO. OF DAYS WITH] [WEATHER - DAYS WITH] 9 = BLOWING SNOW
X = TORNADO
MAX 32 OR BELOW: 0 0.01 INCH OR MORE: 11
MAX 90 OR ABOVE: 0 0.10 INCH OR MORE: 8
MIN 32 OR BELOW: 2 0.50 INCH OR MORE: 3
MIN 0 OR BELOW: 0 1.00 INCH OR MORE: 2
[HDD (BASE 65) ]
TOTAL THIS MO. 197 CLEAR (SCALE 0-3) 15
DPTR FM NORMAL -126 PTCLDY (SCALE 4-7) 8
TOTAL FM JUL 1 1695 CLOUDY (SCALE 8-10) 8
DPTR FM NORMAL -557
[CDD (BASE 65) ]
TOTAL THIS MO. 74
DPTR FM NORMAL 58 [PRESSURE DATA]
TOTAL FM JAN 1 112 HIGHEST SLP 30.65 ON 8
DPTR FM NORMAL 91 LOWEST SLP 29.51 ON 31
[REMARKS]
#FINAL-03-20#