816
CXUS52 KTBW 011000
CF6LAL
PRELIMINARY LOCAL CLIMATOLOGICAL DATA (WS FORM: F-6)
STATION: Lakeland Linder
MONTH: AUGUST
YEAR: 2020
LATITUDE: 28 0 N
LONGITUDE: 82 3 W
TEMPERATURE IN F: :PCPN: SNOW: WIND :SUNSHINE: SKY :PK WND
================================================================================
1 2 3 4 5 6A 6B 7 8 9 10 11 12 13 14 15 16 17 18
12Z AVG MX 2MIN
DY MAX MIN AVG DEP HDD CDD WTR SNW DPTH SPD SPD DIR MIN PSBL S-S WX SPD DR
================================================================================
1 95 78 87 3 0 22 0.00 0.0 0 6.4 14 50 M M 3 18 80
2 95 75 85 1 0 20 0.14 0.0 0 9.6 20 60 M M 5 1 25 60
3 94 76 85 1 0 20 T 0.0 0 5.4 10 260 M M 3 M M
4 94 79 87 3 0 22 0.29 0.0 0 4.5 22 90 M M 4 3 24 120
5 92 75 84 0 0 19 0.69 0.0 0 3.1 12 180 M M 2 M M
6 93 75 84 0 0 19 0.02 0.0 0 2.3 7 270 M M 2 M M
7 95 76 86 2 0 21 0.24 0.0 0 1.2 5 110 M M 2 3 M M
8 96 75 86 2 0 21 0.00 0.0 0 1.9 6 240 M M 3 3 M M
9 96 77 87 3 0 22 0.15 0.0 0 1.9 25 310 M M 2 13 33 310
10 95 75 85 1 0 20 0.10 0.0 0 2.4 13 100 M M 4 3 18 100
11 94 75 85 1 0 20 0.00 0.0 0 2.5 14 90 M M 3 25 90
12 93 74 84 0 0 19 0.08 0.0 0 1.8 18 80 M M 3 3 25 80
13 94 74 84 0 0 19 1.19 0.0 0 3.3 9 340 M M 4 3 24 340
14 95 77 86 2 0 21 0.06 0.0 0 2.6 7 180 M M 3 3 M M
15 93 77 85 1 0 20 0.18 0.0 0 2.0 7 320 M M 3 3 M M
16 91 77 84 0 0 19 0.11 0.0 0 2.5 9 260 M M 2 3 M M
17 91 76 84 0 0 19 0.56 0.0 0 2.5 16 290 M M 2 3 M M
18 91 75 83 -1 0 18 0.06 0.0 0 1.7 9 270 M M 2 3 M M
19 83 75 79 -5 0 14 0.03 0.0 0 1.9 7 270 M M 1 M M
20 89 74 82 -2 0 17 0.13 0.0 0 4.3 10 270 M M 4 3 M M
21 91 74 83 -1 0 18 0.19 0.0 0 6.1 14 160 M M 3 23 340
22 91 74 83 -1 0 18 0.51 0.0 0 3.2 17 90 M M 4 24 90
23 93 75 84 0 0 19 0.26 0.0 0 7.6 16 90 M M 3 3 21 90
24 94 80 87 3 0 22 0.05 0.0 0 10.5 18 120 M M 4 30 130
25 95 79 87 3 0 22 0.07 0.0 0 9.2 15 110 M M 3 21 120
26 94 79 87 3 0 22 0.13 0.0 0 6.0 12 110 M M 4 3 18 110
27 96 78 87 3 0 22 0.00 0.0 0 4.7 10 120 M M 3 3 M M
28 90 75 83 -1 0 18 0.21 0.0 0 2.3 7 230 M M 3 3 M M
29 94 79 87 3 0 22 0.00 0.0 0 3.8 12 270 M M 4 3 M M
30 94 74 84 1 0 19 1.91 0.0 0 3.4 23 260 M M 5 3 32 260
31 83 73 78 -5 0 13 0.55 0.0 0 4.1 10 190 M M 3 3 M M
================================================================================
SM 2874 2355 0 607 7.91 0.0 124.7 M 96
================================================================================
AV 92.7 76.0 4.0 FASTST M M 3 MAX(MPH)
MISC ----> # 25 310 # 33 310
================================================================================
NOTES:
# LAST OF SEVERAL OCCURRENCES
COLUMN 17 PEAK WIND IN M.P.H.
PRELIMINARY LOCAL CLIMATOLOGICAL DATA (WS FORM: F-6) , PAGE 2
STATION: Lakeland Linder
MONTH: AUGUST
YEAR: 2020
LATITUDE: 28 0 N
LONGITUDE: 82 3 W
[TEMPERATURE DATA] [PRECIPITATION DATA] SYMBOLS USED IN COLUMN 16
AVERAGE MONTHLY: 84.3 TOTAL FOR MONTH: 7.91 1 = FOG OR MIST
DPTR FM NORMAL: 2.0 DPTR FM NORMAL: -0.59 2 = FOG REDUCING VISIBILITY
HIGHEST: 96 ON 27, 9 GRTST 24HR 1.91 ON 30-30 TO 1/4 MILE OR LESS
LOWEST: 73 ON 31 3 = THUNDER
SNOW, ICE PELLETS, HAIL 4 = ICE PELLETS
TOTAL MONTH: 0.0 INCH 5 = HAIL
GRTST 24HR 0.0 6 = FREEZING RAIN OR DRIZZLE
GRTST DEPTH: 0 7 = DUSTSTORM OR SANDSTORM:
VSBY 1/2 MILE OR LESS
8 = SMOKE OR HAZE
[NO. OF DAYS WITH] [WEATHER - DAYS WITH] 9 = BLOWING SNOW
X = TORNADO
MAX 32 OR BELOW: 0 0.01 INCH OR MORE: 25
MAX 90 OR ABOVE: 28 0.10 INCH OR MORE: 18
MIN 32 OR BELOW: 0 0.50 INCH OR MORE: 6
MIN 0 OR BELOW: 0 1.00 INCH OR MORE: 2
[HDD (BASE 65) ]
TOTAL THIS MO. 0 CLEAR (SCALE 0-3) 15
DPTR FM NORMAL 0 PTCLDY (SCALE 4-7) 16
TOTAL FM JUL 1 0 CLOUDY (SCALE 8-10) 0
DPTR FM NORMAL 0
[CDD (BASE 65) ]
TOTAL THIS MO. 607
DPTR FM NORMAL 29 [PRESSURE DATA]
TOTAL FM JAN 1 3060 HIGHEST SLP M ON M
DPTR FM NORMAL 446 LOWEST SLP M ON M
[REMARKS]
#FINAL-08-20#