000
CXUS53 KMPX 012349
CF6MKT
PRELIMINARY LOCAL CLIMATOLOGICAL DATA (WS FORM: F-6)
STATION: MANKATO MN
MONTH: OCTOBER
YEAR: 2021
LATITUDE: 44 13 N
LONGITUDE: 93 55 W
TEMPERATURE IN F: :PCPN: SNOW: WIND :SUNSHINE: SKY :PK WND
================================================================================
1 2 3 4 5 6A 6B 7 8 9 10 11 12 13 14 15 16 17 18
12Z AVG MX 2MIN
DY MAX MIN AVG DEP HDD CDD WTR SNW DPTH SPD SPD DIR MIN PSBL S-S WX SPD DR
================================================================================
1 79 64 72 17 0 7 0.21 M M 6.1 12 120 M M 6 13 M M
2 67 62 65 11 0 0 0.04 M M 7.9 14 270 M M 9 12 M M
3 73 53 63 9 2 0 0.00 M M 8.7 17 330 M M 1 22 340
4 74 48 61 8 4 0 0.00 M M 3.9 8 20 M M 0 1 M M
5 76 47 62 9 3 0 0.00 M M 5.4 13 130 M M 3 12 M M
6 74 53 64 12 1 0 0.00 M M 7.0 9 130 M M 5 M M
7 71 59 65 13 0 0 T M M 7.3 12 120 M M 9 M M
8 77 62 70 18 0 5 0.00 M M 6.3 10 130 M M 5 1 M M
9 79 60 70 19 0 5 T M M 14.9 24 130 M M 2 33 130
10 70 51 61 10 4 0 0.00 M M 13.2 24 240 M M 4 31 240
11 70 45 58 8 7 0 0.00 M M 6.6 13 340 M M 0 M M
12 63 50 57 7 8 0 0.00 M M 6.6 8 10 M M 8 M M
13 70 50 60 10 5 0 0.20 M M 17.3 35 130 M M 4 1 45 140
14 57 45 51 2 14 0 0.00 M M 13.0 23 230 M M 5 32 230
15 53 39 46 -3 19 0 0.00 M M 9.1 21 280 M M 3 27 270
16 64 35 50 2 15 0 0.00 M M 9.6 18 260 M M 0 22 290
17 71 36 54 6 11 0 0.00 M M 5.9 12 220 M M 0 M M
18 78 47 63 15 2 0 0.00 M M 10.5 20 180 M M 0 27 180
19 74 50 62 15 3 0 0.00 M M 8.2 15 190 M M 0 16 180
20 58 48 53 6 12 0 1.30 M M 9.5 17 10 M M 7 13 M M
21 49 34 42 -4 23 0 0.05 M M 12.9 21 340 M M 5 29 350
22 47 33 40 -6 25 0 0.00 M M 3.0 7 360 M M 4 M M
23 51 28 40 -6 25 0 T M M 5.8 9 80 M M 0 M M
24 48 39 44 -1 21 0 0.00 M M 12.2 16 80 M M 3 25 90
25 52 34 43 -2 22 0 0.00 M M 8.6 14 50 M M 0 M M
26 57 38 48 4 17 0 0.00 M M 17.8 27 130 M M 3 37 130
27 54 47 51 7 14 0 0.48 M M 15.8 27 130 M M 10 1 32 140
28 48 45 47 4 18 0 0.46 M M 10.1 20 350 M M 10 1 24 360
29 56 38 47 4 18 0 0.00 M M 11.6 16 340 M M 3 M M
30 60 30 45 3 20 0 0.00 M M 7.3 20 320 M M 3 12 27 320
31 46 32 39 -3 26 0 0.00 M M 14.0 22 290 M M 2 32 280
================================================================================
SM 1966 1402 339 17 2.74 M 296.1 M 114
================================================================================
AV 63.4 45.2 9.6 FASTST M M 4 MAX(MPH)
MISC ----> 35 130 45 140
================================================================================
NOTES:
# LAST OF SEVERAL OCCURRENCES
COLUMN 17 PEAK WIND IN M.P.H.
PRELIMINARY LOCAL CLIMATOLOGICAL DATA (WS FORM: F-6) , PAGE 2
STATION: MANKATO MN
MONTH: OCTOBER
YEAR: 2021
LATITUDE: 44 13 N
LONGITUDE: 93 55 W
[TEMPERATURE DATA] [PRECIPITATION DATA] SYMBOLS USED IN COLUMN 16
AVERAGE MONTHLY: 54.3 TOTAL FOR MONTH: 2.74 1 = FOG OR MIST
DPTR FM NORMAL: 5.9 DPTR FM NORMAL: 0.42 2 = FOG REDUCING VISIBILITY
HIGHEST: 79 ON 9, 1 GRTST 24HR 1.30 ON 20-20 TO 1/4 MILE OR LESS
LOWEST: 28 ON 23 3 = THUNDER
SNOW, ICE PELLETS, HAIL 4 = ICE PELLETS
TOTAL MONTH: M 5 = HAIL
GRTST 24HR M ON M 6 = FREEZING RAIN OR DRIZZLE
GRTST DEPTH: M ON M 7 = DUSTSTORM OR SANDSTORM:
VSBY 1/2 MILE OR LESS
8 = SMOKE OR HAZE
[NO. OF DAYS WITH] [WEATHER - DAYS WITH] 9 = BLOWING SNOW
X = TORNADO
MAX 32 OR BELOW: 0 0.01 INCH OR MORE: 7
MAX 90 OR ABOVE: 0 0.10 INCH OR MORE: 5
MIN 32 OR BELOW: 3 0.50 INCH OR MORE: 1
MIN 0 OR BELOW: 0 1.00 INCH OR MORE: 1
[HDD (BASE 65) ]
TOTAL THIS MO. 339 CLEAR (SCALE 0-3) 14
DPTR FM NORMAL -183 PTCLDY (SCALE 4-7) 13
TOTAL FM JUL 1 405 CLOUDY (SCALE 8-10) 4
DPTR FM NORMAL -322
[CDD (BASE 65) ]
TOTAL THIS MO. 17
DPTR FM NORMAL 10 [PRESSURE DATA]
TOTAL FM JAN 1 896 HIGHEST SLP M ON M
DPTR FM NORMAL 242 LOWEST SLP M ON M
[REMARKS]
#FINAL-10-21#