000
CXUS55 KMSO 021446
CF6MSO
PRELIMINARY LOCAL CLIMATOLOGICAL DATA (WS FORM: F-6)
STATION: MISSOULA MT
MONTH: AUGUST
YEAR: 2022
LATITUDE: 46 55 N
LONGITUDE: 114 5 W
TEMPERATURE IN F: :PCPN: SNOW: WIND :SUNSHINE: SKY :PK WND
================================================================================
1 2 3 4 5 6A 6B 7 8 9 10 11 12 13 14 15 16 17 18
12Z AVG MX 2MIN
DY MAX MIN AVG DEP HDD CDD WTR SNW DPTH SPD SPD DIR MIN PSBL S-S WX SPD DR
================================================================================
1 103 58 81 11 0 16 0.00 0.0 0 5.0 24 270 M M 1 3 31 270
2 92 59 76 6 0 11 0.00 0.0 0 11.1 29 290 M M 0 37 290
3 96 52 74 4 0 9 0.00 0.0 0 5.6 26 280 M M 0 33 280
4 91 56 74 4 0 9 0.00 0.0 0 9.3 32 270 M M 0 49 280
5 88 49 69 -1 0 4 0.00 0.0 0 4.7 14 360 M M 0 21 360
6 83 55 69 -1 0 4 T 0.0 0 6.7 23 10 M M 2 3 34 340
7 90 48 69 -1 0 4 0.00 0.0 0 2.6 10 170 M M 0 14 170
8 98 51 75 5 0 10 0.00 0.0 0 3.5 15 280 M M 0 20 260
9 103 53 78 9 0 13 0.00 0.0 0 3.8 16 260 M M 0 22 360
10 90 68 79 10 0 14 T 0.0 0 5.2 21 290 M M 2 24 290
11 98 58 78 9 0 13 T 0.0 0 4.7 36 280 M M 0 46 290
12 93 58 76 8 0 11 0.01 0.0 0 5.8 29 320 M M 1 3 41 320
13 96 53 75 7 0 10 0.00 0.0 0 5.6 22 310 M M 0 1 31 300
14 92 51 72 4 0 7 0.00 0.0 0 4.4 18 300 M M 0 25 310
15 94 50 72 4 0 7 0.00 0.0 0 3.6 15 320 M M 0 20 20
16 98 51 75 7 0 10 0.00 0.0 0 3.1 16 300 M M 0 24 300
17 100 52 76 9 0 11 0.00 0.0 0 3.8 17 360 M M 0 26 360
18 100 57 79 12 0 14 0.00 0.0 0 5.3 20 10 M M 0 28 10
19 101 61 81 14 0 16 0.00 0.0 0 7.1 20 10 M M 0 26 360
20 96 65 81 15 0 16 T 0.0 0 5.1 23 190 M M 2 3 29 190
21 94 61 78 12 0 13 0.00 0.0 0 3.8 16 10 M M 1 28 340
22 94 57 76 10 0 11 T 0.0 0 5.4 26 260 M M 1 36 310
23 93 52 73 8 0 8 T 0.0 0 4.4 15 80 M M 0 24 70
24 85 67 76 11 0 11 0.04 0.0 0 13.7 25 360 M M 5 3 36 70
25 83 60 72 7 0 7 0.02 0.0 0 6.1 21 90 M M 1 3 26 300
26 86 54 70 6 0 5 0.04 0.0 0 3.3 17 290 M M 2 3 23 290
27 78 52 65 1 0 0 0.00 0.0 0 9.3 25 270 M M 5 33 300
28 78 46 62 -2 3 0 0.00 0.0 0 5.4 18 310 M M 0 25 300
29 89 45 67 3 0 2 0.00 0.0 0 3.4 13 10 M M 0 18 270
30 97 49 73 10 0 8 0.00 0.0 0 3.0 12 350 M M 0 16 360
31 99 48 74 11 0 9 T 0.0 0 3.1 12 160 M M 0 14 170
================================================================================
SM 2878 1696 3 283 0.11 0.0 166.9 M 23
================================================================================
AV 92.8 54.7 5.4 FASTST M M 1 MAX(MPH)
MISC ----> 36 280 49 280
================================================================================
NOTES:
# LAST OF SEVERAL OCCURRENCES
COLUMN 17 PEAK WIND IN M.P.H.
PRELIMINARY LOCAL CLIMATOLOGICAL DATA (WS FORM: F-6) , PAGE 2
STATION: MISSOULA MT
MONTH: AUGUST
YEAR: 2022
LATITUDE: 46 55 N
LONGITUDE: 114 5 W
[TEMPERATURE DATA] [PRECIPITATION DATA] SYMBOLS USED IN COLUMN 16
AVERAGE MONTHLY: 73.8 TOTAL FOR MONTH: 0.11 1 = FOG OR MIST
DPTR FM NORMAL: 6.6 DPTR FM NORMAL: -0.72 2 = FOG REDUCING VISIBILITY
HIGHEST: 103 ON 9, 1 GRTST 24HR 0.06 ON 24-25 TO 1/4 MILE OR LESS
LOWEST: 45 ON 29 3 = THUNDER
SNOW, ICE PELLETS, HAIL 4 = ICE PELLETS
TOTAL MONTH: 0.0 INCH 5 = HAIL
GRTST 24HR 0.0 6 = FREEZING RAIN OR DRIZZLE
GRTST DEPTH: 0 7 = DUSTSTORM OR SANDSTORM:
VSBY 1/2 MILE OR LESS
8 = SMOKE OR HAZE
[NO. OF DAYS WITH] [WEATHER - DAYS WITH] 9 = BLOWING SNOW
X = TORNADO
MAX 32 OR BELOW: 0 0.01 INCH OR MORE: 4
MAX 90 OR ABOVE: 23 0.10 INCH OR MORE: 0
MIN 32 OR BELOW: 0 0.50 INCH OR MORE: 0
MIN 0 OR BELOW: 0 1.00 INCH OR MORE: 0
[HDD (BASE 65) ]
TOTAL THIS MO. 3 CLEAR (SCALE 0-3) 29
DPTR FM NORMAL -44 PTCLDY (SCALE 4-7) 2
TOTAL FM JUL 1 3 CLOUDY (SCALE 8-10) 0
DPTR FM NORMAL -86
[CDD (BASE 65) ]
TOTAL THIS MO. 283
DPTR FM NORMAL 168 [PRESSURE DATA]
TOTAL FM JAN 1 560 HIGHEST SLP 30.20 ON 7
DPTR FM NORMAL 268 LOWEST SLP 29.71 ON 27
[REMARKS]
#FINAL-08-22#