000
CXUS51 KBTV 010700
CF6MVL
PRELIMINARY LOCAL CLIMATOLOGICAL DATA (WS FORM: F-6)
STATION: MORRISVILLE VT
MONTH: OCTOBER
YEAR: 2021
LATITUDE: 44 31 N
LONGITUDE: 72 37 W
TEMPERATURE IN F: :PCPN: SNOW: WIND :SUNSHINE: SKY :PK WND
================================================================================
1 2 3 4 5 6A 6B 7 8 9 10 11 12 13 14 15 16 17 18
12Z AVG MX 2MIN
DY MAX MIN AVG DEP HDD CDD WTR SNW DPTH SPD SPD DIR MIN PSBL S-S WX SPD DR
================================================================================
1 60 39 50 -2 15 0 0.00 M M 3.0 15 310 M M 9 1 20 300
2 54 49 52 1 13 0 0.40 M M 1.7 8 120 M M 10 1 10 130
3 58 53 56 5 9 0 0.19 M M 2.4 7 360 M M 10 1 8 360
4 58 52 55 5 10 0 T M M 2.9 9 150 M M 10 12 160
5 63 50 57 7 8 0 0.01 M M 2.1 7 160 M M 10 1 11 200
6 71 46 59 9 6 0 0.00 M M 1.0 7 220 M M 6 12 10 210
7 72 43 58 9 7 0 0.00 M M 1.5 8 10 M M 6 12 11 20
8 74 47 61 12 4 0 0.00 M M 1.5 7 160 M M 5 12 10 210
9 65 49 57 9 8 0 0.00 M M 7.9 16 160 M M 7 26 170
10 64 50 57 9 8 0 0.00 M M 4.4 13 200 M M 5 18 200
11 69 47 58 11 7 0 0.00 M M 2.5 8 210 M M 4 1 12 160
12 75 48 62 15 3 0 0.00 M M 1.0 8 170 M M 4 12 10 150
13 77 47 62 15 3 0 0.11 M M 2.1 10 20 M M 7 12 12 10
14 68 58 63 17 2 0 0.11 M M 1.7 12 350 M M 10 12 14 10
15 72 56 64 18 1 0 0.01 M M 2.0 8 220 M M 10 12 11 210
16 76 55 66 20 0 1 0.82 M M 5.8 29 170 M M 9 1 40 180
17 57 47 52 7 13 0 0.05 M M 4.4 18 320 M M 9 1 24 320
18 49 42 46 1 19 0 0.20 M M 4.5 14 330 M M 10 1 23 300
19 53 39 46 2 19 0 0.04 M M 4.3 17 300 M M 9 1 27 310
20 65 34 50 6 15 0 0.00 M M 3.4 14 320 M M 1 21 320
21 59 41 50 6 15 0 0.15 M M 2.5 10 210 M M 8 12 15 210
22 57 32 45 2 20 0 0.14 M M 6.4 16 360 M M 8 1 21 360
23 47 28 38 -5 27 0 T M M 2.5 14 10 M M 5 16 10
24 52 28 40 -3 25 0 0.00 M M 2.7 14 340 M M 1 1 18 330
25 44 34 39 -3 26 0 0.35 M M 1.6 9 10 M M 9 1 11 10
26 54 43 49 7 16 0 0.19 M M 4.1 12 340 M M 10 1 19 340
27 56 37 47 5 18 0 0.00 M M 9.1 18 10 M M 3 22 30
28 56 28 42 1 23 0 0.00 M M 1.1 7 360 M M 0 1 10 350
29 60 27 44 3 21 0 0.00 M M 1.7 8 40 M M 3 12 12 40
30 55 29 42 2 23 0 0.56 M M 2.9 12 20 M M 9 1 13 10
31 53 49 51 11 14 0 1.19 M M 4.4 12 200 M M 10 1 17 230
================================================================================
SM 1893 1327 398 1 4.52 M 99.1 M 217
================================================================================
AV 61.1 42.8 3.2 FASTST M M 7 MAX(MPH)
MISC ----> 29 170 40 180
================================================================================
NOTES:
# LAST OF SEVERAL OCCURRENCES
COLUMN 17 PEAK WIND IN M.P.H.
PRELIMINARY LOCAL CLIMATOLOGICAL DATA (WS FORM: F-6) , PAGE 2
STATION: MORRISVILLE VT
MONTH: OCTOBER
YEAR: 2021
LATITUDE: 44 31 N
LONGITUDE: 72 37 W
[TEMPERATURE DATA] [PRECIPITATION DATA] SYMBOLS USED IN COLUMN 16
AVERAGE MONTHLY: 51.9 TOTAL FOR MONTH: 4.52 1 = FOG OR MIST
DPTR FM NORMAL: 6.3 DPTR FM NORMAL: 0.90 2 = FOG REDUCING VISIBILITY
HIGHEST: 77 ON 13 GRTST 24HR 1.39 ON 30-31 TO 1/4 MILE OR LESS
LOWEST: 27 ON 29 3 = THUNDER
SNOW, ICE PELLETS, HAIL 4 = ICE PELLETS
TOTAL MONTH: M 5 = HAIL
GRTST 24HR M ON M 6 = FREEZING RAIN OR DRIZZLE
GRTST DEPTH: M ON M 7 = DUSTSTORM OR SANDSTORM:
VSBY 1/2 MILE OR LESS
8 = SMOKE OR HAZE
[NO. OF DAYS WITH] [WEATHER - DAYS WITH] 9 = BLOWING SNOW
X = TORNADO
MAX 32 OR BELOW: 0 0.01 INCH OR MORE: 16
MAX 90 OR ABOVE: 0 0.10 INCH OR MORE: 12
MIN 32 OR BELOW: 6 0.50 INCH OR MORE: 3
MIN 0 OR BELOW: 0 1.00 INCH OR MORE: 1
[HDD (BASE 65) ]
TOTAL THIS MO. 398 CLEAR (SCALE 0-3) 5
DPTR FM NORMAL -202 PTCLDY (SCALE 4-7) 10
TOTAL FM JUL 1 633 CLOUDY (SCALE 8-10) 16
DPTR FM NORMAL -315
[CDD (BASE 65) ]
TOTAL THIS MO. 1
DPTR FM NORMAL 1 [PRESSURE DATA]
TOTAL FM JAN 1 426 HIGHEST SLP M ON M
DPTR FM NORMAL 181 LOWEST SLP 29.36 ON 31
[REMARKS]
#FINAL-10-21#