000
CXUS54 KFWD 010832
CF6MWL
PRELIMINARY LOCAL CLIMATOLOGICAL DATA (WS FORM: F-6)
STATION: MINERAL WELLS
MONTH: DECEMBER
YEAR: 2023
LATITUDE: 32 46 N
LONGITUDE: 98 4 W
TEMPERATURE IN F: :PCPN: SNOW: WIND :SUNSHINE: SKY :PK WND
================================================================================
1 2 3 4 5 6A 6B 7 8 9 10 11 12 13 14 15 16 17 18
12Z AVG MX 2MIN
DY MAX MIN AVG DEP HDD CDD WTR SNW DPTH SPD SPD DIR MIN PSBL S-S WX SPD DR
================================================================================
1 62 40 51 1 14 0 0.00 M M 6.6 20 330 M M 0 24 330
2 73 41 57 7 8 0 0.03 M M 6.0 22 230 M M 3 8 29 220
3 75 32 54 5 11 0 0.00 M M 8.9 22 220 M M 0 30 250
4 64 35 50 1 15 0 0.00 M M 4.6 10 150 M M 0 13 140
5 72 35 54 5 11 0 0.00 M M 3.3 9 340 M M 0 17 350
6 69 35 52 4 13 0 0.00 M M 6.8 17 160 M M 0 20 150
7 72 42 57 9 8 0 0.00 M M 12.1 22 180 M M 1 30 170
8 83 53 68 20 0 3 0.00 M M 9.7 21 250 M M 1 29 240
9 64 37 51 3 14 0 0.00 M M 10.3 24 340 M M 0 31 330
10 55 29 42 -5 23 0 0.00 M M 7.9 13 150 M M 0 19 250
11 65 31 48 1 17 0 0.00 M M 6.5 10 140 M M 0 16 150
12 65 38 52 5 13 0 0.00 M M 9.2 17 130 M M 3 23 130
13 59 48 54 7 11 0 0.01 M M 10.5 22 130 M M 10 29 120
14 62 47 55 9 10 0 T M M 10.9 18 140 M M 6 28 130
15 60 40 50 4 15 0 0.63 M M 7.2 20 150 M M 8 13 29 160
16 61 37 49 3 16 0 0.00 M M 6.9 18 310 M M 0 1 22 310
17 72 31 52 6 13 0 0.00 M M 2.8 9 270 M M 0 14 250
18 64 37 51 5 14 0 0.00 M M 6.1 15 40 M M 0 22 50
19 64 36 50 4 15 0 0.00 M M 9.7 16 120 M M 0 23 170
20 64 46 55 9 10 0 0.00 M M 10.1 16 180 M M 6 1 23 160
21 60 57 59 14 6 0 0.69 M M 10.4 15 130 M M 10 1 20 140
22 73 55 64 19 1 0 T M M 7.2 14 140 M M 6 12 18 150
23 68 58 63 18 2 0 0.51 M M 10.4 20 140 M M 9 123 26 150
24 70 43 57 12 8 0 0.14 M M 13.4 31 320 M M 7 1 47 320
25 51 30 41 -4 24 0 0.00 M M 11.8 23 330 M M 0 32 320
26 60 26 43 -2 22 0 0.00 M M 7.5 20 190 M M 0 26 220
27 53 32 43 -2 22 0 0.00 M M 8.1 22 340 M M 2 30 310
28 53 32 43 -2 22 0 T M M 8.0 18 10 M M 6 25 10
29 58 30 44 -1 21 0 0.00 M M 8.8 18 310 M M 0 26 300
30 69 27 48 3 17 0 0.00 M M 4.1 12 210 M M 0 14 220
31 68 34 51 6 14 0 0.00 M M 4.6 13 10 M M 0 20 10
================================================================================
SM 2008 1194 410 3 2.01 M 250.4 M 78
================================================================================
AV 64.8 38.5 8.1 FASTST M M 3 MAX(MPH)
MISC ----> 31 320 47 320
================================================================================
NOTES:
# LAST OF SEVERAL OCCURRENCES
COLUMN 17 PEAK WIND IN M.P.H.
PRELIMINARY LOCAL CLIMATOLOGICAL DATA (WS FORM: F-6) , PAGE 2
STATION: MINERAL WELLS
MONTH: DECEMBER
YEAR: 2023
LATITUDE: 32 46 N
LONGITUDE: 98 4 W
[TEMPERATURE DATA] [PRECIPITATION DATA] SYMBOLS USED IN COLUMN 16
AVERAGE MONTHLY: 51.6 TOTAL FOR MONTH: 2.01 1 = FOG OR MIST
DPTR FM NORMAL: 5.1 DPTR FM NORMAL: 0.12 2 = FOG REDUCING VISIBILITY
HIGHEST: 83 ON 8 GRTST 24HR 0.69 ON 21-21 TO 1/4 MILE OR LESS
LOWEST: 26 ON 26 3 = THUNDER
SNOW, ICE PELLETS, HAIL 4 = ICE PELLETS
TOTAL MONTH: M 5 = HAIL
GRTST 24HR M ON M 6 = FREEZING RAIN OR DRIZZLE
GRTST DEPTH: M ON M 7 = DUSTSTORM OR SANDSTORM:
VSBY 1/2 MILE OR LESS
8 = SMOKE OR HAZE
[NO. OF DAYS WITH] [WEATHER - DAYS WITH] 9 = BLOWING SNOW
X = TORNADO
MAX 32 OR BELOW: 0 0.01 INCH OR MORE: 6
MAX 90 OR ABOVE: 0 0.10 INCH OR MORE: 4
MIN 32 OR BELOW: 10 0.50 INCH OR MORE: 3
MIN 0 OR BELOW: 0 1.00 INCH OR MORE: 0
[HDD (BASE 65) ]
TOTAL THIS MO. 410 CLEAR (SCALE 0-3) 22
DPTR FM NORMAL -166 PTCLDY (SCALE 4-7) 6
TOTAL FM JUL 1 763 CLOUDY (SCALE 8-10) 3
DPTR FM NORMAL -227
[CDD (BASE 65) ]
TOTAL THIS MO. 3
DPTR FM NORMAL 1 [PRESSURE DATA]
TOTAL FM JAN 1 3348 HIGHEST SLP 30.45 ON 14
DPTR FM NORMAL 860 LOWEST SLP 29.61 ON 8
[REMARKS]
#FINAL-12-23#