000
CXUS56 KSGX 011145
CF6RIV
PRELIMINARY LOCAL CLIMATOLOGICAL DATA (WS FORM: F-6)
STATION: RIVERSIDE/MARCH ARB CA
MONTH: FEBRUARY
YEAR: 2023
LATITUDE: 33 53 N
LONGITUDE: 117-15 E
TEMPERATURE IN F: :PCPN: SNOW: WIND :SUNSHINE: SKY :PK WND
================================================================================
1 2 3 4 5 6A 6B 7 8 9 10 11 12 13 14 15 16 17 18
12Z AVG MX 2MIN
DY MAX MIN AVG DEP HDD CDD WTR SNW DPTH SPD SPD DIR MIN PSBL S-S WX SPD DR
================================================================================
1 63 30 47 M 18 0 0.00 M M 4.2 12 320 M M 0 M M
2 67 28 48 M 17 0 0.00 M M 1.9 9 80 M M 0 M M
3 67 37 52 M 13 0 0.00 M M 1.9 7 280 M M 1 M M
4 69 32 51 M 14 0 0.00 M M 1.9 8 290 M M 0 M M
5 61 37 49 M 16 0 T M M 3.6 10 130 M M 3 M M
6 62 39 51 M 14 0 T M M 12.1 28 330 M M 1 1 39 330
7 66 34 50 M 15 0 0.00 M M 3.2 10 330 M M 0 M M
8 70 33 52 M 13 0 0.00 M M 2.1 12 330 M M 0 M M
9 73 34 54 M 11 0 0.00 M M 4.3 16 80 M M 0 21 90
10 69 51 60 M 5 0 0.00 M M 11.3 20 80 M M 0 25 80
11 59 39 49 M 16 0 0.00 M M 6.9 23 160 M M 2 M M
12 56 31 44 M 21 0 0.00 M M 3.7 10 320 M M 2 M M
13 58 39 49 M 16 0 0.00 M M 4.8 9 130 M M 5 M M
14 53 35 44 M 21 0 0.11 M M 5.5 16 210 M M 6 1 18 180
15 56 32 44 M 21 0 0.00 M M 10.8 21 20 M M 0 31 340
16 58 24 41 M 24 0 0.00 M M 4.9 15 80 M M 2 M M
17 62 36 49 M 16 0 0.00 M M 9.2 18 80 M M 1 20 110
18 65 31 48 M 17 0 0.00 M M 2.8 10 340 M M 1 18 340
19 68 29 49 M 16 0 0.00 M M 2.5 14 180 M M 1 17 180
20 73 34 54 M 11 0 0.00 M M 2.7 12 300 M M 0 M M
21 68 36 52 M 13 0 T M M 5.8 18 250 M M 3 29 250
22 52 39 46 M 19 0 T M M 12.1 20 240 M M 4 28 250
23 45 36 41 M 24 0 0.27 M M 5.6 17 300 M M 8 1 24 270
24 53 36 45 M 20 0 0.38 M M 13.4 23 150 M M 9 1 32 170
25 49 36 43 M 22 0 1.32 M M 8.4 23 150 M M 9 1 32 150
26 47 35 41 M 24 0 T M M 1.4 7 340 M M 8 M M
27 51 31 41 M 24 0 0.02 M M 4.0 13 190 M M 6 M M
28 53 42 48 M 17 0 0.19 M M 4.4 9 280 M M 7 M M
================================================================================
SM 1693 976 478 0 2.29 M 155.3 M 79
================================================================================
AV 60.5 34.9 5.5 FASTST M M 3 MAX(MPH)
MISC ----> 28 330 39 330
================================================================================
NOTES:
# LAST OF SEVERAL OCCURRENCES
COLUMN 17 PEAK WIND IN M.P.H.
PRELIMINARY LOCAL CLIMATOLOGICAL DATA (WS FORM: F-6) , PAGE 2
STATION: RIVERSIDE/MARCH ARB CA
MONTH: FEBRUARY
YEAR: 2023
LATITUDE: 33 53 N
LONGITUDE: 117-15 E
[TEMPERATURE DATA] [PRECIPITATION DATA] SYMBOLS USED IN COLUMN 16
AVERAGE MONTHLY: 47.7 TOTAL FOR MONTH: 2.29 1 = FOG OR MIST
DPTR FM NORMAL: 0.0 DPTR FM NORMAL: 2.29 2 = FOG REDUCING VISIBILITY
HIGHEST: 73 ON 20, 9 GRTST 24HR 1.32 ON 25-25 TO 1/4 MILE OR LESS
LOWEST: 24 ON 16 3 = THUNDER
SNOW, ICE PELLETS, HAIL 4 = ICE PELLETS
TOTAL MONTH: M 5 = HAIL
GRTST 24HR M ON M 6 = FREEZING RAIN OR DRIZZLE
GRTST DEPTH: M ON M 7 = DUSTSTORM OR SANDSTORM:
VSBY 1/2 MILE OR LESS
8 = SMOKE OR HAZE
[NO. OF DAYS WITH] [WEATHER - DAYS WITH] 9 = BLOWING SNOW
X = TORNADO
MAX 32 OR BELOW: 0 0.01 INCH OR MORE: 6
MAX 90 OR ABOVE: 0 0.10 INCH OR MORE: 5
MIN 32 OR BELOW: 9 0.50 INCH OR MORE: 1
MIN 0 OR BELOW: 0 1.00 INCH OR MORE: 1
[HDD (BASE 65) ]
TOTAL THIS MO. 478 CLEAR (SCALE 0-3) 18
DPTR FM NORMAL M PTCLDY (SCALE 4-7) 8
TOTAL FM JUL 1 1743 CLOUDY (SCALE 8-10) 2
DPTR FM NORMAL M
[CDD (BASE 65) ]
TOTAL THIS MO. 0
DPTR FM NORMAL M [PRESSURE DATA]
TOTAL FM JAN 1 0 HIGHEST SLP M ON M
DPTR FM NORMAL M LOWEST SLP M ON M
[REMARKS]
#FINAL-02-23#