000
CXUS53 KSGF 010810
CF6VIH
PRELIMINARY LOCAL CLIMATOLOGICAL DATA (WS FORM: F-6)
STATION: VICHY-ROLLA MO
MONTH: NOVEMBER
YEAR: 2021
LATITUDE: 38 7 N
LONGITUDE: 91 46 W
TEMPERATURE IN F: :PCPN: SNOW: WIND :SUNSHINE: SKY :PK WND
================================================================================
1 2 3 4 5 6A 6B 7 8 9 10 11 12 13 14 15 16 17 18
12Z AVG MX 2MIN
DY MAX MIN AVG DEP HDD CDD WTR SNW DPTH SPD SPD DIR MIN PSBL S-S WX SPD DR
================================================================================
1 48 38 43 -8 22 0 0.01 M M 4.8 10 60 M M 8 13 360
2 50 36 43 -7 22 0 0.00 M M 5.8 10 330 M M 3 16 50
3 52 32 42 -8 23 0 0.00 M M 1.8 9 140 M M 0 8 13 130
4 53 30 42 -8 23 0 0.00 M M 4.2 10 140 M M 3 14 140
5 54 31 43 -6 22 0 0.00 M M 7.1 12 170 M M 0 16 110
6 62 35 49 0 16 0 0.00 M M 7.4 13 220 M M 0 16 230
7 70 40 55 7 10 0 0.00 M M 10.7 17 180 M M 0 24 190
8 76 48 62 14 3 0 0.00 M M 12.4 21 210 M M 0 29 210
9 66 52 59 11 6 0 0.00 M M 7.3 13 220 M M 3 17 220
10 70 50 60 13 5 0 0.00 M M 9.7 22 170 M M 6 32 170
11 59 35 47 0 18 0 0.03 M M 13.6 26 250 M M 5 1 39 250
12 48 34 41 -5 24 0 T M M 14.9 29 270 M M 5 40 280
13 43 32 38 -8 27 0 T M M 9.4 20 290 M M 7 25 290
14 52 34 43 -3 22 0 0.02 M M 10.6 24 300 M M 3 34 290
15 67 34 51 6 14 0 0.00 M M 10.7 25 210 M M 3 32 200
16 78 47 63 18 2 0 0.00 M M 13.0 26 180 M M 0 39 190
17 69 41 55 11 10 0 0.01 M M 12.1 24 320 M M 7 32 320
18 49 24 37 -7 28 0 0.00 M M 9.4 25 290 M M 0 35 270
19 51 23 37 -7 28 0 0.00 M M 10.2 18 170 M M 1 26 160
20 63 41 52 9 13 0 0.00 M M 10.3 17 180 M M 4 22 170
21 61 37 49 6 16 0 0.00 M M 9.7 16 360 M M 4 24 10
22 44 27 36 -6 29 0 0.00 M M 4.5 12 130 M M 2 8 16 360
23 56 31 44 2 21 0 0.00 M M 12.8 20 170 M M 0 27 180
24 64 44 54 12 11 0 0.12 M M 16.7 29 200 M M 4 1 40 180
25 54 23 39 -2 26 0 0.36 M M 11.6 23 320 M M 5 1 29 320
26 51 18 35 -6 30 0 0.00 M M 7.6 16 210 M M 1 22 200
27 61 40 51 10 14 0 0.00 M M 10.8 20 230 M M 0 25 230
28 53 30 42 2 23 0 0.00 M M 6.1 15 10 M M 0 20 10
29 63 29 46 6 19 0 0.00 M M 11.9 21 190 M M 0 27 190
30 59 37 48 8 17 0 0.00 M M 5.9 14 130 M M 1 19 130
================================================================================
SM 1746 1053 544 0 0.55 M 283.0 M 75
================================================================================
AV 58.2 35.1 9.4 FASTST M M 3 MAX(MPH)
MISC ----> # 29 270 # 40 280
================================================================================
NOTES:
# LAST OF SEVERAL OCCURRENCES
COLUMN 17 PEAK WIND IN M.P.H.
PRELIMINARY LOCAL CLIMATOLOGICAL DATA (WS FORM: F-6) , PAGE 2
STATION: VICHY-ROLLA MO
MONTH: NOVEMBER
YEAR: 2021
LATITUDE: 38 7 N
LONGITUDE: 91 46 W
[TEMPERATURE DATA] [PRECIPITATION DATA] SYMBOLS USED IN COLUMN 16
AVERAGE MONTHLY: 46.7 TOTAL FOR MONTH: 0.55 1 = FOG OR MIST
DPTR FM NORMAL: 1.6 DPTR FM NORMAL: -2.90 2 = FOG REDUCING VISIBILITY
HIGHEST: 78 ON 16 GRTST 24HR 0.48 ON 24-25 TO 1/4 MILE OR LESS
LOWEST: 18 ON 26 3 = THUNDER
SNOW, ICE PELLETS, HAIL 4 = ICE PELLETS
TOTAL MONTH: M 5 = HAIL
GRTST 24HR M ON M 6 = FREEZING RAIN OR DRIZZLE
GRTST DEPTH: M ON M 7 = DUSTSTORM OR SANDSTORM:
VSBY 1/2 MILE OR LESS
8 = SMOKE OR HAZE
[NO. OF DAYS WITH] [WEATHER - DAYS WITH] 9 = BLOWING SNOW
X = TORNADO
MAX 32 OR BELOW: 0 0.01 INCH OR MORE: 6
MAX 90 OR ABOVE: 0 0.10 INCH OR MORE: 2
MIN 32 OR BELOW: 12 0.50 INCH OR MORE: 0
MIN 0 OR BELOW: 0 1.00 INCH OR MORE: 0
[HDD (BASE 65) ]
TOTAL THIS MO. 544 CLEAR (SCALE 0-3) 17
DPTR FM NORMAL -57 PTCLDY (SCALE 4-7) 13
TOTAL FM JUL 1 744 CLOUDY (SCALE 8-10) 0
DPTR FM NORMAL -192
[CDD (BASE 65) ]
TOTAL THIS MO. 0
DPTR FM NORMAL -3 [PRESSURE DATA]
TOTAL FM JAN 1 1409 HIGHEST SLP M ON M
DPTR FM NORMAL 102 LOWEST SLP 29.66 ON 11
[REMARKS]
#FINAL-11-21#